MONTHLY CLIMATOLOGICAL SUMMARY for feb 2024 NAME: Loka pri Mengšu ELEV: 310 m LAT: 46-09.15 N LONG: 14-33.67 E TEMPERATURE (°C), RAIN (mm), WIND SPEED (km/h) HEAT COOL AVG MEAN DEG DEG WIND DOM DAY TEMP HIGH TIME LOW TIME DAYS DAYS RAIN SPEED HIGH TIME DIR --------------------------------------------------------------------------------------- 01 -1,9 4,2 13:08 -7,7 07:16 19,9 0,0 0,3 0,3 9,4 21:07 116 02 0,6 8,9 13:48 -4,6 05:48 17,4 0,0 0,0 0,3 5,4 10:11 117 03 -0,4 4,8 14:27 -3,6 05:37 18,4 0,0 0,0 0,0 3,6 01:11 99 04 1,8 12,1 15:08 -3,1 07:06 16,2 0,0 0,0 0,3 7,2 13:04 118 05 3,0 14,3 13:53 -2,3 05:40 15,0 0,0 0,0 0,2 7,2 14:24 110 06 5,6 9,8 14:08 -0,6 01:22 12,4 0,0 0,0 0,9 20,2 14:05 156 07 8,0 11,5 14:03 4,9 08:36 10,0 0,0 0,0 0,8 16,6 02:45 175 08 8,4 11,5 10:46 5,3 01:42 9,6 0,0 0,0 0,9 11,2 14:46 171 09 9,8 12,3 12:50 7,7 07:11 8,2 0,0 3,8 1,2 22,0 13:19 161 10 9,4 11,9 13:35 7,8 23:23 8,6 0,0 13,2 0,6 11,2 02:58 141 11 8,7 11,4 14:45 6,8 23:53 9,3 0,0 18,5 0,4 13,0 18:39 267 12 7,6 10,8 13:01 5,0 23:02 10,4 0,0 0,3 0,3 7,2 13:05 124 13 5,1 13,7 15:36 -1,2 23:32 12,9 0,0 0,2 0,5 7,2 09:32 111 14 2,8 13,1 16:23 -4,1 07:16 15,2 0,0 0,0 0,4 9,4 11:07 119 15 3,6 14,4 15:52 -1,7 05:35 14,4 0,0 0,0 0,2 7,2 12:20 120 16 4,5 16,5 15:38 -2,5 06:35 13,5 0,0 0,0 0,4 9,4 11:28 117 17 6,7 15,5 15:03 -1,1 06:17 11,3 0,0 0,0 0,4 13,0 21:16 114 18 7,8 13,8 15:01 1,8 23:55 10,2 0,0 0,0 0,1 7,2 13:04 87 19 4,7 12,6 14:47 0,2 02:54 13,3 0,0 0,0 0,4 7,2 13:12 113 20 5,1 13,5 14:10 0,2 01:47 12,9 0,0 0,3 0,6 9,4 12:09 122 21 5,5 13,9 14:41 -1,4 05:52 12,5 0,0 0,0 0,7 11,2 12:30 122 22 6,8 11,5 09:44 1,1 01:57 11,2 0,0 0,2 1,6 31,3 13:44 228 23 7,6 12,2 18:53 6,3 08:09 10,4 0,0 24,4 1,9 36,7 19:07 149 24 6,3 11,7 13:21 3,2 06:06 11,7 0,0 0,2 0,2 7,2 02:22 124 25 7,5 12,9 13:38 1,0 23:35 10,5 0,0 0,8 0,8 13,0 16:00 122 26 4,0 10,5 16:08 0,1 01:42 14,0 0,0 0,3 0,2 5,4 13:56 113 27 6,1 8,6 15:26 3,1 02:14 11,9 0,0 5,8 0,2 5,4 10:30 129 28 8,3 12,5 16:02 4,8 23:32 9,7 0,0 0,3 0,7 9,4 13:32 130 29 7,7 12,1 15:15 4,1 05:34 10,3 0,0 0,0 0,1 5,4 12:13 126 --------------------------------------------------------------------------------------- 5,5 16,5 16 -7,7 01 361,4 0,0 68,6 0,5 36,7 23 139