Weather Station, Loka pri Mengšu

46° 09.15' N | 14° 33.67' E | 310 m | Show on map

Weather briefly
11.9 °C 99 % 1012 mbar 0.0 km/h 0.0 km/h 0.0 mm
-0.1 °C/h 0 %/h -0 mbar/h N/A ( N/A) N/A ( N/A) 0.0 mm/h

14/08/22 03:05:00 CEST

Climate Summary for

Station:ecowitt-client
Software:weewx v4.8.0
WeeWX uptime:15 d, 11 h, 48 min
Server uptime:15 d, 10 h, 54 min
                     CLIMATOLOGICAL SUMMARY for year 2022


NAME: Loka pri Mengšu                  
ELEV: 310 m    LAT: 46-09.15 N    LONG: 14-33.67 E


                                       TEMPERATURE (°C)

                              HEAT    COOL                              MAX    MAX    MIN    MIN
          MEAN   MEAN         DEG     DEG                                >=     <=     <=     <=
 YR  MO   MAX    MIN    MEAN  DAYS    DAYS      HI  DAY     LOW  DAY     30      0      0    -20
------------------------------------------------------------------------------------------------
2022 01    4,6   -4,8   -0,8  583,0    0,0    12,3   05    -9,8   13      0      5     29      0
2022 02   10,4   -2,0    3,3  410,8    0,0    17,0   23    -6,8   14      0      0     21      0
2022 03   13,6   -3,7    4,6  414,8    0,0    23,5   24    -9,8   13      0      0     27      0
2022 04   16,5    2,4    8,9  271,3    0,0    24,9   14    -1,9   21      0      0      7      0
2022 05   24,5    9,6   16,5   69,9   23,1    30,7   21     4,5   30      1      0      0      0
2022 06   29,7   13,8   21,3    3,7  103,6    36,0   27    10,1   12     13      0      0      0
2022 07   31,1   14,3   22,5    0,0  138,4    38,3   23     8,1   09     19      0      0      0
2022 08   28,8   14,4   22,1    8,4   57,2    37,0   05    10,0   11      6      0      0      0
2022 09
2022 10
2022 11
2022 12
------------------------------------------------------------------------------------------------
          19,3    4,9   11,6 1762,0  322,4    38,3  jul    -9,8  jan     39      5     84      0


                  PRECIPITATION (mm)

                  MAX         ---DAYS OF RAIN---
                  OBS.               OVER
 YR  MO  TOTAL    DAY  DATE   0.30   3.00  30.00
------------------------------------------------
2022 01   31,0   20,0    05      5      2      0
2022 02   45,2   16,5    15      8      4      0
2022 03   34,8   33,3    31      2      1      1
2022 04   89,4   20,1    09     11      8      0
2022 05   58,7   19,1    01     14      6      0
2022 06   50,3   12,4    08     14      6      0
2022 07   50,8   12,4    07     12      6      0
2022 08   25,1   10,6    02      5      3      0
2022 09
2022 10
2022 11
2022 12
------------------------------------------------
         385,3   33,3   mar     71     36      1


           WIND SPEED (km/h)

                                DOM
 YR  MO    AVG     HI   DATE    DIR
-----------------------------------
2022 01    0,6   23,8     05    116 
2022 02    1,5   31,3     28    107 
2022 03    1,7   27,7     13    117 
2022 04    1,7   31,3     17    120 
2022 05    1,2   25,6     01    127 
2022 06    1,4   27,7     20    133 
2022 07    1,7   43,9     28    134 
2022 08    1,6   27,7     09    129 
2022 09
2022 10
2022 11
2022 12
-----------------------------------
           1,4   43,9    jul    126