Weather Station, Loka pri Mengšu

46° 09.15' N | 14° 33.67' E | 310 m | Show on map

Weather briefly
12.1 °C 99 % 1012 mbar 0.0 km/h 0.0 km/h 0.0 mm
-0.7 °C/h 1 %/h -0 mbar/h N/A ( N/A) N/A ( N/A) 0.0 mm/h

14/08/22 02:10:00 CEST

Climate Summary for

Station:ecowitt-client
Software:weewx v4.8.0
WeeWX uptime:15 d, 10 h, 53 min
Server uptime:15 d, 9 h, 59 min
                   MONTHLY CLIMATOLOGICAL SUMMARY for jun 2022


NAME: Loka pri Mengšu                  
ELEV: 310 m    LAT: 46-09.15 N    LONG: 14-33.67 E


                   TEMPERATURE (°C), RAIN (mm), WIND SPEED (km/h)

                                         HEAT   COOL         AVG
      MEAN                               DEG    DEG          WIND                   DOM
DAY   TEMP   HIGH   TIME    LOW   TIME   DAYS   DAYS   RAIN  SPEED   HIGH   TIME    DIR
---------------------------------------------------------------------------------------
 01   19,0   26,9  13:20   10,5  04:25    0,0    1,0    0,0    1,3   14,8  16:30    136
 02   20,1   28,0  13:36   11,6  05:28    0,0    2,1    0,8    1,8   14,8  14:48    133
 03   20,2   27,9  15:29   14,7  05:49    0,0    2,2    0,5    0,8   14,8  12:57    136
 04   23,1   32,5  16:14   14,5  04:40    0,0    5,1    0,2    1,3   20,2  16:22    131
 05   22,5   30,9  14:04   13,7  04:43    0,0    4,5    0,0    1,0   16,6  18:10    130
 06   21,3   27,6  14:03   15,2  05:57    0,0    3,3    1,8    2,0   16,6  15:04    137
 07   19,0   27,7  15:22   12,2  05:24    0,0    1,0    5,6    1,2   14,8  12:30    138
 08   17,5   24,0  17:11   13,1  23:10    0,5    0,0   12,4    0,9   14,8  01:39    134
 09   14,8   17,6  14:57   10,3  04:42    3,2    0,0    2,6    0,7    7,2  07:44    132
 10   18,2   26,9  18:05   13,1  23:48    0,0    0,2    0,0    1,1   11,2  02:17    131
 11   19,6   27,7  17:32   12,1  02:15    0,0    1,6    0,0    1,0   11,2  12:30    129
 12   20,3   30,2  15:55   10,1  04:35    0,0    2,3    0,0    1,7   13,0  11:26    141
 13   19,5   30,7  15:19   11,7  05:15    0,0    1,5    1,2    1,2   18,4  19:05    190
 14   20,1   26,0  15:12   13,3  23:56    0,0    2,1    0,0    2,1   14,8  11:27    134
 15   20,4   29,6  15:50   10,2  04:33    0,0    2,4    0,0    1,6   16,6  18:15    133
 16   20,2   31,5  14:29   13,1  04:45    0,0    2,2    6,4    1,2   25,6  15:43    128
 17   20,7   29,6  15:30   14,2  02:09    0,0    2,7    0,0    1,5   20,2  16:49    122
 18   21,2   29,2  16:34   12,7  05:25    0,0    3,2    0,0    1,6   14,8  16:20    133
 19   22,3   33,3  16:37   11,9  05:09    0,0    4,3    0,2    1,5   16,6  17:34    133
 20   23,4   31,9  14:20   12,3  05:20    0,0    5,4    0,0    1,9   27,7  14:40    135
 21   23,9   34,1  15:29   16,4  03:54    0,0    5,9    0,5    1,6   20,2  13:21    131
 22   23,3   29,8  16:21   18,2  05:35    0,0    5,3    3,6    0,9    9,4  09:39    125
 23   22,9   29,0  15:13   16,3  05:00    0,0    4,9    4,6    1,7   16,6  15:59    126
 24   23,1   29,3  15:15   18,5  05:35    0,0    5,1    8,6    1,1   16,6  18:14    130
 25   21,6   29,3  14:45   14,7  05:14    0,0    3,6    0,8    1,4   16,6  16:13    136
 26   23,4   32,8  17:03   14,6  05:27    0,0    5,4    0,0    1,1   20,2  14:17    128
 27   25,1   36,0  16:18   14,3  05:15    0,0    7,1    0,0    1,2   14,8  14:41    139
 28   23,5   33,0  15:22   15,4  05:26    0,0    5,5    0,0    1,6   18,4  12:03    119
 29   25,1   32,4  13:54   19,1  05:05    0,0    7,1    0,0    1,4   14,8  13:59    130
 30   24,7   34,5  16:24   15,4  05:37    0,0    6,7    0,5    1,5   20,2  15:53    139
---------------------------------------------------------------------------------------
      21,3   36,0     27   10,1     12    3,7  103,6   50,3    1,4   27,7     20    133