Weather Station, Loka pri Mengšu

46° 09.15' N | 14° 33.67' E | 310 m | Show on map

Weather briefly
12.1 °C 99 % 1012 mbar 0.0 km/h 0.0 km/h 0.0 mm
-0.6 °C/h 0 %/h -0 mbar/h N/A ( N/A) N/A ( N/A) 0.0 mm/h

14/08/22 02:30:00 CEST

Climate Summary for

Station:ecowitt-client
Software:weewx v4.8.0
WeeWX uptime:15 d, 11 h, 13 min
Server uptime:15 d, 10 h, 19 min
                   MONTHLY CLIMATOLOGICAL SUMMARY for maj 2022


NAME: Loka pri Mengšu                  
ELEV: 310 m    LAT: 46-09.15 N    LONG: 14-33.67 E


                   TEMPERATURE (°C), RAIN (mm), WIND SPEED (km/h)

                                         HEAT   COOL         AVG
      MEAN                               DEG    DEG          WIND                   DOM
DAY   TEMP   HIGH   TIME    LOW   TIME   DAYS   DAYS   RAIN  SPEED   HIGH   TIME    DIR
---------------------------------------------------------------------------------------
 01   10,8   19,4  13:19    6,9  00:21    7,2    0,0   19,1    1,2   25,6  14:10    103
 02   12,9   20,4  17:20    9,3  06:05    5,1    0,0    7,8    1,1   22,0  18:46     91
 03   13,1   22,7  15:22    5,3  04:56    4,9    0,0    0,0    1,3   20,2  16:17    114
 04   13,9   25,0  14:00    4,8  05:11    4,1    0,0    0,0    1,1   18,4  17:54    135
 05   14,0   22,4  13:21    4,9  06:00    4,0    0,0    0,0    0,8   13,0  14:10    132
 06   12,6   15,2  14:05   10,3  05:39    5,4    0,0    0,6    0,3    7,2  16:00     98
 07   12,9   15,1  13:22   11,5  05:50    5,1    0,0    8,3    0,2    5,4  12:13     93
 08   15,0   20,8  17:01   10,4  22:18    3,0    0,0    0,3    1,3   20,2  12:13    104
 09   14,7   24,0  16:17    8,2  02:50    3,3    0,0    0,8    1,4   16,6  14:25    148
 10   15,6   25,6  15:25    6,9  04:35    2,4    0,0    0,0    0,9   13,0  16:29    112
 11   17,5   29,1  14:39    7,3  05:33    0,5    0,0    0,0    1,2   23,8  15:58    133
 12   19,1   29,5  13:50    9,2  05:14    0,0    1,1    0,0    1,2   22,0  17:03    129
 13   18,5   28,5  16:56    9,2  05:41    0,0    0,5    1,2    0,9   14,8  15:27    113
 14   18,0   25,9  15:55   12,1  23:40    0,0    0,0    0,3    1,1   14,8  12:07    126
 15   19,1   28,3  17:10   10,6  05:36    0,0    1,1    0,2    1,1   11,2  14:34    120
 16   19,6   29,8  13:59   10,7  04:51    0,0    1,6    0,0    1,5   18,4  14:36    142
 17   19,9   28,2  16:58   14,0  23:56    0,0    1,9    0,0    0,8   11,2  17:32    121
 18   17,0   24,0  16:09    9,7  23:59    1,0    0,0    0,0    2,6   22,0  12:20    134
 19   15,9   27,5  16:40    4,6  05:52    2,1    0,0    0,0    1,3   14,8  11:50    132
 20   18,9   29,8  15:47    7,9  05:11    0,0    0,9    0,0    1,7   18,4  16:51    135
 21   20,2   30,7  15:31   11,7  03:56    0,0    2,2    0,0    1,0   16,6  15:49    131
 22   20,5   27,7  16:05   14,2  02:59    0,0    2,5    2,3    1,2   14,8  07:03    114
 23   20,2   26,2  15:09   15,8  05:45    0,0    2,2    0,0    0,7   14,8  11:12    124
 24   20,8   28,2  14:39   13,5  05:45    0,0    2,8    0,0    1,1   18,4  16:14    127
 25   19,9   29,1  14:46   13,9  05:37    0,0    1,9    0,8    1,4   22,0  14:52    127
 26   19,4   26,1  16:01   15,1  23:20    0,0    1,4    0,0    1,2   13,0  01:51    124
 27   21,0   29,8  17:15   11,9  05:35    0,0    3,0    4,8    1,3   16,6  16:44    138
 28   13,5   17,4  00:07   10,7  23:44    4,5    0,0    6,4    1,9   18,4  03:55    132
 29   10,2   11,9  11:49    6,0  23:52    7,8    0,0    5,1    1,2   14,8  14:43    130
 30   10,3   15,3  15:28    4,5  02:25    7,7    0,0    0,7    1,6   16,6  12:24    145
 31   16,2   26,5  17:11    8,0  01:45    1,8    0,0    0,0    1,5   14,8  15:28    137
---------------------------------------------------------------------------------------
      16,5   30,7     21    4,5     30   69,9   23,1   58,7    1,2   25,6     01    127