Weather Station, Loka pri Mengšu

46° 09.15' N | 14° 33.67' E | 310 m | Show on map

Weather briefly
12.1 °C 99 % 1012 mbar 0.0 km/h 0.0 km/h 0.0 mm
-0.4 °C/h 0 %/h -0 mbar/h N/A ( N/A) N/A ( N/A) 0.0 mm/h

14/08/22 02:45:00 CEST

Climate Summary for

Station:ecowitt-client
Software:weewx v4.8.0
WeeWX uptime:15 d, 11 h, 28 min
Server uptime:15 d, 10 h, 34 min
                   MONTHLY CLIMATOLOGICAL SUMMARY for apr 2022


NAME: Loka pri Mengšu                  
ELEV: 310 m    LAT: 46-09.15 N    LONG: 14-33.67 E


                   TEMPERATURE (°C), RAIN (mm), WIND SPEED (km/h)

                                         HEAT   COOL         AVG
      MEAN                               DEG    DEG          WIND                   DOM
DAY   TEMP   HIGH   TIME    LOW   TIME   DAYS   DAYS   RAIN  SPEED   HIGH   TIME    DIR
---------------------------------------------------------------------------------------
 01    7,7   12,2  14:24    5,2  05:05   10,3    0,0    3,3    0,8   14,8  20:15    130
 02    2,9    7,6  00:26    0,3  11:33   15,1    0,0   18,3    1,9   16,6  06:36    110
 03    4,0    8,8  16:19   -0,4  05:56   14,0    0,0    0,0    1,6   16,6  15:50    130
 04    4,8   10,6  16:41    0,4  22:00   13,2    0,0    0,0    1,9   14,8  12:21    104
 05    6,8   15,2  15:21   -0,5  05:59   11,2    0,0    0,0    2,0   27,7  15:25    203
 06    8,7   19,3  15:12   -1,3  06:32    9,3    0,0    0,0    1,4   18,4  14:53    143
 07   10,3   19,9  14:47    1,9  06:42    7,7    0,0    0,0    2,0   27,7  16:23    160
 08   10,9   16,6  14:31    4,9  04:49    7,1    0,0    0,0    1,8   22,0  14:39    182
 09    7,6   14,6  10:35    0,4  23:57   10,4    0,0   20,1    1,4   14,8  04:44    137
 10    4,7   13,7  16:34   -0,9  01:25   13,3    0,0    0,2    1,5   16,6  17:09    127
 11    7,1   17,0  15:25   -1,3  06:48   10,9    0,0    0,0    1,8   22,0  15:57    152
 12    9,4   20,2  15:05   -0,9  06:19    8,6    0,0    0,0    1,9   25,6  16:34    140
 13   11,0   22,2  16:24    0,5  06:21    7,0    0,0    0,0    1,0   11,2  11:52    112
 14   13,2   24,9  16:31    2,4  06:35    4,8    0,0    0,0    1,2   22,0  18:01    118
 15   11,5   20,7  12:49    3,3  05:52    6,5    0,0    1,5    0,6   11,2  13:50    107
 16   10,9   18,7  12:52    6,1  23:53    7,1    0,0    0,3    3,3   29,5  15:59     99
 17    9,1   14,8  15:59    4,5  06:44    8,9    0,0    0,0    5,9   31,3  12:27     85
 18    8,7   15,7  15:45    0,3  06:32    9,3    0,0    0,0    2,8   29,5  12:32     95
 19    8,2   14,9  14:38    3,1  06:30    9,8    0,0    3,3    1,2   20,2  21:53     99
 20    6,7   14,8  16:17    0,9  03:50   11,3    0,0    0,0    1,7   16,6  13:41    128
 21    7,2   14,5  15:40   -1,9  06:01   10,8    0,0    0,0    1,0   14,8  12:51    124
 22    9,1   12,1  17:40    7,4  04:47    8,9    0,0   18,0    0,4    7,2  09:36     85
 23   11,6   17,0  14:42    8,7  22:45    6,4    0,0    3,1    0,7   20,2  16:19    131
 24   12,4   18,6  14:39    7,9  23:42    5,6    0,0    1,0    2,6   23,8  13:02    228
 25   10,8   17,8  14:07    3,3  06:30    7,2    0,0    0,0    1,4   18,4  12:51    172
 26   10,4   17,0  12:32    4,0  02:36    7,6    0,0    6,6    0,8   11,2  23:20     13
 27    9,7   15,4  14:52    5,6  23:40    8,3    0,0   13,5    1,9   14,8  16:34    133
 28   10,2   19,5  16:20    3,2  03:29    7,8    0,0    0,2    1,6   20,2  14:34    107
 29   11,1   19,9  16:43    1,1  05:48    6,9    0,0    0,0    2,1   23,8  10:39    100
 30   12,1   21,2  15:13    2,5  05:06    5,9    0,0    0,0    1,8   18,4  14:02    131
---------------------------------------------------------------------------------------
       8,9   24,9     14   -1,9     21  271,3    0,0   89,4    1,7   31,3     17    120