Weather Station, Loka pri Mengšu

46° 09.15' N | 14° 33.67' E | 310 m | Show on map

Weather briefly
11.9 °C 99 % 1012 mbar 0.0 km/h 0.0 km/h 0.0 mm
-0.1 °C/h 0 %/h -0 mbar/h N/A ( N/A) N/A ( N/A) 0.0 mm/h

14/08/22 03:05:00 CEST

Climate Summary for

Station:ecowitt-client
Software:weewx v4.8.0
WeeWX uptime:15 d, 11 h, 48 min
Server uptime:15 d, 10 h, 54 min
                   MONTHLY CLIMATOLOGICAL SUMMARY for mar 2022


NAME: Loka pri Mengšu                  
ELEV: 310 m    LAT: 46-09.15 N    LONG: 14-33.67 E


                   TEMPERATURE (°C), RAIN (mm), WIND SPEED (km/h)

                                         HEAT   COOL         AVG
      MEAN                               DEG    DEG          WIND                   DOM
DAY   TEMP   HIGH   TIME    LOW   TIME   DAYS   DAYS   RAIN  SPEED   HIGH   TIME    DIR
---------------------------------------------------------------------------------------
 01    1,8    9,1  14:04   -4,9  23:35   16,2    0,0    0,0    1,9   25,6  11:51    113
 02    0,0   10,9  15:36   -7,7  05:59   18,0    0,0    0,0    0,8   11,2  12:21    117
 03    1,6   13,4  15:38   -7,7  06:42   16,4    0,0    0,0    0,8   11,2  14:05    118
 04    2,5    9,4  14:08   -5,4  06:26   15,5    0,0    0,0    2,1   18,4  15:18    108
 05    0,4    5,7  12:00   -6,2  06:53   17,6    0,0    0,0    2,1   25,6  12:01     70
 06    2,2    6,5  11:56   -1,2  23:23   15,8    0,0    0,0    3,2   23,8  14:51     98
 07    0,3    6,5  13:35   -6,2  06:56   17,7    0,0    0,0    2,2   18,4  21:11    117
 08    0,9    8,3  15:41   -5,3  23:42   17,1    0,0    0,0    1,7   25,6  12:43     79
 09    1,3   13,0  15:30   -7,4  06:50   16,7    0,0    0,0    0,9   11,2  11:13    126
 10    3,2   13,0  13:41   -6,2  06:07   14,8    0,0    0,0    2,3   22,0  17:46    122
 11    2,0    7,7  14:24   -4,9  22:59   16,0    0,0    0,0    2,1   16,6  13:06    107
 12   -1,0    8,4  14:39   -9,7  06:07   19,0    0,0    0,0    1,3   18,4  13:43    137
 13    0,6   11,9  15:05   -9,8  06:15   17,4    0,0    0,0    1,8   27,7  13:37    166
 14    3,6   14,1  15:47   -6,3  05:38   14,4    0,0    0,0    2,0   22,0  13:28    157
 15    4,3   11,9  13:09   -3,5  04:55   13,7    0,0    0,0    1,3   13,0  12:56    170
 16    9,9   15,5  14:55    5,1  23:45    8,1    0,0    0,0    2,9   23,8  10:35    207
 17    8,2   14,5  13:49    2,7  06:55    9,8    0,0    0,0    1,7   20,2  15:11    116
 18    6,2   12,4  13:24   -0,9  23:54   11,8    0,0    0,0    2,9   23,8  12:02     98
 19    4,6   13,1  14:25   -4,4  06:10   13,4    0,0    0,0    2,2   20,2  10:25     85
 20    5,1   12,0  13:27   -2,2  23:28   12,9    0,0    0,0    2,6   25,6  11:42     84
 21    3,4   13,6  15:21   -5,9  04:19   14,6    0,0    0,0    1,5   16,6  16:39    114
 22    4,5   17,4  15:28   -6,3  05:56   13,5    0,0    0,0    1,0   14,8  12:16    130
 23    6,6   21,2  15:43   -5,1  04:57   11,4    0,0    0,0    1,0   11,2  12:49    125
 24    8,6   23,5  15:14   -4,5  06:12    9,4    0,0    0,0    1,0    9,4  10:21    112
 25    8,9   21,6  15:15   -2,9  06:11    9,1    0,0    0,0    0,8   14,8  13:14    118
 26    9,1   21,9  15:36   -2,3  06:00    8,9    0,0    0,0    1,0   11,2  14:30    126
 27    9,5   22,0  16:07   -2,2  06:45    8,5    0,0    0,0    1,0   11,2  13:05    120
 28   10,0   23,4  15:21   -1,3  07:18    8,0    0,0    0,0    1,7   23,8  16:49    163
 29    9,6   19,6  15:23   -0,3  05:58    8,4    0,0    0,0    1,9   25,6  15:48    175
 30    8,3   12,8  13:53    3,4  06:40    9,7    0,0    1,5    0,6   11,2  16:39    117
 31    7,1    8,4  10:29    5,6  22:25   10,9    0,0   33,3    1,7   11,2  11:24    319
---------------------------------------------------------------------------------------
       4,6   23,5     24   -9,8     13  414,8    0,0   34,8    1,7   27,7     13    117