Weather Station, Loka pri Mengšu

46° 09.15' N | 14° 33.67' E | 310 m | Show on map

Weather briefly
11.6 °C 99 % 1012 mbar 0.0 km/h 0.0 km/h 0.0 mm
-1.0 °C/h 0 %/h -0 mbar/h N/A ( N/A) N/A ( N/A) 0.0 mm/h

14/08/22 03:20:00 CEST

Climate Summary for

Station:ecowitt-client
Software:weewx v4.8.0
WeeWX uptime:15 d, 12 h, 3 min
Server uptime:15 d, 11 h, 9 min
                   MONTHLY CLIMATOLOGICAL SUMMARY for feb 2022


NAME: Loka pri Mengšu                  
ELEV: 310 m    LAT: 46-09.15 N    LONG: 14-33.67 E


                   TEMPERATURE (°C), RAIN (mm), WIND SPEED (km/h)

                                         HEAT   COOL         AVG
      MEAN                               DEG    DEG          WIND                   DOM
DAY   TEMP   HIGH   TIME    LOW   TIME   DAYS   DAYS   RAIN  SPEED   HIGH   TIME    DIR
---------------------------------------------------------------------------------------
 01    0,4    4,1  14:35   -3,0  22:59   17,6    0,0    0,0    1,7   18,4  13:13    145
 02    3,4   11,4  16:00   -3,0  04:00   14,6    0,0    0,0    2,4   27,7  22:38    271
 03    1,0    7,8  15:12   -3,9  07:32   17,0    0,0    0,0    0,6    9,4  00:04    111
 04    3,5   12,4  14:04   -1,5  06:33   14,5    0,0    0,0    0,8   16,6  13:24    164
 05    4,7   13,2  14:32   -1,9  07:28   13,3    0,0    0,0    1,2   13,0  14:15     79
 06    2,6    7,4  18:55   -4,4  07:04   15,4    0,0    0,0    0,8   16,6  18:49    216
 07    6,7   11,3  10:58    3,1  23:57   11,3    0,0    1,3    3,2   29,5  06:41    291
 08    3,5   13,3  15:08   -2,5  23:50   14,5    0,0    0,0    1,7   23,8  02:07     72
 09    2,6   15,1  16:11   -4,5  06:53   15,4    0,0    0,0    0,6    7,2  11:09    114
 10    1,9   12,6  13:34   -5,3  06:58   16,1    0,0    0,0    1,1   22,0  14:00    152
 11    4,5   12,9  14:07   -1,2  06:16   13,5    0,0    1,2    1,6   20,2  15:11    142
 12    1,3    7,9  12:57   -4,3  23:24   16,7    0,0    0,0    1,3   16,6  12:11    116
 13    0,5    8,3  14:13   -5,0  23:56   17,5    0,0    0,0    0,8   13,0  13:27    125
 14    1,0    8,1  13:12   -6,8  05:09   17,0    0,0    0,0    1,4   16,6  13:01    163
 15    4,5    6,1  00:00    1,9  05:26   13,5    0,0   16,5    1,0   14,8  19:38    293
 16    3,2    7,3  15:24    1,4  22:46   14,8    0,0    0,0    0,6   11,2  13:12     79
 17    4,3    9,8  12:40   -0,1  07:23   13,7    0,0    0,0    1,8   20,2  11:18    277
 18    5,6   14,4  14:25   -3,0  07:06   12,4    0,0    0,3    1,4   16,6  15:05    230
 19    7,4   10,0  02:09    4,3  23:22   10,6    0,0   13,2    1,3   14,8  02:26    224
 20    4,7    7,6  14:02    1,6  21:06   13,3    0,0    0,2    0,7    9,4  10:58    130
 21    4,0    9,6  12:40    0,8  23:59   14,0    0,0    4,3    0,6   13,0  14:39    103
 22    2,8   12,8  15:31   -1,9  23:55   15,2    0,0    0,3    1,3   27,7  16:34    122
 23    3,6   17,0  16:11   -3,6  03:38   14,4    0,0    0,0    0,7    9,4  11:38    119
 24    4,6   15,5  13:58   -3,7  06:27   13,4    0,0    0,0    1,2   18,4  13:51    195
 25    2,5   10,5  11:46   -2,8  06:36   15,5    0,0    7,6    1,5   18,4  12:46    106
 26    2,9    8,7  14:31   -1,5  07:10   15,1    0,0    0,3    2,5   27,7  13:51     76
 27    4,7    8,3  12:31    0,7  23:06   13,3    0,0    0,0    4,6   29,5  10:59     56
 28    0,9    7,2  13:08   -5,3  06:08   17,1    0,0    0,0    3,2   31,3  15:02     85
---------------------------------------------------------------------------------------
       3,3   17,0     23   -6,8     14  410,8    0,0   45,2    1,5   31,3     28    107