Weather Station, Loka pri Mengšu

46° 09.15' N | 14° 33.67' E | 310 m | Show on map

Weather briefly
12.3 °C 99 % 1012 mbar 0.0 km/h 0.0 km/h 0.0 mm
-0.8 °C/h 1 %/h 0 mbar/h N/A ( N/A) N/A ( N/A) 0.0 mm/h

14/08/22 02:00:00 CEST

Climate Summary for

Station:ecowitt-client
Software:weewx v4.8.0
WeeWX uptime:15 d, 10 h, 43 min
Server uptime:15 d, 9 h, 49 min
                     CLIMATOLOGICAL SUMMARY for year 2021


NAME: Loka pri Mengšu                  
ELEV: 310 m    LAT: 46-09.15 N    LONG: 14-33.67 E


                                       TEMPERATURE (°C)

                              HEAT    COOL                              MAX    MAX    MIN    MIN
          MEAN   MEAN         DEG     DEG                                >=     <=     <=     <=
 YR  MO   MAX    MIN    MEAN  DAYS    DAYS      HI  DAY     LOW  DAY     30      0      0    -20
------------------------------------------------------------------------------------------------
2021 01    4,0   -2,0    0,4  521,5    0,0    11,3   22    -8,7   17      0      1     20      0
2021 02   11,0    0,4    4,9  367,5    0,0    22,6   26    -9,6   15      0      1     16      0
2021 03   13,6   -1,3    5,6  384,8    0,0    25,1   31    -6,1   07      0      0     20      0
2021 04   14,3    2,6    8,6  286,6    0,0    26,1   01    -5,3   07      0      1      6      0
2021 05   19,4    6,7   12,7  168,5    0,0    26,6   11     2,1   09      0      0      0      0
2021 06   29,3   12,7   20,7    8,0   89,3    34,4   28     5,9   01     14      0      0      0
2021 07   29,6   14,9   21,5    1,5  109,6    34,7   07    10,5   02     17      0      0      0
2021 08   27,9   13,0   19,4   21,0   65,5    36,0   14     6,8   26     13      0      0      0
2021 09   25,0    8,8   15,8   67,0    2,1    31,3   14     3,3   23      1      0      0      0
2021 10   15,2    4,0    8,5  293,3    0,0    24,4   04    -2,2   25      0      0      6      0
2021 11    8,3    1,7    4,8  395,4    0,0    17,6   04    -5,2   24      0      0      7      0
2021 12    2,4   -2,0    0,1  554,9    0,0     7,2   24    -7,0   11      0      6     27      0
------------------------------------------------------------------------------------------------
          16,7    5,0   10,4 3070,1  266,5    36,0  avg    -9,6  feb     45      9    102      0


                  PRECIPITATION (mm)

                  MAX         ---DAYS OF RAIN---
                  OBS.               OVER
 YR  MO  TOTAL    DAY  DATE   0.30   3.00  30.00
------------------------------------------------
2021 01  133,9   28,8    23     18     12      0
2021 02   72,7   32,4    10      7      4      1
2021 03   35,6   22,0    14      6      2      0
2021 04   95,4   34,9    12     14      5      1
2021 05  228,7   34,8    17     21     14      2
2021 06   32,5   11,1    07      6      3      0
2021 07  155,7   45,2    04     16      9      2
2021 08  141,5   45,0    23     14      7      2
2021 09   85,8   30,2    17      8      5      1
2021 10   43,0   27,4    06     12      3      0
2021 11  194,0   36,4    28     20      9      2
2021 12  106,2   43,6    02     16      6      1
------------------------------------------------
        1325,0   45,2   jul    158     79     12


           WIND SPEED (km/h)

                                DOM
 YR  MO    AVG     HI   DATE    DIR
-----------------------------------
2021 01    1,3   23,3     14    317 
2021 02    2,2   30,6     13    132 
2021 03    2,4   31,8     09    121 
2021 04    2,6   97,9     14    148 
2021 05    1,2  233,8     06    148 
2021 06    1,3   36,7     30    118 
2021 07    1,1   31,3     31    118 
2021 08    0,9   25,6     08    111 
2021 09    0,9   34,9     17    120 
2021 10    0,9   25,6     07    114 
2021 11    0,5   23,8     04    109 
2021 12    0,4   20,2     24     93 
-----------------------------------
           1,3  233,8    maj    122