Weather Station, Loka pri Mengšu

46° 09.15' N | 14° 33.67' E | 310 m | Show on map

Weather briefly
11.8 °C 99 % 1012 mbar 0.0 km/h 0.0 km/h 0.0 mm
-0.3 °C/h 0 %/h -0 mbar/h N/A ( N/A) N/A ( N/A) 0.0 mm/h

14/08/22 03:10:00 CEST

Climate Summary for

Station:ecowitt-client
Software:weewx v4.8.0
WeeWX uptime:15 d, 11 h, 53 min
Server uptime:15 d, 10 h, 59 min
                   MONTHLY CLIMATOLOGICAL SUMMARY for dec 2021


NAME: Loka pri Mengšu                  
ELEV: 310 m    LAT: 46-09.15 N    LONG: 14-33.67 E


                   TEMPERATURE (°C), RAIN (mm), WIND SPEED (km/h)

                                         HEAT   COOL         AVG
      MEAN                               DEG    DEG          WIND                   DOM
DAY   TEMP   HIGH   TIME    LOW   TIME   DAYS   DAYS   RAIN  SPEED   HIGH   TIME    DIR
---------------------------------------------------------------------------------------
 01    2,2    6,2  13:21   -2,8  04:10   15,8    0,0    1,6    1,1   13,0  14:07    356
 02    3,3    6,4  01:01   -0,1  21:41   14,7    0,0   43,6    0,5   16,6  06:41     90
 03    0,4    2,7  14:57   -1,9  23:59   17,6    0,0   10,7    0,2    9,4  12:23    115
 04   -0,8    0,9  22:45   -2,6  03:38   18,8    0,0    0,5    0,4    9,4  13:05    103
 05    1,0    2,1  10:56    0,3  19:46   17,0    0,0   22,1    0,4   14,8  09:28     31
 06    0,2    1,2  14:03   -0,7  23:55   17,8    0,0    0,3    0,4    9,4  12:57     91
 07   -1,6   -0,2  13:57   -2,5  07:45   19,6    0,0    0,0    0,6   13,0  13:22     79
 08   -1,8   -0,1  14:17   -3,2  07:35   19,8    0,0    0,0    0,5    9,4  13:29     81
 09    0,2    2,3  10:36   -1,0  20:20   17,8    0,0    1,5    0,0    1,8  17:55     64
 10   -0,7    2,0  12:18   -2,3  02:56   18,7    0,0    0,8    0,1    7,2  10:36     67
 11   -2,2    2,7  13:22   -7,0  22:02   20,2    0,0    0,2    0,3   11,2  09:19     52
 12   -3,3   -0,9  12:04   -5,8  00:05   21,3    0,0    0,0    0,5    5,4  08:52     94
 13   -1,6    2,0  14:40   -3,5  00:05   19,6    0,0    0,0    0,2    7,2  14:17    103
 14   -1,3    0,2  14:24   -3,6  07:15   19,3    0,0    0,0    0,3    7,2  07:18    104
 15    0,6    2,4  11:51   -0,2  20:39   17,4    0,0    5,1    0,1    7,2  00:43    114
 16    0,4    2,5  13:30   -0,9  18:18   17,6    0,0    2,5    0,2    5,4  11:44    108
 17   -1,2   -0,5  00:00   -2,1  22:30   19,2    0,0    0,3    0,5    9,4  13:10    100
 18   -1,5   -0,5  14:17   -2,5  23:11   19,5    0,0    0,0    0,5    7,2  14:11     97
 19   -2,8   -1,3  14:14   -4,3  23:18   20,8    0,0    0,0    0,7   11,2  12:47    108
 20   -2,8    2,8  14:17   -6,8  07:10   20,8    0,0    0,0    0,3    9,4  10:57    130
 21   -1,4    0,6  15:05   -3,1  00:09   19,4    0,0    0,0    0,3   11,2  10:26    132
 22   -0,6    1,0  12:57   -1,7  04:56   18,6    0,0    0,0    0,2    5,4  04:48     49
 23   -0,9    1,7  14:36   -3,1  07:38   18,9    0,0    0,0    0,3    7,2  05:57     89
 24    3,5    7,2  18:57    0,0  00:17   14,5    0,0    0,0    2,0   20,2  03:16    294
 25    3,4    6,9  14:02   -0,8  02:44   14,6    0,0    3,5    0,3    5,4  12:28     98
 26    3,0    4,7  02:02    1,7  23:40   15,0    0,0   12,0    1,0   11,2  02:05    109
 27    2,3    3,6  14:10    1,3  03:52   15,7    0,0    0,0    0,5    7,2  03:04    128
 28    3,9    6,0  13:37    1,7  06:44   14,1    0,0    0,7    0,2    9,4  10:19     98
 29    1,7    4,7  00:20   -0,9  05:09   16,3    0,0    0,3    0,3    9,4  12:48     90
 30    1,2    3,3  16:03   -0,9  07:31   16,8    0,0    0,2    0,2    9,4  11:10    103
 31    0,3    2,5  14:42   -1,4  23:57   17,7    0,0    0,3    0,4    7,2  13:42    122
---------------------------------------------------------------------------------------
       0,1    7,2     24   -7,0     11  554,9    0,0  106,2    0,4   20,2     24     93