Weather Station, Loka pri Mengšu

46° 09.15' N | 14° 33.67' E | 310 m | Show on map

Weather briefly
11.5 °C 99 % 1012 mbar 0.0 km/h 0.0 km/h 0.0 mm
-0.6 °C/h 0 %/h -0 mbar/h N/A ( N/A) N/A ( N/A) 0.0 mm/h

14/08/22 03:30:00 CEST

Climate Summary for

Station:ecowitt-client
Software:weewx v4.8.0
WeeWX uptime:15 d, 12 h, 13 min
Server uptime:15 d, 11 h, 19 min
                   MONTHLY CLIMATOLOGICAL SUMMARY for nov 2021


NAME: Loka pri Mengšu                  
ELEV: 310 m    LAT: 46-09.15 N    LONG: 14-33.67 E


                   TEMPERATURE (°C), RAIN (mm), WIND SPEED (km/h)

                                         HEAT   COOL         AVG
      MEAN                               DEG    DEG          WIND                   DOM
DAY   TEMP   HIGH   TIME    LOW   TIME   DAYS   DAYS   RAIN  SPEED   HIGH   TIME    DIR
---------------------------------------------------------------------------------------
 01    6,6    9,8  22:15    1,1  01:14   11,4    0,0   23,6    0,2    9,4  22:15     97
 02    8,8   12,0  13:14    6,0  21:51    9,2    0,0   11,9    1,0   11,2  03:28    102
 03    9,0   10,7  12:29    7,5  00:00    9,0    0,0   22,4    0,6    7,2  00:33    128
 04   10,8   17,6  12:54    3,2  23:48    7,2    0,0   16,2    1,5   23,8  09:16    135
 05    5,8    8,9  14:27    1,6  02:27   12,2    0,0    0,3    0,1    5,4  12:23     92
 06    7,8   11,6  12:24    5,5  06:40   10,2    0,0    0,0    0,9   16,6  11:07     86
 07    7,5   11,3  14:09    5,6  18:04   10,5    0,0    1,0    0,4    7,2  10:55     97
 08    6,6    8,0  14:01    2,3  23:26   11,4    0,0   13,9    0,6   11,2  12:57    113
 09    5,6   11,0  14:01    0,8  23:58   12,4    0,0    0,0    0,7   13,0  10:44    110
 10    3,3   10,7  14:01   -1,1  06:32   14,7    0,0    0,3    0,5    9,4  13:14    122
 11    3,4    7,8  14:39    0,3  00:38   14,6    0,0    0,3    0,2    5,4  11:17    107
 12    4,9    6,2  11:57    3,9  03:37   13,1    0,0    0,0    0,5    7,2  05:37    115
 13    7,3   12,4  14:50    5,0  00:00   10,7    0,0    0,0    0,3    5,4  03:53    109
 14    7,4    8,5  12:30    6,5  23:40   10,6    0,0    0,8    0,6    9,4  06:04    107
 15    7,6   12,0  13:13    4,4  21:50   10,4    0,0    0,7    1,0   18,4  23:17    109
 16    6,9    9,8  11:03    3,9  06:52   11,1    0,0    0,0    0,9   14,8  11:00    119
 17    6,7    8,8  14:44    5,2  06:15   11,3    0,0    0,0    0,1    5,4  10:18    111
 18    6,7   11,5  12:24    0,8  23:48   11,3    0,0    0,0    0,4   11,2  10:28    119
 19    2,9    7,2  14:35    0,1  01:35   15,1    0,0    0,3    0,2    7,2  14:50     91
 20    2,3    5,4  13:27    0,8  00:00   15,7    0,0    0,2    0,3    5,4  10:23    116
 21    2,1    8,6  14:35   -0,5  08:02   15,9    0,0    0,3    0,2    5,4  11:41     58
 22    5,1    6,6  09:56    3,6  00:00   12,9    0,0    1,5    0,5   11,2  11:00    119
 23    3,5    9,4  13:40   -3,0  23:58   14,5    0,0    0,0    1,2   18,4  13:42    109
 24   -2,5    1,1  14:48   -5,2  03:54   20,5    0,0    0,3    0,2    5,4  11:31    124
 25   -0,1    2,4  14:40   -3,2  00:03   18,1    0,0    2,8    0,2    7,2  14:15    113
 26    2,8    4,5  15:05    1,7  20:52   15,2    0,0   31,5    0,2    5,4  20:04     98
 27    2,7    4,4  11:52    0,7  06:23   15,3    0,0   18,2    0,4    7,2  03:45     73
 28    3,4    4,3  14:11    0,4  23:55   14,6    0,0   36,4    0,3    9,4  07:17     73
 29    0,2    3,5  10:46   -3,0  21:07   17,8    0,0   10,1    0,1    5,4  11:55     95
 30   -0,6    2,4  14:26   -3,4  07:46   18,6    0,0    1,0    1,1   14,8  22:40    302
---------------------------------------------------------------------------------------
       4,8   17,6     04   -5,2     24  395,4    0,0  194,0    0,5   23,8     04    109