Weather Station, Loka pri Mengšu

46° 09.15' N | 14° 33.67' E | 310 m | Show on map

Weather briefly
12.7 °C 99 % 1012 mbar 0.0 km/h 0.0 km/h 0.0 mm
-0.6 °C/h 0 %/h 0 mbar/h N/A ( N/A) N/A ( N/A) 0.0 mm/h

14/08/22 01:40:00 CEST

Climate Summary for

Station:ecowitt-client
Software:weewx v4.8.0
WeeWX uptime:15 d, 10 h, 23 min
Server uptime:15 d, 9 h, 29 min
                   MONTHLY CLIMATOLOGICAL SUMMARY for okt 2021


NAME: Loka pri Mengšu                  
ELEV: 310 m    LAT: 46-09.15 N    LONG: 14-33.67 E


                   TEMPERATURE (°C), RAIN (mm), WIND SPEED (km/h)

                                         HEAT   COOL         AVG
      MEAN                               DEG    DEG          WIND                   DOM
DAY   TEMP   HIGH   TIME    LOW   TIME   DAYS   DAYS   RAIN  SPEED   HIGH   TIME    DIR
---------------------------------------------------------------------------------------
 01   11,4   18,3  14:51    4,9  05:25    6,6    0,0    0,2    1,6   16,6  14:17    140
 02   13,3   20,1  15:55    8,3  22:40    4,7    0,0    0,0    0,7   11,2  12:44    131
 03   14,2   21,2  13:42    8,4  00:04    3,8    0,0    0,0    1,0   11,2  12:00    125
 04   16,9   24,4  15:26   11,7  23:22    1,1    0,0    0,3    0,6   14,8  02:09     67
 05   15,2   22,3  16:35   10,6  01:45    2,8    0,0    4,6    0,7   16,6  16:51    121
 06   12,0   16,2  13:56    8,5  21:59    6,0    0,0   27,4    0,9   14,8  15:25    321
 07   11,1   13,7  14:15    8,6  06:46    6,9    0,0    3,6    2,2   25,6  13:03     70
 08   12,0   14,1  11:28   10,3  20:39    6,0    0,0    0,0    2,4   22,0  07:21    110
 09   10,0   15,9  14:30    4,3  22:17    8,0    0,0    0,0    2,2   20,2  13:01    104
 10    7,7   11,0  12:12    4,4  02:57   10,3    0,0    0,0    2,1   23,8  11:42    105
 11    8,4   14,2  13:01    3,2  23:56    9,6    0,0    0,0    1,1   14,8  12:31    124
 12    6,1   10,8  16:43    2,7  01:06   11,9    0,0    0,0    0,5    9,4  14:17    106
 13    7,1   13,8  14:13    2,9  06:30   10,9    0,0    0,5    1,7   18,4  16:06    135
 14    5,1   13,9  14:36    0,1  05:43   12,9    0,0    0,0    0,7   11,2  12:02    118
 15    6,3   15,7  15:23   -0,5  05:44   11,7    0,0    0,2    1,1   14,8  15:08    126
 16    6,9   17,1  14:55   -0,5  04:31   11,1    0,0    0,0    0,9   13,0  15:30    127
 17    7,5   18,0  15:49    1,9  23:57   10,5    0,0    0,0    0,4    9,4  14:47    122
 18    6,4   16,9  16:29    0,7  03:16   11,6    0,0    0,3    0,4    7,2  14:19    123
 19    8,0   14,1  15:23    4,3  03:30   10,0    0,0    0,0    0,2    7,2  14:05    111
 20   11,3   18,4  12:43    5,8  02:31    6,7    0,0    0,2    0,9   20,2  14:08    128
 21   13,9   14,9  12:35   12,3  11:14    4,1    0,0    1,6    1,3   20,2  06:52     87
 22   13,1   16,1  16:17   10,2  06:51    4,9    0,0    2,2    0,3    9,4  00:03    107
 23    9,3   12,2  16:07    3,3  20:54    8,7    0,0    0,8    1,0   20,2  10:55    126
 24    5,8   14,3  13:02    0,0  23:59   12,2    0,0    0,0    1,2   18,4  12:09    130
 25    3,0   12,5  16:26   -2,2  05:27   15,0    0,0    0,3    0,4    9,4  11:27    119
 26    3,3    8,3  15:20   -0,4  01:04   14,7    0,0    0,0    0,1    3,6  11:20    106
 27    4,2   15,7  16:25    0,2  00:30   13,8    0,0    0,2    0,2    7,2  13:54    119
 28    4,6   14,1  16:50    0,5  00:56   13,4    0,0    0,3    0,3    7,2  12:39    121
 29    3,3    9,2  15:46   -0,6  22:57   14,7    0,0    0,0    0,3    7,2  15:58    115
 30    2,2    8,2  16:30    0,1  22:06   15,8    0,0    0,3    0,3    5,4  12:14     94
 31    5,2   16,4  14:39    0,5  05:55   12,8    0,0    0,0    0,3    7,2  13:48    103
---------------------------------------------------------------------------------------
       8,5   24,4     04   -2,2     25  293,3    0,0   43,0    0,9   25,6     07    114