Weather Station, Loka pri Mengšu

46° 09.15' N | 14° 33.67' E | 310 m | Show on map

Weather briefly
12.6 °C 99 % 1012 mbar 0.0 km/h 0.0 km/h 0.0 mm
-0.1 °C/h 0 %/h -0 mbar/h N/A ( N/A) N/A ( N/A) 0.0 mm/h

14/08/22 02:20:00 CEST

Climate Summary for

Station:ecowitt-client
Software:weewx v4.8.0
WeeWX uptime:15 d, 11 h, 3 min
Server uptime:15 d, 10 h, 9 min
                   MONTHLY CLIMATOLOGICAL SUMMARY for sep 2021


NAME: Loka pri Mengšu                  
ELEV: 310 m    LAT: 46-09.15 N    LONG: 14-33.67 E


                   TEMPERATURE (°C), RAIN (mm), WIND SPEED (km/h)

                                         HEAT   COOL         AVG
      MEAN                               DEG    DEG          WIND                   DOM
DAY   TEMP   HIGH   TIME    LOW   TIME   DAYS   DAYS   RAIN  SPEED   HIGH   TIME    DIR
---------------------------------------------------------------------------------------
 01   16,8   26,9  15:36    9,5  05:03    1,2    0,0    0,0    1,1   14,8  13:21    131
 02   15,4   25,4  15:56    6,7  05:34    2,6    0,0    0,0    1,1   13,0  14:28    129
 03   17,1   26,2  15:55    9,4  06:44    0,9    0,0    0,0    0,6   13,0  12:07    116
 04   16,4   26,5  14:54    8,0  06:23    1,6    0,0    0,0    0,9   18,4  15:50    125
 05   16,5   26,7  15:29    7,8  06:31    1,5    0,0    0,0    1,2   16,6  12:50    106
 06   16,1   26,4  15:35    7,7  06:25    1,9    0,0    0,0    1,5   23,8  13:41    134
 07   15,8   25,2  13:47    6,8  06:33    2,2    0,0    0,0    1,0   14,8  14:40    127
 08   16,4   25,6  15:46    8,0  06:36    1,6    0,0    0,0    1,0   20,2  13:08     97
 09   15,2   26,9  16:25    5,8  06:44    2,8    0,0    0,0    0,8   13,0  13:12    129
 10   16,2   28,2  16:02    7,2  06:52    1,8    0,0    0,0    0,6    7,2  09:39    101
 11   17,1   29,5  16:24    7,6  05:47    0,9    0,0    0,0    0,7   14,8  14:49    119
 12   17,6   29,0  16:10    9,0  06:31    0,4    0,0    0,0    0,8   14,8  14:10    125
 13   18,0   29,7  16:30    9,3  06:27    0,0    0,0    0,0    0,6    9,4  11:42    118
 14   18,7   31,3  15:33    9,8  06:46    0,0    0,7    0,0    0,5   13,0  14:14    104
 15   18,6   29,9  13:22    9,8  06:36    0,0    0,6    0,0    0,7   16,6  14:40    110
 16   18,8   25,5  11:54   13,7  06:41    0,0    0,8    2,3    0,3    9,4  13:57     90
 17   16,8   19,3  12:04   14,0  23:53    1,2    0,0   30,2    1,2   34,9  13:04    127
 18   15,6   23,0  15:24   10,8  23:00    2,4    0,0    0,2    0,7   11,2  11:37    126
 19   14,4   20,7  14:19    9,4  04:17    3,6    0,0    5,4    0,4    7,2  10:21     96
 20   12,1   15,2  00:13   10,6  09:05    5,9    0,0   12,7    1,7   13,0  01:23    120
 21   12,9   19,3  15:44    9,3  06:06    5,1    0,0    0,0    1,0   14,8  12:36    121
 22   12,1   20,9  15:06    6,8  06:51    5,9    0,0    0,0    0,9   14,8  16:08    119
 23   11,0   22,0  15:52    3,3  06:52    7,0    0,0    0,0    0,7   11,2  13:11    126
 24   13,6   23,8  14:27    5,1  06:52    4,4    0,0    0,0    1,1   16,6  15:03    125
 25   13,9   24,6  16:02    6,5  06:08    4,1    0,0    0,0    0,7   16,6  15:08    121
 26   16,4   25,5  13:13    7,9  07:11    1,6    0,0    0,0    1,0   20,2  13:01    114
 27   17,8   24,7  13:43   12,7  23:59    0,2    0,0    7,3    0,5    7,2  11:22     83
 28   16,6   26,7  16:15   12,0  01:17    1,4    0,0    0,3    0,5    9,4  12:30    115
 29   17,1   26,8  16:22   11,2  06:58    0,9    0,0   24,6    1,2   13,0  20:23    119
 30   14,2   19,8  15:41    8,1  23:38    3,8    0,0    2,8    1,8   16,6  14:54    132
---------------------------------------------------------------------------------------
      15,8   31,3     14    3,3     23   67,0    2,1   85,8    0,9   34,9     17    120