Weather Station, Loka pri Mengšu

46° 09.15' N | 14° 33.67' E | 310 m | Show on map

Weather briefly
12.1 °C 99 % 1012 mbar 0.0 km/h 0.0 km/h 0.0 mm
-0.7 °C/h 1 %/h -0 mbar/h N/A ( N/A) N/A ( N/A) 0.0 mm/h

14/08/22 02:10:00 CEST

Climate Summary for

Station:ecowitt-client
Software:weewx v4.8.0
WeeWX uptime:15 d, 10 h, 53 min
Server uptime:15 d, 9 h, 59 min
                   MONTHLY CLIMATOLOGICAL SUMMARY for dec 2020


NAME: Loka pri Mengšu                  
ELEV: 310 m    LAT: 46-09.15 N    LONG: 14-33.67 E


                   TEMPERATURE (°C), RAIN (mm), WIND SPEED (km/h)

                                         HEAT   COOL         AVG
      MEAN                               DEG    DEG          WIND                   DOM
DAY   TEMP   HIGH   TIME    LOW   TIME   DAYS   DAYS   RAIN  SPEED   HIGH   TIME    DIR
---------------------------------------------------------------------------------------
 01   -1,9    1,7  14:15   -6,4  07:35   19,9    0,0    0,0    1,2   15,9  22:00     87
 02   -0,8    0,1  00:15   -1,9  23:40   18,8    0,0    0,0    2,4   15,9  03:40    106
 03   -1,1    0,8  13:20   -2,2  04:25   19,1    0,0    1,1    0,1    4,9  12:10    279
 04   -0,7    1,6  12:10   -2,2  21:50   18,7    0,0    3,2    0,0    3,7  01:55    186
 05    1,1    4,0  13:10   -1,0  00:10   16,9    0,0   18,0    0,3    8,6  14:00    170
 06    1,9    5,4  21:05    0,3  03:45   16,1    0,0   13,3    0,9   12,2  20:55    101
 07    3,5    6,0  14:05    1,3  00:00   14,5    0,0    5,8    0,7   13,5  14:30    319
 08    2,7    4,5  15:00    0,9  04:10   15,3    0,0    4,3    2,2   13,5  15:40    112
 09    2,6    3,0  08:10    2,1  21:40   15,4    0,0    4,3    0,7    9,8  00:25    305
 10    3,1    5,3  13:40    1,8  03:45   14,9    0,0    0,4    0,4    7,3  14:30    310
 11    3,7    4,9  12:55    2,9  04:55   14,3    0,0    0,0    0,4    4,9  03:00    295
 12    3,9    4,7  13:45    3,1  06:25   14,1    0,0    0,4    0,5    4,9  12:55    270
 13    3,3    4,8  15:10    1,9  00:00   14,7    0,0    0,0    1,5    7,3  03:30    326
 14    1,1    1,9  00:10    0,6  08:35   16,9    0,0    0,0    1,3    7,3  08:20      2
 15    0,6    1,2  14:25    0,2  06:55   17,4    0,0    0,0    1,0    6,1  00:25    312
 16    1,0    4,3  15:40   -0,8  23:45   17,0    0,0    0,0    0,8    6,1  11:40    183
 17    2,9    9,1  12:45   -0,7  00:10   15,1    0,0    0,0    0,7    7,3  11:30    166
 18    2,4    5,2  15:10   -1,0  03:00   15,6    0,0    0,0    0,2    4,9  11:55    102
 19    4,2    5,4  15:40    3,4  08:15   13,8    0,0    1,8    1,4    7,3  02:35    143
 20    4,2    4,8  13:40    3,9  06:15   13,8    0,0    0,7    1,1    6,1  09:15    133
 21    4,6    5,2  13:50    3,9  00:10   13,4    0,0    0,0    0,8    6,1  11:50    143
 22    6,7    9,2  15:00    4,6  01:00   11,3    0,0    0,4    1,2   11,0  14:30    279
 23    8,4   10,0  14:15    7,1  08:20    9,6    0,0    0,0    3,7   18,4  13:55    289
 24    9,3   10,1  03:15    7,1  00:00    8,7    0,0   13,3    1,3   11,0  09:40    295
 25    4,8    7,0  00:10    2,9  00:00   13,2    0,0   19,1    2,3   14,7  19:10    183
 26    1,8    5,2  13:40   -1,6  00:00   16,2    0,0    0,4    4,0   23,3  13:50     96
 27   -1,1    1,6  14:00   -4,3  05:45   19,1    0,0    0,0    0,9    9,8  00:55    243
 28   -0,1    1,8  00:00   -1,9  03:50   18,1    0,0   11,5    0,4    8,6  23:55    196
 29    2,4    3,3  13:35    1,0  03:50   15,6    0,0   25,2    1,2   12,2  00:50    290
 30    3,2    6,8  14:40    2,0  05:40   14,8    0,0    2,9    0,7    8,6  02:00    280
 31    2,6    4,9  14:45    0,8  19:25   15,4    0,0    2,5    0,6    4,9  09:10     85
---------------------------------------------------------------------------------------
       2,6   10,1     24   -6,4     01  477,6    0,0  128,5    1,1   23,3     26    117