Weather Station, Loka pri Mengšu

46° 09.15' N | 14° 33.67' E | 310 m | Show on map

Weather briefly
12.1 °C 99 % 1012 mbar 0.0 km/h 0.0 km/h 0.0 mm
-0.4 °C/h 0 %/h -0 mbar/h N/A ( N/A) N/A ( N/A) 0.0 mm/h

14/08/22 02:45:00 CEST

Climate Summary for

Station:ecowitt-client
Software:weewx v4.8.0
WeeWX uptime:15 d, 11 h, 28 min
Server uptime:15 d, 10 h, 34 min
                   MONTHLY CLIMATOLOGICAL SUMMARY for okt 2020


NAME: Loka pri Mengšu                  
ELEV: 310 m    LAT: 46-09.15 N    LONG: 14-33.67 E


                   TEMPERATURE (°C), RAIN (mm), WIND SPEED (km/h)

                                         HEAT   COOL         AVG
      MEAN                               DEG    DEG          WIND                   DOM
DAY   TEMP   HIGH   TIME    LOW   TIME   DAYS   DAYS   RAIN  SPEED   HIGH   TIME    DIR
---------------------------------------------------------------------------------------
 01   12,3   21,5  15:25    7,0  07:35    5,7    0,0    0,0    0,9   15,9  15:20    157
 02   14,5   20,2  13:15   10,6  07:10    3,5    0,0    1,1    0,6   22,0  12:35    291
 03   14,8   18,0  15:25   11,4  01:35    3,2    0,0   19,4    1,1   17,1  21:00    151
 04   14,0   18,6  16:20   10,3  00:00    4,0    0,0    1,8    1,1   14,7  15:15    232
 05   12,9   19,8  16:30   10,1  00:00    5,1    0,0   13,0    1,2   22,0  15:50    163
 06   12,7   20,1  15:15    8,7  08:30    5,3    0,0    0,4    1,2   15,9  14:55    210
 07   11,1   13,6  16:40    7,4  22:15    6,9    0,0   14,8    0,9   11,0  16:20    151
 08   10,5   18,5  16:45    7,3  00:00    7,5    0,0    0,0    0,9    8,6  12:35    147
 09   10,8   19,9  16:45    5,9  02:45    7,2    0,0    0,0    0,6    7,3  11:30    139
 10   12,5   19,9  16:45    9,1  03:20    5,5    0,0    0,0    0,6    9,8  12:50    136
 11    8,2   11,6  02:35    4,9  23:55    9,8    0,0   58,0    1,4   13,5  12:35    284
 12    6,7   10,5  16:40    4,5  23:35   11,3    0,0    0,4    1,2    9,8  11:55    149
 13    7,8   14,1  16:15    4,6  00:10   10,2    0,0    0,0    1,0    9,8  16:10    139
 14    9,4   17,4  14:30    2,5  07:45    8,6    0,0    0,0    1,6   24,5  14:30    149
 15    7,5    9,0  00:30    6,3  23:20   10,5    0,0   32,0    0,8    7,3  01:30    281
 16    8,6   12,8  14:30    6,3  04:10    9,4    0,0    0,7    0,6    7,3  13:15    236
 17    8,8   12,6  16:15    6,0  00:00    9,2    0,0    0,0    0,7    7,3  12:00    125
 18    9,0   15,7  15:25    6,0  00:10    9,0    0,0    0,0    0,7    9,8  12:40    112
 19    8,7   13,6  15:55    6,0  23:30    9,3    0,0    0,0    0,8    7,3  13:00    137
 20    9,2   15,5  15:55    5,1  06:10    8,8    0,0    0,0    1,4   13,5  21:10    151
 21   10,6   19,1  14:00    5,3  01:15    7,4    0,0    0,0    1,5   22,0  13:40    237
 22   13,7   19,6  15:20    9,1  08:00    4,3    0,0    0,0    3,1   24,5  12:30    209
 23   13,5   20,3  13:50    9,0  01:05    4,5    0,0    0,0    1,0   12,2  13:25    284
 24   14,3   16,5  15:15   12,5  00:00    3,7    0,0    4,3    1,0   11,0  18:10    142
 25   12,5   17,0  13:55   10,9  20:25    5,5    0,0    0,4    0,5    8,6  23:45    128
 26   13,7   18,3  10:10    9,1  23:45    4,3    0,0    0,0    1,9   23,3  09:25    191
 27   11,3   13,5  15:30    8,4  02:45    6,7    0,0   12,2    0,5    7,3  07:45    175
 28   10,2   17,4  14:50    5,5  23:35    7,8    0,0    0,0    0,9    8,6  12:20    182
 29    8,6   15,7  14:45    5,7  00:10    9,4    0,0    0,0    1,1    9,8  12:10    128
 30   10,8   17,0  13:50    7,1  00:20    7,2    0,0    0,0    0,6    8,6  11:35    117
 31   11,0   21,2  14:30    5,9  07:10    7,0    0,0    0,0    0,9   11,0  11:10    142
---------------------------------------------------------------------------------------
      11,0   21,5     01    2,5     14  217,7    0,0  158,4    1,1   24,5     14    167