Weather Station, Loka pri Mengšu

46° 09.15' N | 14° 33.67' E | 310 m | Show on map

Weather briefly
11.5 °C 99 % 1012 mbar 0.0 km/h 0.0 km/h 0.0 mm
-1.1 °C/h 0 %/h -0 mbar/h N/A ( N/A) N/A ( N/A) 0.0 mm/h

14/08/22 03:25:00 CEST

Climate Summary for

Station:ecowitt-client
Software:weewx v4.8.0
WeeWX uptime:15 d, 12 h, 8 min
Server uptime:15 d, 11 h, 14 min
                   MONTHLY CLIMATOLOGICAL SUMMARY for sep 2020


NAME: Loka pri Mengšu                  
ELEV: 310 m    LAT: 46-09.15 N    LONG: 14-33.67 E


                   TEMPERATURE (°C), RAIN (mm), WIND SPEED (km/h)

                                         HEAT   COOL         AVG
      MEAN                               DEG    DEG          WIND                   DOM
DAY   TEMP   HIGH   TIME    LOW   TIME   DAYS   DAYS   RAIN  SPEED   HIGH   TIME    DIR
---------------------------------------------------------------------------------------
 01   16,4   24,4  16:40   13,0  06:45    1,6    0,0    4,0    0,9   12,2  12:50    156
 02   15,7   22,4  16:35   11,8  04:10    2,3    0,0    0,0    1,6   12,2  10:30    126
 03   15,3   23,6  15:35   10,6  02:15    2,7    0,0    2,2    1,4   14,7  14:15    147
 04   16,6   26,4  16:15   10,0  03:40    1,4    0,0    0,4    1,1    9,8  14:45    140
 05   18,5   29,8  16:35   10,9  06:15    0,0    0,5    0,0    1,0    8,6  10:35    154
 06   19,3   27,3  14:25   12,0  05:40    0,0    1,3    9,4    2,3   20,8  12:20    128
 07   17,9   21,1  14:20   14,9  22:20    0,1    0,0    0,0    1,5   13,5  12:55    156
 08   17,1   24,3  16:10   12,4  03:35    0,9    0,0    0,0    1,5   15,9  11:40    140
 09   16,7   26,4  15:55    9,5  05:55    1,3    0,0    0,0    0,9   12,2  13:00    162
 10   18,3   26,9  15:45   12,3  04:10    0,0    0,3    0,0    1,6   14,7  14:00    155
 11   14,8   17,0  01:05   12,9  06:45    3,2    0,0    0,0    0,1    3,7  08:15     31
 12
 13
 14   23,2   28,0  15:45   15,6  00:00    0,0    5,2    0,0    2,8   15,9  16:30    142
 15   19,3   28,4  14:20   12,1  06:40    0,0    1,3    0,0    1,2   14,7  13:55    149
 16   19,1   27,2  13:35   13,3  07:00    0,0    1,1    0,0    1,2   12,2  15:10    148
 17   18,4   28,1  13:40   12,3  07:05    0,0    0,4    0,0    1,8   17,1  13:45     75
 18   17,1   21,6  14:55   14,7  00:00    0,9    0,0    0,0    2,5   14,7  16:00    132
 19   14,7   22,2  15:25    8,8  07:10    3,3    0,0    0,0    2,1   15,9  14:50    144
 20   14,1   23,6  16:15    6,9  06:45    3,9    0,0    0,0    1,2   11,0  12:30    156
 21   15,7   22,8  16:45    9,4  05:55    2,3    0,0    0,0    1,2   11,0  13:15    160
 22   16,9   21,8  15:35   14,1  03:10    1,1    0,0    2,2    0,9   11,0  12:00    146
 23   16,9   21,7  13:20   13,2  23:50    1,1    0,0    9,0    1,3   12,2  15:50    153
 24   17,2   23,8  16:10   12,5  03:05    0,8    0,0    0,4    1,4   17,1  15:40    151
 25   15,5   17,9  16:35   11,5  00:00    2,5    0,0   93,6    1,2   13,5  14:50     28
 26    9,8   14,7  14:35    7,3  05:15    8,2    0,0   23,8    2,6   18,4  01:10    188
 27   10,3   15,5  14:30    5,8  06:40    7,7    0,0    6,8    1,9   14,7  16:20    149
 28   10,2   13,6  13:10    9,1  07:15    7,8    0,0   12,2    1,9   11,0  01:30    295
 29   11,5   18,7  16:20    7,6  05:30    6,5    0,0    0,0    1,2   12,2  10:50    142
 30   11,9   21,9  16:40    7,5  07:15    6,1    0,0    0,4    1,0    7,3  10:25    153
---------------------------------------------------------------------------------------
      15,9   29,8     05    5,8     27   65,9   10,0  164,2    1,5   20,8     06    148