Weather Station, Loka pri Mengšu

46° 09.15' N | 14° 33.67' E | 310 m | Show on map

Weather briefly
12.7 °C 99 % 1012 mbar 0.0 km/h 0.0 km/h 0.0 mm
-0.5 °C/h 1 %/h 0 mbar/h N/A ( N/A) N/A ( N/A) 0.0 mm/h

14/08/22 01:35:00 CEST

Climate Summary for

Station:ecowitt-client
Software:weewx v4.8.0
WeeWX uptime:15 d, 10 h, 18 min
Server uptime:15 d, 9 h, 24 min
                   MONTHLY CLIMATOLOGICAL SUMMARY for avg 2020


NAME: Loka pri Mengšu                  
ELEV: 310 m    LAT: 46-09.15 N    LONG: 14-33.67 E


                   TEMPERATURE (°C), RAIN (mm), WIND SPEED (km/h)

                                         HEAT   COOL         AVG
      MEAN                               DEG    DEG          WIND                   DOM
DAY   TEMP   HIGH   TIME    LOW   TIME   DAYS   DAYS   RAIN  SPEED   HIGH   TIME    DIR
---------------------------------------------------------------------------------------
 01   25,2   33,0  17:25   19,8  03:25    0,0    7,2    0,0    1,4   13,5  12:50    146
 02   20,0   22,7  13:05   16,9  23:15    0,0    2,0   28,8    1,1   14,7  05:35    295
 03   19,4   23,5  12:55   16,6  00:00    0,0    1,4   33,1    1,2   19,6  19:35    138
 04   18,5   24,5  13:05   15,0  03:30    0,0    0,5    4,0    1,4   15,9  13:10    185
 05   17,0   22,5  17:35   14,5  07:40    1,0    0,0    2,2    1,9   14,7  18:50    162
 06   20,6   27,2  15:55   16,1  02:25    0,0    2,6    0,0    2,1   15,9  18:05    157
 07   22,3   31,1  13:30   15,8  05:35    0,0    4,3    0,0    1,9   22,0  13:40    121
 08   22,8   31,2  17:00   14,4  06:10    0,0    4,8    0,0    2,3   18,4  14:55    152
 09   22,9   31,8  17:00   15,1  06:15    0,0    4,9    0,0    1,3   12,2  14:40    149
 10   23,5   31,6  16:45   16,6  06:10    0,0    5,5    0,0    1,6   12,2  12:00    151
 11   21,8   27,4  15:15   17,1  06:30    0,0    3,8    0,0    1,0   20,8  13:55    176
 12   22,1   29,5  15:00   16,2  05:10    0,0    4,1    0,0    1,4   14,7  13:40    151
 13   23,7   31,1  15:10   17,4  05:55    0,0    5,7    0,0    1,9   15,9  16:50    148
 14   21,8   29,8  14:05   17,4  21:45    0,0    3,8   13,7    1,9   18,4  15:30    177
 15   20,8   28,5  17:40   15,7  02:55    0,0    2,8    0,0    1,1   12,2  14:15    146
 16   21,9   29,2  16:00   17,0  05:30    0,0    3,9    0,0    1,3   12,2  17:10    151
 17   21,8   30,7  15:55   17,6  02:15    0,0    3,8    1,4    1,5   15,9  15:10    139
 18   19,7   24,2  16:25   15,3  06:00    0,0    1,7    0,4    1,0    9,8  10:25    164
 19   19,8   27,9  15:20   14,1  06:00    0,0    1,8    0,0    1,1   11,0  12:35    136
 20   21,1   30,5  17:00   13,2  06:10    0,0    3,1    0,0    1,2   11,0  13:55    143
 21   22,8   32,4  15:45   15,7  05:45    0,0    4,8    0,0    1,8   17,1  16:15    143
 22   23,7   32,4  15:30   16,8  06:35    0,0    5,7    0,0    1,6   18,4  16:40    140
 23   21,2   24,9  17:30   19,0  03:00    0,0    3,2    0,0    1,5   13,5  06:10    127
 24   19,0   23,9  17:20   15,4  23:10    0,0    1,0    0,7    1,1   12,2  17:20    129
 25   19,8   26,8  15:10   14,2  07:30    0,0    1,8    0,0    1,8   17,1  12:40    157
 26   19,5   28,8  14:20   11,7  06:30    0,0    1,5    0,0    1,4   14,7  13:45    194
 27   20,8   28,7  16:40   13,6  06:50    0,0    2,8    0,0    1,8   17,1  12:35    142
 28   21,3   28,9  15:00   14,1  06:35    0,0    3,3    1,1    1,4   11,0  12:30    170
 29   23,0   31,1  14:40   18,3  00:10    0,0    5,0    0,7    1,4   18,4  11:55    221
 30   19,8   24,1  13:35   17,0  06:50    0,0    1,8   11,2    1,6   17,1  14:40    192
 31   16,1   19,4  13:20   13,6  23:50    1,9    0,0   17,6    0,9   13,5  18:40    133
---------------------------------------------------------------------------------------
      21,1   33,0     01   11,7     26    2,9   98,8  114,8    1,5   22,0     07    152