Weather Station, Loka pri Mengšu

46° 09.15' N | 14° 33.67' E | 310 m | Show on map

Weather briefly
12.5 °C 99 % 1012 mbar 0.0 km/h 0.0 km/h 0.0 mm
-0.8 °C/h 1 %/h 0 mbar/h N/A ( N/A) N/A ( N/A) 0.0 mm/h

14/08/22 01:50:00 CEST

Climate Summary for

Station:ecowitt-client
Software:weewx v4.8.0
WeeWX uptime:15 d, 10 h, 33 min
Server uptime:15 d, 9 h, 39 min
                   MONTHLY CLIMATOLOGICAL SUMMARY for jul 2020


NAME: Loka pri Mengšu                  
ELEV: 310 m    LAT: 46-09.15 N    LONG: 14-33.67 E


                   TEMPERATURE (°C), RAIN (mm), WIND SPEED (km/h)

                                         HEAT   COOL         AVG
      MEAN                               DEG    DEG          WIND                   DOM
DAY   TEMP   HIGH   TIME    LOW   TIME   DAYS   DAYS   RAIN  SPEED   HIGH   TIME    DIR
---------------------------------------------------------------------------------------
 01   23,1   30,9  14:50   15,3  05:55    0,0    5,1    0,0    1,6   13,5  13:10    147
 02   22,3   30,2  13:10   16,3  05:30    0,0    4,3    0,0    1,7   24,5  14:30    139
 03   19,0   23,0  18:00   15,1  00:00    0,0    1,0   18,7    1,4    9,8  16:45    161
 04   19,3   26,1  13:40   12,8  04:10    0,0    1,3    0,0    2,5   19,6  13:45    148
 05   20,6   29,3  17:00   11,3  05:40    0,0    2,6    0,0    1,7   13,5  12:25    158
 06   22,3   30,7  16:00   14,2  05:30    0,0    4,3   45,7    2,7   17,1  16:35    153
 07   17,2   23,1  18:00   12,1  05:25    0,8    0,0   27,0    3,1   24,5  16:45    153
 08   18,4   27,1  17:35    9,5  05:50    0,0    0,4    0,0    1,7   13,5  14:45    155
 09   21,2   30,7  16:40   12,0  05:45    0,0    3,2    0,0    1,9   13,5  13:20    157
 10   22,5   32,2  16:45   13,4  05:40    0,0    4,5    0,0    1,6   12,2  12:35    151
 11   19,2   28,5  12:55   14,0  05:00    0,0    1,2   19,4    1,9   25,7  16:40    181
 12   18,0   24,0  16:25   11,8  00:00    0,0    0,0    0,4    3,8   23,3  10:20    146
 13   17,2   24,4  15:30    9,7  04:10    0,8    0,0    0,0    3,1   24,5  12:00    133
 14   17,1   24,1  16:45    8,9  05:55    0,9    0,0    0,0    3,2   23,3  11:10    147
 15   18,8   27,6  16:55    9,9  05:40    0,0    0,8    0,0    1,8   12,2  11:35    158
 16   19,1   26,6  14:50   14,6  05:15    0,0    1,1    5,0    1,7   25,7  16:15    146
 17   17,5   22,2  18:00   13,9  00:00    0,5    0,0   10,8    2,6   25,7  11:10    141
 18   16,3   22,2  13:15   11,5  04:45    1,7    0,0    0,0    1,7   13,5  11:10    156
 19   18,5   26,0  17:50   10,6  04:40    0,0    0,5    0,0    1,2   11,0  11:35    157
 20   22,3   30,5  17:55   14,2  06:20    0,0    4,3    0,0    1,5   15,9  15:20    150
 21   22,6   31,9  16:40   14,1  06:15    0,0    4,6    0,0    1,8   14,7  19:45    175
 22   21,5   29,7  15:00   15,6  06:20    0,0    3,5   13,3    2,2   15,9  15:35    154
 23   21,3   28,8  16:00   15,6  05:40    0,0    3,3    9,4    2,4   19,6  23:10    158
 24   19,0   24,3  13:25   16,3  03:00    0,0    1,0    6,1    2,0   14,7  06:40    175
 25   20,0   28,1  17:45   16,0  02:55    0,0    2,0    1,8    1,4   12,2  15:10    157
 26   21,0   30,1  17:15   13,3  06:00    0,0    3,0    0,0    1,5   12,2  15:10    156
 27   22,8   30,3  16:40   15,1  05:55    0,0    4,8    0,0    1,6   13,5  14:55    150
 28   23,9   33,8  16:00   15,7  06:00    0,0    5,9    0,0    1,4   12,2  16:30    138
 29   24,4   32,0  15:30   17,4  06:15    0,0    6,4   50,0    2,9   20,8  20:45    146
 30   23,9   31,2  16:55   18,3  04:55    0,0    5,9    0,0    1,5   14,7  16:10    153
 31   24,7   32,1  14:20   19,2  06:10    0,0    6,7    0,0    1,2   14,7  14:30    134
---------------------------------------------------------------------------------------
      20,5   33,8     28    8,9     14    4,8   81,7  207,7    2,0   25,7     11    151