Weather Station, Loka pri Mengšu

46° 09.15' N | 14° 33.67' E | 310 m | Show on map

Weather briefly
12.1 °C 99 % 1012 mbar 0.0 km/h 0.0 km/h 0.0 mm
-0.7 °C/h 1 %/h -0 mbar/h N/A ( N/A) N/A ( N/A) 0.0 mm/h

14/08/22 02:10:00 CEST

Climate Summary for

Station:ecowitt-client
Software:weewx v4.8.0
WeeWX uptime:15 d, 10 h, 53 min
Server uptime:15 d, 9 h, 59 min
                   MONTHLY CLIMATOLOGICAL SUMMARY for jun 2020


NAME: Loka pri Mengšu                  
ELEV: 310 m    LAT: 46-09.15 N    LONG: 14-33.67 E


                   TEMPERATURE (°C), RAIN (mm), WIND SPEED (km/h)

                                         HEAT   COOL         AVG
      MEAN                               DEG    DEG          WIND                   DOM
DAY   TEMP   HIGH   TIME    LOW   TIME   DAYS   DAYS   RAIN  SPEED   HIGH   TIME    DIR
---------------------------------------------------------------------------------------
 01   16,4   23,7  16:25   10,4  06:00    1,6    0,0    0,0    2,1   17,1  11:30    145
 02   16,8   24,6  14:50    9,2  05:45    1,2    0,0    1,1    1,6   14,7  16:15    142
 03   17,9   27,1  14:50    9,9  05:35    0,1    0,0    0,0    1,6   23,3  17:40    140
 04   16,8   21,5  10:45   13,3  04:50    1,2    0,0    3,6    2,3   19,6  10:10    158
 05   14,5   18,3  10:55   13,0  00:00    3,5    0,0   33,1    1,1   19,6  12:50    288
 06   17,4   24,4  13:55   12,5  00:35    0,6    0,0    0,0    1,3   18,4  14:50    148
 07   17,9   25,2  14:55   11,8  04:10    0,1    0,0    3,6    1,5   17,1  14:55    152
 08   14,7   15,4  18:00   13,6  12:10    3,3    0,0   34,9    0,8   11,0  09:50    136
 09   15,2   20,3  18:15   12,2  00:00    2,8    0,0   18,4    0,7    8,6  10:00    156
 10   15,1   21,9  17:30   11,3  23:50    2,9    0,0    2,5    1,0   15,9  18:10    150
 11   16,1   23,8  17:45    8,3  05:20    1,9    0,0    0,0    1,9   15,9  12:35    151
 12   17,7   26,0  17:00    9,1  05:15    0,3    0,0    0,0    2,2   23,3  14:15    145
 13   19,5   27,2  16:45   10,8  05:35    0,0    1,5    0,0    3,0   22,0  14:45    145
 14   18,8   26,0  17:35   11,7  05:05    0,0    0,8    0,0    1,8   18,4  16:35    131
 15   17,5   20,4  17:10   15,5  04:55    0,5    0,0   12,2    0,5    6,1  09:25    275
 16   18,9   24,5  13:00   15,0  05:55    0,0    0,9    0,0    1,2   11,0  14:20    138
 17   17,3   25,0  14:45   12,5  23:50    0,7    0,0    0,0    0,7    9,8  15:20     84
 18   20,8   26,5  15:50   11,8  02:05    0,0    2,8    0,0    2,9   20,8  17:10    138
 19   17,9   25,0  12:00   15,1  00:00    0,1    0,0    9,7    1,8   15,9  15:25    300
 20   18,0   24,3  16:30   13,3  05:15    0,0    0,0    0,0    1,2    9,8  10:50    130
 21   16,9   22,7  16:45   14,9  03:50    1,1    0,0    0,4    0,9    9,8  11:35    149
 22   21,2   29,9  15:30   13,0  05:30    0,0    3,2    0,0    2,4   17,1  17:30    278
 23   21,1   30,0  15:10   11,5  05:45    0,0    3,1    0,7    2,7   15,9  17:00    139
 24   19,5   26,2  15:55   11,1  05:30    0,0    1,5    0,4    2,2   15,9  18:10    151
 25   15,9   18,3  15:40   14,5  06:55    2,1    0,0   29,9    1,4   12,2  17:25    293
 26   19,5   28,6  17:30   13,4  04:30    0,0    1,5    0,4    1,4   14,7  16:45    140
 27   21,8   29,8  16:25   13,1  05:00    0,0    3,8    0,0    1,9   18,4  14:35    139
 28   23,2   32,3  16:50   14,7  05:55    0,0    5,2    0,0    1,4   11,0  13:00    143
 29   21,1   30,4  13:00   15,5  05:50    0,0    3,1    0,0    2,1   18,4  14:10    152
 30   20,4   28,0  17:35   15,4  02:30    0,0    2,4    0,0    1,2   13,5  12:40    134
---------------------------------------------------------------------------------------
      18,2   32,3     28    8,3     11   23,9   29,8  150,8    1,6   23,3     03    148