Weather Station, Loka pri Mengšu

46° 09.15' N | 14° 33.67' E | 310 m | Show on map

Weather briefly
12.3 °C 99 % 1012 mbar 0.0 km/h 0.0 km/h 0.0 mm
-0.2 °C/h 0 %/h -0 mbar/h N/A ( N/A) N/A ( N/A) 0.0 mm/h

14/08/22 02:50:00 CEST

Climate Summary for

Station:ecowitt-client
Software:weewx v4.8.0
WeeWX uptime:15 d, 11 h, 33 min
Server uptime:15 d, 10 h, 39 min
                   MONTHLY CLIMATOLOGICAL SUMMARY for apr 2020


NAME: Loka pri Mengšu                  
ELEV: 310 m    LAT: 46-09.15 N    LONG: 14-33.67 E


                   TEMPERATURE (°C), RAIN (mm), WIND SPEED (km/h)

                                         HEAT   COOL         AVG
      MEAN                               DEG    DEG          WIND                   DOM
DAY   TEMP   HIGH   TIME    LOW   TIME   DAYS   DAYS   RAIN  SPEED   HIGH   TIME    DIR
---------------------------------------------------------------------------------------
 01    3,2    9,7  15:20   -3,2  06:25   14,8    0,0    0,0    3,3   34,3  13:15     88
 02    3,7   13,7  16:20   -5,5  06:55   14,3    0,0    0,0    1,4   12,2  15:10    143
 03    7,1   18,6  15:15   -3,6  06:55   10,9    0,0    0,0    1,5   14,7  13:40    133
 04   10,0   16,8  16:30    2,7  07:15    8,0    0,0    0,0    3,8   34,3  14:55     69
 05   10,0   18,2  16:00    0,1  07:10    8,0    0,0    0,0    4,1   24,5  11:45     76
 06   10,8   20,0  15:40    1,1  07:00    7,2    0,0    0,0    2,8   25,7  11:45     64
 07   10,3   20,2  16:00   -1,1  06:45    7,7    0,0    0,0    2,9   24,5  13:35     96
 08    9,8   21,0  16:30   -2,1  06:50    8,2    0,0    0,0    2,2   23,3  12:40    129
 09   11,2   24,1  17:20   -0,8  06:35    6,8    0,0    0,0    1,4   12,2  16:50    140
 10   13,1   24,5  15:40    1,7  06:40    4,9    0,0    0,0    1,5   15,9  14:20    137
 11   14,4   23,9  17:45    3,7  06:40    3,6    0,0    1,4    1,5   12,2  12:40    135
 12   14,9   25,5  15:10    4,7  06:45    3,1    0,0    0,0    2,3   23,3  16:40    200
 13   13,3   23,5  14:55    5,2  06:35    4,7    0,0    0,0    3,0   26,9  15:25    203
 14    6,1   12,2  04:15    0,0  00:00   11,9    0,0   12,6    2,9   23,3  10:10    132
 15    5,7   15,4  17:35   -2,1  06:15   12,3    0,0    0,0    1,4   13,5  13:00    151
 16   10,7   24,1  15:20   -0,4  06:00    7,3    0,0    0,0    2,0   24,5  16:30    186
 17   13,6   25,3  15:10    2,6  05:50    4,4    0,0    0,0    1,8   17,1  17:10    173
 18   14,5   24,8  15:15    4,1  06:15    3,5    0,0    0,0    2,4   20,8  15:20    150
 19   15,9   25,8  16:10    5,9  06:55    2,1    0,0    0,0    2,6   23,3  20:55    115
 20   12,0   14,7  15:55    9,1  07:40    6,0    0,0    0,0    5,6   26,9  14:55     82
 21   11,1   17,6  16:00    5,4  00:00    6,9    0,0    0,0    4,5   28,2  13:40    103
 22   11,6   19,2  15:45    3,6  06:30    6,4    0,0    0,0    3,4   23,3  10:40     81
 23   11,5   20,5  16:50    1,4  06:35    6,5    0,0    0,0    2,9   29,4  10:50    110
 24   12,7   24,3  15:35    1,2  06:35    5,3    0,0    0,0    2,3   19,6  15:35    161
 25   15,3   24,9  15:45    5,1  06:25    2,7    0,0    0,0    2,9   30,6  15:15    169
 26   15,7   22,1  16:10   11,6  06:50    2,3    0,0    0,0    2,8   15,9  18:45    138
 27   14,4   23,7  14:30    6,2  05:50    3,6    0,0    0,0    1,5   17,1  13:35    203
 28   14,1   19,9  14:10    9,0  03:50    3,9    0,0    4,3    1,3   12,2  14:35    206
 29   12,8   16,0  13:35    9,7  00:00    5,2    0,0    7,6    1,3   12,2  00:15    194
 30   14,2   20,9  15:10    7,0  05:40    3,8    0,0    0,0    1,8   14,7  23:40    167
---------------------------------------------------------------------------------------
      11,4   25,8     19   -5,5     02  196,3    0,0   25,9    2,5   34,3     01    119