Weather Station, Loka pri Mengšu

46° 09.15' N | 14° 33.67' E | 310 m | Show on map

Weather briefly
11.6 °C 99 % 1012 mbar 0.0 km/h 0.0 km/h 0.0 mm
-1.0 °C/h 0 %/h -0 mbar/h N/A ( N/A) N/A ( N/A) 0.0 mm/h

14/08/22 03:20:00 CEST

Climate Summary for

Station:ecowitt-client
Software:weewx v4.8.0
WeeWX uptime:15 d, 12 h, 3 min
Server uptime:15 d, 11 h, 9 min
                   MONTHLY CLIMATOLOGICAL SUMMARY for feb 2020


NAME: Loka pri Mengšu                  
ELEV: 310 m    LAT: 46-09.15 N    LONG: 14-33.67 E


                   TEMPERATURE (°C), RAIN (mm), WIND SPEED (km/h)

                                         HEAT   COOL         AVG
      MEAN                               DEG    DEG          WIND                   DOM
DAY   TEMP   HIGH   TIME    LOW   TIME   DAYS   DAYS   RAIN  SPEED   HIGH   TIME    DIR
---------------------------------------------------------------------------------------
 01    8,0   12,0  14:55    4,8  06:55   10,0    0,0    0,0    1,3   14,7  12:10    276
 02    8,5   11,5  13:10    3,8  05:45    9,5    0,0    0,0    3,6   23,3  21:35    285
 03   10,2   12,7  14:55    8,4  03:15    7,8    0,0    0,0    2,8   17,1  09:30    288
 04    8,1   13,0  14:35    2,7  23:35    9,9    0,0    5,8    3,3   30,6  10:35    289
 05    6,0    9,2  13:15   -0,9  23:40   12,0    0,0    0,0    6,9   33,0  15:10    300
 06    3,5   10,9  15:10   -2,6  00:00   14,5    0,0    0,0    3,0   22,0  02:40    120
 07    0,6    9,8  15:25   -5,3  07:15   17,4    0,0    0,0    0,8    8,6  12:15    153
 08    0,6    9,6  15:35   -5,5  07:35   17,4    0,0    0,0    0,8    8,6  12:20    120
 09    2,3   11,6  13:50   -4,7  07:05   15,7    0,0    0,0    1,2   15,9  13:40    271
 10    7,8   10,6  13:20    5,9  00:10   10,2    0,0    0,7    3,2   22,0  10:40    274
 11    8,7   14,5  13:25    5,7  23:55    9,3    0,0    0,0    2,4   18,4  15:15    119
 12    5,0   11,6  14:00   -1,3  00:00   13,0    0,0    0,0    0,9    9,8  15:50    332
 13    4,3   11,3  14:30   -3,0  07:05   13,7    0,0    0,0    1,6   18,4  19:45    230
 14    6,9   16,2  15:30    0,5  23:55   11,1    0,0    3,2    1,4   18,4  01:20    221
 15    3,9   12,7  14:20   -2,1  07:25   14,1    0,0    0,0    0,8    9,8  14:20    120
 16    4,7   15,2  15:10   -2,3  07:20   13,3    0,0    0,0    1,1   14,7  15:10    165
 17    8,3   11,3  13:45    4,1  01:50    9,7    0,0    0,0    2,9   23,3  20:55    235
 18    8,4   11,5  14:35    3,4  23:45    9,6    0,0    0,0    1,3   11,0  14:10    154
 19    6,9   12,0  13:35    2,1  00:00   11,1    0,0    0,0    1,6   17,1  10:45    139
 20    3,1   10,5  16:00   -2,8  07:20   14,9    0,0    0,0    1,0    9,8  12:20    127
 21    3,7   15,2  15:10   -3,6  07:25   14,3    0,0    0,0    1,1   13,5  14:30    121
 22    5,2   14,3  15:20   -1,6  01:15   12,8    0,0    0,0    1,3   17,1  15:45    159
 23    6,8   14,4  15:15    0,8  05:25   11,2    0,0    0,0    1,6   18,4  16:50    228
 24    7,5   11,8  11:10    3,0  02:30   10,5    0,0    0,0    1,6   15,9  11:40    108
 25    7,9   10,8  12:50    5,0  02:15   10,1    0,0   12,2    1,6   14,7  15:20    235
 26    5,2   10,8  10:15    0,6  23:20   12,8    0,0   14,0    1,2   18,4  11:15    162
 27    3,5    9,1  14:20   -0,2  07:25   14,5    0,0    5,8    1,4   13,5  16:10    221
 28    4,4   11,4  13:40   -1,9  00:00   13,6    0,0    2,2    3,8   31,8  11:00    296
 29    4,8   13,3  15:00   -3,3  06:10   13,2    0,0    0,0    3,7   34,3  15:10    253
---------------------------------------------------------------------------------------
       5,7   16,2     14   -5,5     08  357,2    0,0   43,9    2,0   34,3     29    259