Weather Station, Loka pri Mengšu

46° 09.15' N | 14° 33.67' E | 310 m | Show on map

Weather briefly
12.7 °C 99 % 1012 mbar 0.0 km/h 0.0 km/h 0.0 mm
-0.5 °C/h 1 %/h 0 mbar/h N/A ( N/A) N/A ( N/A) 0.0 mm/h

14/08/22 01:35:00 CEST

Climate Summary for

Station:ecowitt-client
Software:weewx v4.8.0
WeeWX uptime:15 d, 10 h, 18 min
Server uptime:15 d, 9 h, 24 min
                   MONTHLY CLIMATOLOGICAL SUMMARY for jan 2020


NAME: Loka pri Mengšu                  
ELEV: 310 m    LAT: 46-09.15 N    LONG: 14-33.67 E


                   TEMPERATURE (°C), RAIN (mm), WIND SPEED (km/h)

                                         HEAT   COOL         AVG
      MEAN                               DEG    DEG          WIND                   DOM
DAY   TEMP   HIGH   TIME    LOW   TIME   DAYS   DAYS   RAIN  SPEED   HIGH   TIME    DIR
---------------------------------------------------------------------------------------
 01   -1,4    7,0  14:40   -5,8  07:35   19,4    0,0    0,0    0,3    6,1  11:40    135
 02   -3,6    0,3  14:20   -5,3  04:20   21,6    0,0    0,0    0,1    7,3  14:20    147
 03   -2,7    4,6  14:45   -6,7  08:00   20,7    0,0    0,0    0,0    3,7  13:40    154
 04   -0,7    4,3  14:15   -4,6  07:45   18,7    0,0    0,0    0,5   12,2  22:15    129
 05    2,1    8,8  09:55   -4,0  00:00   15,9    0,0    0,0    3,2   23,3  07:10    171
 06   -2,8    4,8  13:30   -7,2  07:45   20,8    0,0    0,0    0,6    7,3  11:25    134
 07   -3,4    3,6  14:00   -7,9  07:55   21,4    0,0    0,0    0,1    6,1  12:00    117
 08   -2,6    7,2  14:25   -7,6  07:35   20,6    0,0    0,0    0,3    7,3  12:55    133
 09    0,1    9,2  14:55   -3,7  00:10   17,9    0,0    0,0    0,2    6,1  12:15    137
 10    0,7   11,8  14:30   -4,6  08:10   17,3    0,0    0,0    0,4   15,9  14:35    132
 11    0,3    9,7  14:50   -5,2  07:30   17,7    0,0    0,0    0,2    6,1  11:10    137
 12    1,8    9,0  14:00   -3,6  00:00   16,2    0,0    0,0    0,3    7,3  12:10    249
 13   -2,4    2,2  14:20   -5,4  04:45   20,4    0,0    0,0    0,0    2,4  09:10    143
 14    0,3   10,5  14:50   -5,1  08:10   17,7    0,0    0,0    0,4   11,0  15:30    141
 15    0,6    8,0  13:25   -5,3  07:40   17,4    0,0    0,0    0,2    7,3  15:35    165
 16    1,9    8,4  14:35   -3,6  07:40   16,1    0,0    0,0    0,2    6,1  12:25    112
 17    2,0    6,5  12:50   -1,7  07:35   16,0    0,0    0,0    1,3   11,0  13:35    156
 18    1,0    1,5  13:25    0,5  23:50   17,0    0,0    0,4    0,1    4,9  14:25    134
 19    1,6    7,2  13:15   -2,2  00:00   16,4    0,0    0,0    0,6    9,8  12:10    150
 20    0,6    4,9  11:45   -3,5  03:35   17,4    0,0    0,0    0,8   11,0  13:20    110
 21    0,2    7,1  14:45   -4,2  23:30   17,8    0,0    0,0    0,5    8,6  12:10    126
 22    0,1   11,9  15:10   -5,4  07:15   17,9    0,0    0,0    0,3    6,1  12:00    125
 23   -1,9    4,6  14:40   -5,4  07:55   19,9    0,0    0,0    0,6    8,6  14:30    136
 24   -2,2    5,2  15:25   -6,6  04:20   20,2    0,0    0,0    0,3    6,1  12:20    133
 25    2,4    9,0  15:20   -1,9  00:10   15,6    0,0    0,7    0,1    4,9  15:40    130
 26    4,4    7,1  15:25    2,2  00:50   13,6    0,0    2,2    0,1    4,9  11:20    151
 27    4,4    5,5  15:15    2,7  00:00   13,6    0,0    0,0    0,2    7,3  12:45     43
 28    5,8    9,4  13:10    2,5  02:55   12,2    0,0   14,8    0,7   15,9  13:55    276
 29    3,9    9,5  15:00   -0,6  21:55   14,1    0,0    0,0    0,6   11,0  11:40    128
 30    0,8    6,8  15:40   -2,3  03:45   17,2    0,0    0,0    0,4    7,3  14:40    143
 31    7,4   14,3  15:15    1,8  00:10   10,6    0,0    0,0    2,3   20,8  15:20    271
---------------------------------------------------------------------------------------
       0,6   14,3     31   -7,9     07  539,2    0,0   18,0    0,5   23,3     05    155