Weather Station, Loka pri Mengšu

46° 09.15' N | 14° 33.67' E | 310 m | Show on map

Weather briefly
11.8 °C 99 % 1012 mbar 0.0 km/h 0.0 km/h 0.0 mm
-0.3 °C/h 0 %/h -0 mbar/h N/A ( N/A) N/A ( N/A) 0.0 mm/h

14/08/22 03:10:00 CEST

Climate Summary for

Station:ecowitt-client
Software:weewx v4.8.0
WeeWX uptime:15 d, 11 h, 53 min
Server uptime:15 d, 10 h, 59 min
                   MONTHLY CLIMATOLOGICAL SUMMARY for dec 2019


NAME: Loka pri Mengšu                  
ELEV: 310 m    LAT: 46-09.15 N    LONG: 14-33.67 E


                   TEMPERATURE (°C), RAIN (mm), WIND SPEED (km/h)

                                         HEAT   COOL         AVG
      MEAN                               DEG    DEG          WIND                   DOM
DAY   TEMP   HIGH   TIME    LOW   TIME   DAYS   DAYS   RAIN  SPEED   HIGH   TIME    DIR
---------------------------------------------------------------------------------------
 01    1,7    3,7  14:40   -0,4  06:20   16,3    0,0    1,4    0,0    3,7  14:45    158
 02    3,4    4,6  13:40    2,5  01:20   14,6    0,0   31,0    2,6   18,4  19:45    129
 03    2,4    8,4  13:50   -2,2  00:00   15,6    0,0    0,0    1,1   13,5  14:10    130
 04   -0,9    5,0  13:40   -3,4  08:10   18,9    0,0    0,0    0,9   14,7  15:30    154
 05   -1,3    0,9  14:10   -4,3  23:45   19,3    0,0    0,0    0,7    7,3  08:20    142
 06   -1,2    6,2  14:30   -5,4  05:25   19,2    0,0    0,0    0,1    6,1  13:55    126
 07    0,9   10,2  14:10   -3,6  07:40   17,1    0,0    0,0    0,1    6,1  13:10    149
 08    1,4    7,2  20:45   -2,4  06:15   16,6    0,0    0,0    0,2   12,2  20:30    269
 09    6,1    9,2  13:35    3,4  01:15   11,9    0,0    7,9    0,4   11,0  03:25    153
 10    2,8    9,8  14:25   -2,3  00:00   15,2    0,0    0,4    0,4   11,0  15:10    152
 11   -1,6    6,4  14:30   -6,0  08:00   19,6    0,0    0,0    0,2    6,1  13:10    187
 12   -2,0    0,6  14:40   -5,6  03:25   20,0    0,0    0,0    0,1    7,3  13:55    137
 13    0,2    1,8  18:55   -1,2  05:35   17,8    0,0   17,3    0,3   13,5  18:45    286
 14    0,6    2,4  10:20   -1,0  00:00   17,4    0,0    2,2    0,5    8,6  11:35    114
 15    0,5    3,0  23:25   -1,6  02:15   17,5    0,0    0,4    0,0    3,7  11:35    169
 16    7,1   11,8  14:40    2,9  07:55   10,9    0,0    0,4    0,6   18,4  14:25    283
 17   11,6   15,2  15:10    7,1  04:15    6,4    0,0    0,0    1,4   20,8  22:50    263
 18   11,0   15,3  14:00    7,2  06:00    7,0    0,0    0,0    0,8   15,9  04:25    273
 19    9,7   11,4  13:50    8,6  00:10    8,3    0,0    2,5    0,1    4,9  12:25     95
 20    9,7   13,7  14:30    6,1  07:30    8,3    0,0    4,0    1,0   14,7  14:00    229
 21    9,5   11,1  15:15    7,9  00:00    8,5    0,0   28,8    0,5   19,6  17:30    183
 22    6,7    7,9  11:25    5,2  23:35   11,3    0,0   23,4    0,8   14,7  12:50    288
 23    4,6    8,3  15:40    1,5  00:00   13,4    0,0    0,0    0,1    6,1  19:45    108
 24    2,7    9,7  14:20   -1,0  08:00   15,3    0,0    0,4    0,7    9,8  19:50    148
 25    1,3    9,2  14:40   -2,4  08:25   16,7    0,0    0,0    0,8   12,2  17:45    133
 26    1,7    9,7  14:55   -2,1  08:10   16,3    0,0    0,0    0,6    8,6  02:30    129
 27    1,9    4,9  14:10   -0,3  04:40   16,1    0,0    0,0    0,1    4,9  12:55    132
 28   -0,8    5,5  14:55   -4,2  00:00   18,8    0,0    0,0    0,3    7,3  10:15    157
 29   -2,4    3,9  13:50   -6,6  08:10   20,4    0,0    0,0    0,7    9,8  15:00    150
 30   -3,2    3,6  13:45   -8,0  07:25   21,2    0,0    0,0    0,4    7,3  12:55    143
 31   -1,7    5,5  14:50   -5,8  04:20   19,7    0,0    0,0    0,5    7,3  11:40    123
---------------------------------------------------------------------------------------
       2,7   15,3     18   -8,0     30  475,5    0,0  119,9    0,6   20,8     17    162