Weather Station, Loka pri Mengšu

46° 09.15' N | 14° 33.67' E | 310 m | Show on map

Weather briefly
12.7 °C 99 % 1012 mbar 0.0 km/h 0.0 km/h 0.0 mm
-0.5 °C/h 1 %/h 0 mbar/h N/A ( N/A) N/A ( N/A) 0.0 mm/h

14/08/22 01:35:00 CEST

Climate Summary for

Station:ecowitt-client
Software:weewx v4.8.0
WeeWX uptime:15 d, 10 h, 18 min
Server uptime:15 d, 9 h, 24 min
                   MONTHLY CLIMATOLOGICAL SUMMARY for okt 2019


NAME: Loka pri Mengšu                  
ELEV: 310 m    LAT: 46-09.15 N    LONG: 14-33.67 E


                   TEMPERATURE (°C), RAIN (mm), WIND SPEED (km/h)

                                         HEAT   COOL         AVG
      MEAN                               DEG    DEG          WIND                   DOM
DAY   TEMP   HIGH   TIME    LOW   TIME   DAYS   DAYS   RAIN  SPEED   HIGH   TIME    DIR
---------------------------------------------------------------------------------------
 01   16,5   22,7  13:25   13,2  00:10    1,5    0,0    0,0    0,4    8,6  13:10    273
 02   14,1   22,8  12:30   10,2  22:35    3,9    0,0   29,5    0,7   17,1  16:20    272
 03   10,7   14,7  16:40    5,0  00:00    7,3    0,0    0,0    1,4   13,5  17:10    151
 04    8,3   16,6  15:10    3,7  03:25    9,7    0,0    0,0    0,5    9,8  11:15    124
 05   11,8   20,1  16:25    6,6  03:40    6,2    0,0    0,0    0,7   12,2  15:50    150
 06   10,3   16,2  14:25    2,9  07:30    7,7    0,0    0,0    1,7   14,7  00:20    159
 07   10,7   15,7  15:35    7,8  07:35    7,3    0,0    0,0    2,4   14,7  10:10     83
 08    9,0   17,7  16:25    2,7  06:45    9,0    0,0    0,0    0,9   12,2  14:15    150
 09   10,8   16,4  16:35    4,4  04:30    7,2    0,0    4,0    0,8   13,5  16:25    289
 10   12,7   15,0  14:45   10,7  00:00    5,3    0,0   14,8    0,5    8,6  14:30    152
 11   11,1   19,4  16:45    6,7  04:55    6,9    0,0    0,0    0,5    9,8  15:05     99
 12   12,3   22,3  14:45    5,9  07:40    5,7    0,0    0,0    0,8   13,5  16:10    216
 13   13,3   22,4  13:55    7,1  08:00    4,7    0,0    0,0    0,8   20,8  13:55    157
 14   13,7   23,1  14:15    8,5  06:05    4,3    0,0    0,0    0,7   14,7  16:30    134
 15   13,2   19,8  14:40    8,0  06:40    4,8    0,0    0,0    0,2    7,3  12:55    280
 16   15,3   22,4  15:15   10,0  00:00    2,7    0,0   13,7    0,7   12,2  14:45    152
 17   13,4   21,5  16:15    9,8  00:00    4,6    0,0    0,0    0,5    9,8  16:20    127
 18   13,1   19,9  14:10    7,8  07:50    4,9    0,0    0,0    0,8   19,6  14:15    156
 19   14,3   19,6  11:45   10,4  02:40    3,7    0,0    0,0    0,6   12,2  15:10    282
 20   16,2   20,5  15:10   13,3  01:30    1,8    0,0    0,0    0,5   13,5  09:40    268
 21   16,6   23,7  14:55   11,5  00:00    1,4    0,0    0,0    0,7   22,0  14:55    234
 22   14,2   25,5  16:40    8,3  07:55    3,8    0,0    0,0    0,4    7,3  13:00    131
 23   13,5   24,0  16:45    9,7  02:20    4,5    0,0    0,0    0,3    9,8  12:10    119
 24   12,6   24,4  16:00    8,3  05:30    5,4    0,0    0,0    0,4    7,3  10:55    131
 25   11,1   21,1  15:50    6,1  05:00    6,9    0,0    0,0    0,3    8,6  12:50    133
 26   10,4   20,9  16:10    4,3  07:10    7,6    0,0    0,0    0,6    7,3  11:10    139
 27   10,9   23,9  14:35    4,7  06:55    7,1    0,0    0,0    0,3    4,9  10:00    146
 28   11,1   16,8  13:35    5,2  04:55    6,9    0,0    0,0    0,4    9,8  23:45    122
 29    8,7   12,8  00:15    6,9  00:00    9,3    0,0    5,0    0,9   12,2  05:40    120
 30    7,4    9,1  13:45    6,3  23:40   10,6    0,0    0,4    1,6   13,5  21:00    112
 31    6,2    8,2  12:20    5,0  07:10   11,8    0,0    4,0    1,9   14,7  13:20    123
---------------------------------------------------------------------------------------
      12,0   25,5     22    2,7     08  184,5    0,0   71,3    0,8   22,0     21    137