Weather Station, Loka pri Mengšu

46° 09.15' N | 14° 33.67' E | 310 m | Show on map

Weather briefly
12.6 °C 99 % 1012 mbar 0.0 km/h 0.0 km/h 0.0 mm
-0.1 °C/h 0 %/h -0 mbar/h N/A ( N/A) N/A ( N/A) 0.0 mm/h

14/08/22 02:20:00 CEST

Climate Summary for

Station:ecowitt-client
Software:weewx v4.8.0
WeeWX uptime:15 d, 11 h, 3 min
Server uptime:15 d, 10 h, 9 min
                   MONTHLY CLIMATOLOGICAL SUMMARY for sep 2019


NAME: Loka pri Mengšu                  
ELEV: 310 m    LAT: 46-09.15 N    LONG: 14-33.67 E


                   TEMPERATURE (°C), RAIN (mm), WIND SPEED (km/h)

                                         HEAT   COOL         AVG
      MEAN                               DEG    DEG          WIND                   DOM
DAY   TEMP   HIGH   TIME    LOW   TIME   DAYS   DAYS   RAIN  SPEED   HIGH   TIME    DIR
---------------------------------------------------------------------------------------
 01   22,0   31,6  15:20   15,6  06:40    0,0    4,0    0,0    1,6   13,5  18:50    261
 02   18,9   27,7  13:05   14,8  05:50    0,0    0,9   33,8    0,9   20,8  15:00    219
 03   17,4   23,2  16:10   11,9  00:00    0,6    0,0   14,4    2,1   13,5  13:45    153
 04   15,7   24,9  15:55    8,3  06:45    2,3    0,0    0,0    1,6   17,1  14:30    138
 05   16,6   26,2  16:35    8,5  06:40    1,4    0,0    0,0    1,4   19,6  15:25    145
 06   15,5   17,8  09:45   14,1  00:00    2,5    0,0   10,1    0,9   17,1  11:25    153
 07   15,7   18,2  14:25   13,6  23:50    2,3    0,0   21,2    0,8   14,7  23:00    171
 08   14,3   15,9  14:25   13,2  01:15    3,7    0,0   22,0    1,0   17,1  19:45    126
 09   14,6   21,1  17:20   10,4  00:00    3,4    0,0    7,6    0,6   11,0  13:25    148
 10   13,8   23,0  16:30    8,9  02:40    4,2    0,0    0,0    0,7    9,8  14:40     99
 11   14,1   20,8  16:55    7,2  06:20    3,9    0,0    0,0    1,3   12,2  12:20    158
 12   16,1   25,8  16:10   11,1  02:10    1,9    0,0    0,0    1,0   12,2  15:50    148
 13   16,6   26,2  16:30   10,2  05:50    1,4    0,0    0,0    0,9   11,0  14:55    150
 14   17,9   24,9  15:10   11,5  04:10    0,1    0,0    0,0    0,7    9,8  14:00    140
 15   19,4   26,3  16:00   14,1  23:55    0,0    1,4    0,0    0,9    9,8  10:30    119
 16   18,3   28,8  17:00   12,1  04:00    0,0    0,3    0,0    0,6    9,8  14:15    150
 17   19,7   27,2  14:50   14,3  06:00    0,0    1,7    0,0    1,4   19,6  17:00    152
 18   14,7   18,0  00:20   12,0  21:55    3,3    0,0   14,4    2,5   20,8  09:30    135
 19   13,7   19,3  13:50    8,0  23:55    4,3    0,0    0,0    2,0   19,6  14:15     88
 20   10,8   18,1  16:15    4,8  07:00    7,2    0,0    0,0    1,9   22,0  15:20    128
 21   10,4   19,4  16:10    3,0  06:50    7,6    0,0    0,0    1,2   13,5  13:35    152
 22   10,6   19,0  14:15    4,1  06:50    7,4    0,0    1,1    0,7   11,0  16:20    139
 23   15,2   19,4  12:10   11,6  07:10    2,8    0,0   26,6    0,4    8,6  15:15    139
 24   16,3   20,6  14:50   12,2  00:00    1,7    0,0    0,7    1,0   13,5  12:55    146
 25   14,3   17,4  13:25   12,1  07:55    3,7    0,0   12,6    0,4    7,3  15:40    144
 26   15,1   22,8  16:45   10,7  07:40    2,9    0,0    3,6    0,5    9,8  12:25    149
 27   15,1   24,1  15:45   10,6  02:50    2,9    0,0    0,0    0,5   12,2  16:00    143
 28   15,8   19,9  12:10   12,7  07:30    2,2    0,0    0,7    0,9   13,5  20:35    149
 29   16,4   21,7  15:00   13,6  06:55    1,6    0,0    0,4    0,5    8,6  14:50    158
 30   18,4   24,5  14:15   13,3  00:00    0,0    0,4    0,0    1,8   18,4  10:25    143
---------------------------------------------------------------------------------------
      15,8   31,6     01    3,0     21   75,2    8,7  169,2    1,1   22,0     20    143