Weather Station, Loka pri Mengšu

46° 09.15' N | 14° 33.67' E | 310 m | Show on map

Weather briefly
11.6 °C 99 % 1012 mbar 0.0 km/h 0.0 km/h 0.0 mm
-0.9 °C/h 0 %/h -0 mbar/h N/A ( N/A) N/A ( N/A) 0.0 mm/h

14/08/22 03:15:00 CEST

Climate Summary for

Station:ecowitt-client
Software:weewx v4.8.0
WeeWX uptime:15 d, 11 h, 58 min
Server uptime:15 d, 11 h, 4 min
                   MONTHLY CLIMATOLOGICAL SUMMARY for jun 2019


NAME: Loka pri Mengšu                  
ELEV: 310 m    LAT: 46-09.15 N    LONG: 14-33.67 E


                   TEMPERATURE (°C), RAIN (mm), WIND SPEED (km/h)

                                         HEAT   COOL         AVG
      MEAN                               DEG    DEG          WIND                   DOM
DAY   TEMP   HIGH   TIME    LOW   TIME   DAYS   DAYS   RAIN  SPEED   HIGH   TIME    DIR
---------------------------------------------------------------------------------------
 01   16,8   27,3  16:55    7,9  05:50    1,2    0,0    0,0    2,1   20,8  18:00    153
 02   19,6   27,1  14:10   13,5  05:15    0,0    1,6    0,0    2,0   18,4  13:15    151
 03   19,8   29,4  15:40   11,3  05:45    0,0    1,8    0,7    1,9   14,7  13:35    133
 04   20,9   29,6  15:25   13,0  05:15    0,0    2,9    0,0    1,9   14,7  17:20    128
 05   21,3   28,0  14:40   13,6  06:05    0,0    3,3    0,0    3,0   24,5  14:15    148
 06   21,2   27,3  14:35   16,0  05:30    0,0    3,2    0,0    3,6   24,5  14:45    163
 07   20,9   26,8  15:30   13,9  05:55    0,0    2,9    0,0    3,3   24,5  14:30    151
 08   22,2   29,8  16:30   12,6  05:35    0,0    4,2    0,0    2,6   26,9  15:45    158
 09   22,3   29,2  17:45   15,1  05:50    0,0    4,3    0,0    1,9   13,5  11:55    143
 10   22,5   30,5  17:30   15,1  04:50    0,0    4,5    0,7    1,8   14,7  15:45    139
 11   21,8   30,2  13:10   16,5  05:15    0,0    3,8    0,7    1,7   15,9  11:50    152
 12   23,7   30,8  18:10   16,3  05:50    0,0    5,7    0,0    2,1   13,5  12:10    140
 13   22,9   30,1  15:10   15,5  05:50    0,0    4,9    0,0    2,8   23,3  14:15    148
 14   23,0   33,9  17:25   12,0  05:50    0,0    5,0    0,0    1,4    9,8  13:10    148
 15   23,3   32,5  16:50   15,8  05:05    0,0    5,3    0,0    1,4   15,9  17:15    145
 16   23,5   32,0  14:45   15,5  06:00    0,0    5,5    0,7    2,8   29,4  19:10    130
 17   21,4   27,5  15:15   16,6  04:50    0,0    3,4    1,8    2,5   17,1  13:45    133
 18   21,7   27,4  14:35   16,5  05:45    0,0    3,7    0,7    2,3   20,8  16:40    143
 19   20,9   28,4  13:05   14,7  05:35    0,0    2,9    0,0    2,0   17,1  15:00    177
 20   20,4   31,4  14:35   14,1  05:35    0,0    2,4   45,7    2,0   37,9  17:05    154
 21   20,4   29,4  14:40   14,4  05:35    0,0    2,4    0,0    1,9   31,8  15:50    148
 22   19,6   23,0  17:15   17,3  05:20    0,0    1,6   34,9    1,2   12,2  12:55    181
 23   20,0   25,7  16:20   17,0  03:55    0,0    2,0    2,9    1,4   12,2  18:55    149
 24   22,5   29,3  15:20   16,3  01:15    0,0    4,5    0,0    2,2   15,9  16:50    149
 25   23,6   30,1  15:40   16,2  05:55    0,0    5,6    0,0    2,6   17,1  16:10    144
 26   24,9   32,2  17:10   17,3  05:45    0,0    6,9    0,0    2,2   13,5  11:20    150
 27   26,5   35,4  15:25   18,1  05:35    0,0    8,5    0,0    1,6   11,0  16:40    148
 28   24,6   28,6  16:35   18,3  00:00    0,0    6,6    0,0    3,5   18,4  15:45    143
 29   21,7   28,9  17:25   13,7  05:20    0,0    3,7    0,0    2,6   15,9  15:55    145
 30   22,3   31,8  17:45   12,7  05:25    0,0    4,3    0,0    1,9   12,2  13:30    157
---------------------------------------------------------------------------------------
      21,9   35,4     27    7,9     01    1,2  117,2   88,9    2,2   37,9     20    147