Weather Station, Loka pri Mengšu

46° 09.15' N | 14° 33.67' E | 310 m | Show on map

Weather briefly
12.7 °C 99 % 1012 mbar 0.0 km/h 0.0 km/h 0.0 mm
-0.3 °C/h 1 %/h 0 mbar/h N/A ( N/A) N/A ( N/A) 0.0 mm/h

14/08/22 01:30:00 CEST

Climate Summary for

Station:ecowitt-client
Software:weewx v4.8.0
WeeWX uptime:15 d, 10 h, 13 min
Server uptime:15 d, 9 h, 19 min
                   MONTHLY CLIMATOLOGICAL SUMMARY for maj 2019


NAME: Loka pri Mengšu                  
ELEV: 310 m    LAT: 46-09.15 N    LONG: 14-33.67 E


                   TEMPERATURE (°C), RAIN (mm), WIND SPEED (km/h)

                                         HEAT   COOL         AVG
      MEAN                               DEG    DEG          WIND                   DOM
DAY   TEMP   HIGH   TIME    LOW   TIME   DAYS   DAYS   RAIN  SPEED   HIGH   TIME    DIR
---------------------------------------------------------------------------------------
 01   13,0   23,8  16:10    6,1  03:40    5,0    0,0    0,0    1,8   15,9  15:35    192
 02   13,7   22,6  14:10    4,5  05:55    4,3    0,0    0,0    3,0   25,7  15:20    209
 03   11,6   14,4  10:20    9,7  03:05    6,4    0,0   10,1    1,2   13,5  03:25    232
 04   11,1   14,4  14:55    9,7  05:20    6,9    0,0   12,2    1,0   11,0  14:55     94
 05    7,5   10,6  00:10    4,1  23:55   10,5    0,0   17,3    1,1   11,0  03:25    216
 06    7,2   13,7  15:15    3,1  05:55   10,8    0,0    0,4    3,0   17,1  18:20    160
 07    7,7   17,2  16:35    0,2  04:40   10,3    0,0    0,0    2,0   14,7  13:35    146
 08    9,5   17,8  14:20    1,1  06:00    8,5    0,0    0,0    2,5   22,0  14:35    189
 09   10,2   12,7  18:55    6,1  22:40    7,8    0,0   10,8    1,4   12,2  03:30    249
 10   12,5   22,0  15:55    6,0  05:50    5,5    0,0    0,0    2,1   23,3  15:30    160
 11   14,1   21,5  14:50    5,9  05:45    3,9    0,0    0,4    2,2   22,0  17:55    192
 12   10,7   13,5  00:10    8,6  08:10    7,3    0,0   23,0    2,2   13,5  02:25    275
 13   10,5   14,0  15:55    8,4  00:00    7,5    0,0    0,4    1,3    9,8  13:00    190
 14    8,0   10,7  11:35    5,1  00:00   10,0    0,0    0,0    4,0   24,5  09:10     89
 15    5,9    7,7  17:00    4,2  05:45   12,1    0,0   21,6    1,5    9,8  10:15    153
 16   10,2   14,9  15:15    6,1  05:10    7,8    0,0    0,0    2,2   17,1  15:50    138
 17   12,2   18,5  16:55    6,8  05:10    5,8    0,0    0,0    2,6   15,9  12:30    150
 18   12,5   18,2  14:45    8,5  02:10    5,5    0,0    4,7    1,2   12,2  14:45    127
 19   13,8   19,3  14:15   11,1  05:55    4,2    0,0    8,6    1,5   17,1  16:00    167
 20   13,5   17,3  16:50   11,0  04:50    4,5    0,0    0,4    2,3   20,8  13:40    202
 21   13,2   15,9  16:25   11,1  06:10    4,8    0,0    6,1    1,0   12,2  15:00    185
 22   13,7   22,2  16:10    9,5  05:15    4,3    0,0   32,3    1,0   17,1  17:00     82
 23   15,6   24,4  15:40    9,8  06:45    2,4    0,0    0,0    1,6   13,5  12:45    156
 24   18,3   25,5  16:25   10,9  06:15    0,0    0,3    0,0    2,2   13,5  10:40    136
 25   16,1   24,8  13:30    9,9  05:40    1,9    0,0    0,7    2,1   23,3  13:50    210
 26   16,1   25,2  15:20   10,2  05:15    1,9    0,0    0,4    2,3   22,0  15:45    149
 27   14,6   16,6  16:20   13,7  04:40    3,4    0,0   13,7    1,0   12,2  09:45    138
 28   15,3   20,0  12:50   13,2  03:50    2,7    0,0   49,0    1,1   19,6  15:25    265
 29   11,8   13,8  00:30    9,9  07:40    6,2    0,0   37,4    2,2   15,9  05:10    276
 30   12,3   16,4  15:25    9,5  06:30    5,7    0,0    6,8    1,1   11,0  12:20    190
 31   15,4   22,7  14:30    9,6  05:50    2,6    0,0    0,0    1,8   13,5  12:00    139
---------------------------------------------------------------------------------------
      12,2   25,5     24    0,2     07  180,5    0,3  256,2    1,9   25,7     02    167