Weather Station, Loka pri Mengšu

46° 09.15' N | 14° 33.67' E | 310 m | Show on map

Weather briefly
12.7 °C 99 % 1012 mbar 0.0 km/h 0.0 km/h 0.0 mm
-0.6 °C/h 0 %/h 0 mbar/h N/A ( N/A) N/A ( N/A) 0.0 mm/h

14/08/22 01:40:00 CEST

Climate Summary for

Station:ecowitt-client
Software:weewx v4.8.0
WeeWX uptime:15 d, 10 h, 23 min
Server uptime:15 d, 9 h, 29 min
                   MONTHLY CLIMATOLOGICAL SUMMARY for apr 2019


NAME: Loka pri Mengšu                  
ELEV: 310 m    LAT: 46-09.15 N    LONG: 14-33.67 E


                   TEMPERATURE (°C), RAIN (mm), WIND SPEED (km/h)

                                         HEAT   COOL         AVG
      MEAN                               DEG    DEG          WIND                   DOM
DAY   TEMP   HIGH   TIME    LOW   TIME   DAYS   DAYS   RAIN  SPEED   HIGH   TIME    DIR
---------------------------------------------------------------------------------------
 01   11,1   20,7  15:35    2,3  06:35    6,9    0,0    0,0    2,9   25,7  13:10    117
 02   11,6   20,2  16:10    2,7  06:45    6,4    0,0    0,0    1,5   18,4  15:20    144
 03   10,9   17,3  15:55    6,0  05:40    7,1    0,0    2,9    2,2   18,4  13:25    273
 04   11,2   17,3  17:25    6,3  02:25    6,8    0,0    0,0    2,9   29,4  15:20    158
 05   10,0   13,4  00:05    7,2  23:20    8,0    0,0   31,0    3,1   23,3  16:25     92
 06    8,6   12,3  14:50    4,7  23:50    9,4    0,0    0,0    0,9    9,8  09:55    167
 07    8,5   16,1  14:50    4,0  06:35    9,5    0,0    0,0    1,7   14,7  15:45    130
 08   10,4   16,3  15:00    6,9  00:25    7,6    0,0    3,2    1,9   13,5  15:00    142
 09    9,7   12,0  15:35    7,6  06:25    8,3    0,0    3,6    1,0    9,8  11:45    125
 10   11,0   13,9  14:20    9,0  00:10    7,0    0,0    8,6    1,1   12,2  06:00    293
 11    9,2   10,4  00:40    7,0  23:05    8,8    0,0    9,7    2,4   13,5  11:10    159
 12    5,9    7,0  00:20    4,7  21:40   12,1    0,0    3,2    3,0   12,2  14:20    174
 13    7,0   11,0  15:10    4,4  06:45   11,0    0,0    0,4    3,3   17,1  15:00    139
 14    7,2    9,3  13:10    5,2  07:05   10,8    0,0    0,0    3,2   19,6  15:15    124
 15   10,4   16,6  14:20    5,0  00:00    7,6    0,0    0,0    3,4   30,6  14:40     62
 16    9,5   18,7  16:50    0,3  05:40    8,5    0,0    0,0    1,7   13,5  12:45    131
 17   11,0   21,1  16:15    1,0  06:30    7,0    0,0    0,0    2,4   13,5  12:00    123
 18   11,3   19,1  16:30    2,8  05:45    6,7    0,0    0,0    3,2   24,5  14:40    115
 19   12,1   21,8  17:00    2,1  05:55    5,9    0,0    0,0    2,0   18,4  12:20    153
 20   12,8   23,1  16:45    3,0  06:45    5,2    0,0    0,0    2,8   22,0  12:55    132
 21   13,4   24,4  16:50    2,2  06:30    4,6    0,0    0,0    2,2   14,7  17:10    130
 22   13,5   22,8  14:30    2,9  06:40    4,5    0,0    0,0    3,1   25,7  13:30    190
 23   10,9   12,6  00:10    9,5  04:10    7,1    0,0   17,6    0,7    8,6  10:55     87
 24   14,4   20,2  14:30   10,7  00:15    3,6    0,0    1,8    1,9   20,8  14:40    249
 25   17,8   24,1  14:45   11,4  06:00    0,2    0,0    0,0    3,7   26,9  12:25    250
 26   16,3   24,5  13:40   10,9  06:00    1,7    0,0    0,0    3,3   35,5  16:10    207
 27   11,4   17,8  11:20    6,1  23:50    6,6    0,0    6,5    2,2   14,7  00:40    187
 28    6,7    8,7  10:10    4,4  04:15   11,3    0,0   17,3    3,6   22,0  12:10    278
 29    9,2   14,6  12:00    5,5  05:55    8,8    0,0    0,0    1,4   11,0  11:20    163
 30   10,5   15,7  15:00    6,7  05:10    7,5    0,0    0,0    2,4   22,0  11:10    281
---------------------------------------------------------------------------------------
      10,8   24,5     26    0,3     16  216,5    0,0  105,8    2,4   35,5     26    155