Weather Station, Loka pri Mengšu

46° 09.15' N | 14° 33.67' E | 310 m | Show on map

Weather briefly
12.3 °C 99 % 1012 mbar 0.0 km/h 0.0 km/h 0.0 mm
-0.8 °C/h 1 %/h 0 mbar/h N/A ( N/A) N/A ( N/A) 0.0 mm/h

14/08/22 02:00:00 CEST

Climate Summary for

Station:ecowitt-client
Software:weewx v4.8.0
WeeWX uptime:15 d, 10 h, 43 min
Server uptime:15 d, 9 h, 49 min
                   MONTHLY CLIMATOLOGICAL SUMMARY for mar 2019


NAME: Loka pri Mengšu                  
ELEV: 310 m    LAT: 46-09.15 N    LONG: 14-33.67 E


                   TEMPERATURE (°C), RAIN (mm), WIND SPEED (km/h)

                                         HEAT   COOL         AVG
      MEAN                               DEG    DEG          WIND                   DOM
DAY   TEMP   HIGH   TIME    LOW   TIME   DAYS   DAYS   RAIN  SPEED   HIGH   TIME    DIR
---------------------------------------------------------------------------------------
 01    6,7   16,4  14:00   -1,4  07:10   11,3    0,0    0,0    1,4    8,6  10:15    113
 02    6,7   16,0  16:00   -0,9  05:45   11,3    0,0    0,0    1,2   11,0  20:35    113
 03    8,2   18,4  14:45   -0,2  06:50    9,8    0,0    0,0    2,0   22,0  14:55    181
 04    8,0   16,5  12:55   -0,3  06:40   10,0    0,0    6,1    3,4   29,4  14:55    265
 05    6,4   15,0  15:50    1,7  00:00   11,6    0,0    0,4    1,4   11,0  14:50    123
 06    7,2   15,9  13:30   -0,9  06:40   10,8    0,0    0,0    2,8   19,6  18:55    257
 07   11,4   16,4  12:45    7,4  23:55    6,6    0,0    0,0    3,0   26,9  10:55    244
 08   11,3   18,8  13:20    5,7  06:45    6,7    0,0    0,0    2,9   28,2  13:35    231
 09   10,2   17,1  14:15    5,0  06:45    7,8    0,0    0,0    2,5   26,9  16:10    192
 10    9,7   12,2  13:15    5,4  07:10    8,3    0,0    0,0    2,8   22,0  12:40    290
 11    4,6    9,6  10:25    0,4  00:00   13,4    0,0    7,2    2,1   19,6  11:10    140
 12    4,3   12,4  15:25   -1,0  00:00   13,7    0,0    0,4    3,2   19,6  14:10    144
 13    4,1   11,5  12:30   -1,7  04:45   13,9    0,0    0,4    1,6   17,1  15:25    143
 14    6,2   13,9  14:00    1,1  06:15   11,8    0,0    0,0    2,2   20,8  14:35    170
 15    7,8   16,5  15:25   -1,4  05:45   10,2    0,0    0,0    2,3   13,5  09:45    243
 16    8,9   17,3  15:45    0,9  06:55    9,1    0,0    0,0    2,2   18,4  16:30    242
 17   11,2   15,9  10:55    6,7  00:10    6,8    0,0    0,0    3,3   19,6  15:45    239
 18    5,4   11,4  00:10    1,9  13:40   12,6    0,0   18,0    2,4   18,4  07:40    227
 19    4,6    7,8  15:45    2,1  23:55   13,4    0,0    0,4    2,7   17,1  11:20    114
 20    5,0   11,2  13:10    0,1  06:40   13,0    0,0    0,0    4,5   34,3  13:10     52
 21    5,9   14,3  15:35   -2,3  06:30   12,1    0,0    0,0    2,9   20,8  10:25    112
 22    7,2   18,9  15:50   -2,5  06:10   10,8    0,0    0,0    1,6   14,7  16:30    141
 23    9,4   21,5  16:10   -0,8  06:20    8,6    0,0    0,0    1,7   13,5  13:35    151
 24   11,1   23,0  15:40    0,8  06:10    6,9    0,0    0,0    1,6    9,8  12:55    113
 25    8,0   17,4  14:40    2,0  06:15   10,0    0,0   22,3    2,8   26,9  17:45    115
 26    7,1   13,1  15:40    1,2  23:55   10,9    0,0    0,0    4,3   28,2  10:55     73
 27    4,2   11,0  15:00   -1,7  05:00   13,8    0,0    0,0    2,4   23,3  16:00    106
 28    6,8   14,6  15:15    0,5  02:10   11,2    0,0    0,0    3,3   25,7  13:25    102
 29    9,8   16,3  15:20    3,4  00:00    8,2    0,0    0,0    2,9   19,6  10:30    102
 30    8,8   20,7  16:25   -0,8  05:45    9,2    0,0    0,0    1,4   12,2  13:00    146
 31   10,8   22,8  16:25   -0,7  07:10    7,2    0,0    0,0    1,8   17,1  15:45    124
---------------------------------------------------------------------------------------
       7,7   23,0     24   -2,5     22  320,8    0,0   55,1    2,5   34,3     20    142