Weather Station, Loka pri Mengšu

46° 09.15' N | 14° 33.67' E | 310 m | Show on map

Weather briefly
12.1 °C 99 % 1012 mbar 0.0 km/h 0.0 km/h 0.0 mm
-0.7 °C/h 1 %/h -0 mbar/h N/A ( N/A) N/A ( N/A) 0.0 mm/h

14/08/22 02:10:00 CEST

Climate Summary for

Station:ecowitt-client
Software:weewx v4.8.0
WeeWX uptime:15 d, 10 h, 53 min
Server uptime:15 d, 9 h, 59 min
                   MONTHLY CLIMATOLOGICAL SUMMARY for dec 2018


NAME: Loka pri Mengšu                  
ELEV: 310 m    LAT: 46-09.15 N    LONG: 14-33.67 E


                   TEMPERATURE (°C), RAIN (mm), WIND SPEED (km/h)

                                         HEAT   COOL         AVG
      MEAN                               DEG    DEG          WIND                   DOM
DAY   TEMP   HIGH   TIME    LOW   TIME   DAYS   DAYS   RAIN  SPEED   HIGH   TIME    DIR
---------------------------------------------------------------------------------------
 01    0,1    4,9  13:50   -3,1  02:15   17,9    0,0    0,0    0,6    9,8  12:45    138
 02    2,3    6,5  21:15   -1,2  06:50   15,7    0,0    0,0    0,6   13,5  20:55    153
 03    6,5   11,8  13:35    3,2  01:15   11,5    0,0    0,7    0,8    7,3  13:35    131
 04    7,9   15,4  14:35    3,0  23:35   10,1    0,0    0,0    1,2   11,0  03:40    192
 05    4,8    7,7  13:50    1,9  02:15   13,2    0,0    0,0    0,8    9,8  12:00    137
 06    3,2    6,1  14:15    1,4  20:40   14,8    0,0    0,7    0,6    7,3  16:30    231
 07    4,7    8,8  14:35    2,6  00:10   13,3    0,0    0,0    1,0   13,5  23:15    308
 08    5,5    7,5  02:10    0,8  21:05   12,5    0,0    8,3    1,8   18,4  10:55    206
 09    2,0    6,6  14:15   -0,7  05:40   16,0    0,0    0,0    1,0   11,0  11:40    295
 10    0,7    3,0  15:00   -0,6  00:40   17,3    0,0    0,0    1,1    8,6  12:30    128
 11    0,8    7,7  14:55   -1,9  23:55   17,2    0,0    0,4    1,4   11,0  14:40    183
 12   -1,7    5,2  14:45   -4,2  00:00   19,7    0,0    0,0    0,3    6,1  13:50    149
 13   -1,2    1,6  13:15   -5,2  02:40   19,2    0,0    0,0    1,9   13,5  13:40    102
 14    0,5    1,7  12:20   -0,2  23:55   17,5    0,0    0,0    4,7   15,9  07:35    100
 15   -0,5    3,9  12:30   -2,9  20:10   18,5    0,0    0,0    1,4   11,0  00:25    154
 16   -1,4    0,9  14:25   -3,5  07:55   19,4    0,0    0,0    1,5    9,8  11:25    135
 17   -1,7    1,8  13:30   -5,0  23:55   19,7    0,0    0,0    0,3    4,9  11:40    140
 18   -2,9   -0,4  20:20   -6,3  05:10   20,9    0,0    0,0    0,4    4,9  10:35    141
 19   -0,2    2,6  13:15   -3,2  02:10   18,2    0,0    0,0    0,1    6,1  11:10    315
 20    1,3    2,7  14:40   -0,1  00:10   16,7    0,0    0,0    0,5    6,1  11:00    140
 21    2,1    5,5  16:40   -1,1  08:00   15,9    0,0    0,0    0,7    9,8  16:25    282
 22    6,2    8,9  15:00    3,1  00:00   11,8    0,0    0,0    4,1   18,4  14:10    278
 23    3,9    9,2  14:45    1,0  08:40   14,1    0,0    0,0    0,9    6,1  07:10     91
 24    6,0   11,0  14:40    0,5  00:00   12,0    0,0    0,0    1,9   13,5  04:25    253
 25   -0,6    3,2  14:50   -3,2  22:35   18,6    0,0    0,0    0,6    7,3  00:10    174
 26   -1,4    4,8  15:10   -4,4  03:50   19,4    0,0    0,0    0,5    8,6  13:50    130
 27   -1,8    5,9  14:30   -6,2  08:00   19,8    0,0    0,0    0,6    7,3  13:30    130
 28   -2,0    2,9  15:00   -4,7  05:45   20,0    0,0    0,0    0,2    4,9  13:15    140
 29   -2,1    4,6  15:00   -6,1  08:10   20,1    0,0    0,0    0,5    7,3  11:40    144
 30   -1,4    3,2  14:30   -3,4  00:10   19,4    0,0    0,0    1,6   12,2  23:50    149
 31    0,4    5,6  14:35   -2,7  06:30   17,6    0,0    0,0    1,2   11,0  01:50    145
---------------------------------------------------------------------------------------
       1,3   15,4     04   -6,3     18  518,2    0,0   10,1    1,1   18,4     08    147