Weather Station, Loka pri Mengšu

46° 09.15' N | 14° 33.67' E | 310 m | Show on map

Weather briefly
12.1 °C 99 % 1012 mbar 0.0 km/h 0.0 km/h 0.0 mm
-0.6 °C/h 0 %/h -0 mbar/h N/A ( N/A) N/A ( N/A) 0.0 mm/h

14/08/22 02:30:00 CEST

Climate Summary for

Station:ecowitt-client
Software:weewx v4.8.0
WeeWX uptime:15 d, 11 h, 13 min
Server uptime:15 d, 10 h, 19 min
                   MONTHLY CLIMATOLOGICAL SUMMARY for nov 2018


NAME: Loka pri Mengšu                  
ELEV: 310 m    LAT: 46-09.15 N    LONG: 14-33.67 E


                   TEMPERATURE (°C), RAIN (mm), WIND SPEED (km/h)

                                         HEAT   COOL         AVG
      MEAN                               DEG    DEG          WIND                   DOM
DAY   TEMP   HIGH   TIME    LOW   TIME   DAYS   DAYS   RAIN  SPEED   HIGH   TIME    DIR
---------------------------------------------------------------------------------------
 01    9,0   10,9  13:15    6,0  01:25    9,0    0,0   10,4    0,2    7,3  13:40    165
 02   12,2   13,6  14:30   10,5  05:35    5,8    0,0   14,0    0,2    6,1  17:00    236
 03   14,2   17,6  11:35   12,3  22:45    3,8    0,0    1,1    0,7    8,6  12:35    153
 04   14,3   17,3  13:40   12,6  00:15    3,7    0,0    0,0    0,4    6,1  10:50    143
 05   13,4   15,7  14:00   12,0  07:20    4,6    0,0    0,4    0,2    6,1  06:00    310
 06   13,1   15,4  14:55   12,2  02:10    4,9    0,0    6,5    0,1    6,1  10:25    164
 07   13,0   15,7  11:40   11,4  21:00    5,0    0,0    0,4    1,4   11,0  13:50    140
 08   12,5   18,2  14:25    9,7  19:55    5,5    0,0    0,4    0,7    9,8  12:20    124
 09   11,6   13,3  14:40   10,3  00:20    6,4    0,0    0,0    0,7    7,3  09:40    143
 10   10,8   14,6  12:10    8,3  02:50    7,2    0,0    0,0    1,2   14,7  14:45    171
 11   12,9   16,5  13:00   10,6  03:40    5,1    0,0    0,0    0,8    9,8  12:00    244
 12   14,6   18,9  14:20   11,0  00:00    3,4    0,0    0,0    2,4   13,5  01:35    172
 13   11,6   17,4  13:20    7,7  04:25    6,4    0,0    0,0    0,9   14,7  12:10    202
 14    9,0   13,4  14:00    5,3  22:30    9,0    0,0    0,0    0,3    6,1  09:45     17
 15    8,3   13,0  12:10    5,3  23:55    9,7    0,0    0,0    1,1   12,2  23:55    137
 16    6,6   12,7  14:25    2,4  20:50   11,4    0,0    0,0    2,4   22,0  12:15    108
 17    4,6    9,8  11:00   -1,4  23:50   13,4    0,0    0,0    3,5   24,5  15:40    114
 18    2,7    5,4  12:55   -1,0  00:10   15,3    0,0    0,0    2,0   13,5  23:45    119
 19    2,0    3,2  14:10    1,0  05:40   16,0    0,0    0,7    3,1   14,7  13:10    118
 20    1,6    2,5  15:20    0,6  07:10   16,4    0,0    4,7    1,4   15,9  05:10    115
 21    3,5    4,9  12:25    1,9  01:25   14,5    0,0    0,0    0,9    8,6  05:45    207
 22    4,7    5,8  13:30    3,7  01:40   13,3    0,0    0,4    0,6    6,1  00:35    166
 23    5,8    7,5  13:30    5,0  05:05   12,2    0,0    0,4    0,7    6,1  21:55    161
 24    6,1    7,0  15:30    5,0  05:10   11,9    0,0   17,6    0,8    7,3  14:15    169
 25    7,3    8,6  14:20    6,6  01:30   10,7    0,0   13,3    0,2    4,9  00:20    148
 26    6,9    7,9  14:25    6,1  07:10   11,1    0,0   15,5    0,5    6,1  12:10    154
 27    5,1    6,7  13:50    2,7  23:55   12,9    0,0    0,0    2,5   14,7  17:20    133
 28    1,6    5,3  14:00   -1,6  19:10   16,4    0,0    0,0    3,3   15,9  10:20    125
 29   -0,7    4,1  12:10   -3,9  07:30   18,7    0,0    0,0    1,3   14,7  13:25    144
 30   -0,6    1,4  14:45   -2,9  01:00   18,6    0,0    0,0    1,0    8,6  09:15    153
---------------------------------------------------------------------------------------
       7,9   18,9     12   -3,9     29  302,2    0,0   85,7    1,2   24,5     17    136