Weather Station, Loka pri Mengšu

46° 09.15' N | 14° 33.67' E | 310 m | Show on map

Weather briefly
12.1 °C 99 % 1012 mbar 0.0 km/h 0.0 km/h 0.0 mm
-0.4 °C/h 0 %/h -0 mbar/h N/A ( N/A) N/A ( N/A) 0.0 mm/h

14/08/22 02:45:00 CEST

Climate Summary for

Station:ecowitt-client
Software:weewx v4.8.0
WeeWX uptime:15 d, 11 h, 28 min
Server uptime:15 d, 10 h, 34 min
                   MONTHLY CLIMATOLOGICAL SUMMARY for okt 2018


NAME: Loka pri Mengšu                  
ELEV: 310 m    LAT: 46-09.15 N    LONG: 14-33.67 E


                   TEMPERATURE (°C), RAIN (mm), WIND SPEED (km/h)

                                         HEAT   COOL         AVG
      MEAN                               DEG    DEG          WIND                   DOM
DAY   TEMP   HIGH   TIME    LOW   TIME   DAYS   DAYS   RAIN  SPEED   HIGH   TIME    DIR
---------------------------------------------------------------------------------------
 01    8,5   14,8  13:25    2,5  05:50    9,5    0,0    5,4    0,8   13,5  12:00    145
 02   10,1   16,3  16:00    5,2  00:00    7,9    0,0    1,1    1,4   15,9  15:20    144
 03    9,3   20,0  16:00    3,6  02:55    8,7    0,0    0,0    0,7    7,3  10:30    137
 04   10,6   20,0  15:55    4,3  06:35    7,4    0,0    0,0    1,5   14,7  13:30    148
 05   10,0   20,3  15:15    4,1  04:50    8,0    0,0    0,0    1,5   14,7  15:15    142
 06   12,9   19,4  14:30    7,6  05:00    5,1    0,0    8,6    1,0   11,0  13:15    146
 07   15,5   19,9  16:35   13,4  03:00    2,5    0,0    7,9    0,6    8,6  14:15    153
 08   15,6   21,3  14:40   12,8  23:55    2,4    0,0    1,1    0,7   15,9  15:10    151
 09   15,4   21,6  15:20   11,5  05:35    2,6    0,0    0,0    0,8   12,2  14:00    170
 10   13,9   21,8  15:00    9,9  00:00    4,1    0,0    0,0    1,5   19,6  14:45    144
 11   12,2   22,2  15:35    8,1  06:25    5,8    0,0    0,0    0,8    9,8  12:45    143
 12   11,8   21,2  15:55    7,6  02:15    6,2    0,0    0,7    0,7    8,6  13:15    137
 13   11,7   21,7  15:25    7,6  02:50    6,3    0,0    0,0    1,0   11,0  17:35    143
 14   11,1   20,5  15:55    5,9  06:40    6,9    0,0    0,0    0,8    8,6  10:45    141
 15   10,5   13,0  14:15    8,0  06:20    7,5    0,0    0,4    0,3    7,3  13:10    147
 16   12,2   15,9  15:00    9,9  06:55    5,8    0,0    0,0    0,4    7,3  11:45    123
 17   14,3   19,1  14:00   11,0  06:45    3,7    0,0    0,4    0,5    7,3  11:15    195
 18   15,3   21,6  15:45   11,2  00:00    2,7    0,0    0,0    0,5    7,3  15:45    137
 19   12,2   20,5  15:40    7,7  06:25    5,8    0,0    0,0    0,8   11,0  08:25    133
 20   11,3   19,6  15:50    7,5  03:25    6,7    0,0    0,0    0,6    7,3  12:45    136
 21    8,8   10,9  15:40    4,2  21:10    9,2    0,0    4,0    1,3   17,1  09:45    138
 22    9,5   15,7  14:25    4,5  05:50    8,5    0,0    0,4    2,7   19,6  14:35    134
 23    8,6   16,7  15:45    2,2  08:00    9,4    0,0    0,0    1,1    9,8  10:45    132
 24   12,0   21,4  17:15    4,8  07:15    6,0    0,0    0,0    2,5   33,0  21:10    144
 25   11,0   16,8  14:50    7,0  23:50    7,0    0,0    0,0    1,0   11,0  00:10    120
 26   10,3   14,4  21:45    5,3  02:55    7,7    0,0    1,8    0,8   13,5  18:10    258
 27   14,7   19,2  13:30   11,9  02:55    3,3    0,0    4,0    1,6   25,7  10:25    165
 28   14,3   16,2  13:40   13,3  00:15    3,7    0,0   52,9    0,6    7,3  15:00    110
 29   15,1   18,3  19:15   12,4  02:25    2,9    0,0   27,7    1,7   29,4  19:10    129
 30   12,4   17,1  10:45    8,8  18:40    5,6    0,0   13,7    3,9   36,7  12:30    174
 31    9,7   15,9  14:10    6,9  23:55    8,3    0,0    0,0    0,5    8,6  11:45    169
---------------------------------------------------------------------------------------
      12,0   22,2     11    2,2     23  187,3    0,0  130,0    1,1   36,7     30    146