Weather Station, Loka pri Mengšu

46° 09.15' N | 14° 33.67' E | 310 m | Show on map

Weather briefly
2.1 °C 88 % 1015 mbar 2.7 km/h 5.0 km/h 5.0 mm
0.2 °C/h 1 %/h 0 mbar/h SE (132 °) SE (132 °) 0.0 mm/h

20/11/18 22:25:00 CET

Climate Summary for

Station:Froggit WH4000
Software:weewx v3.8.2
WeeWX uptime:20 d, 9 h, 8 min
Server uptime:20 d, 8 h, 26 min
                   MONTHLY CLIMATOLOGICAL SUMMARY for Aug 2018


NAME: Loka pri Mengšu                  
ELEV: 310 m    LAT: 46-09.15 N    LONG: 14-33.67 E


                   TEMPERATURE (°C), RAIN (mm), WIND SPEED (km/h)

                                         HEAT   COOL         AVG
      MEAN                               DEG    DEG          WIND                   DOM
DAY   TEMP   HIGH   TIME    LOW   TIME   DAYS   DAYS   RAIN  SPEED   HIGH   TIME    DIR
---------------------------------------------------------------------------------------
 01   22.8   32.9  14:50   17.6  06:00    0.0    2.7    0.0    1.7   13.3  14:50    252
 02   24.6   30.3  16:20   18.5  06:10    0.0    3.7    0.3    2.7   23.4  16:20    156
 03   25.0   31.7  16:25   18.8  06:30    0.0    3.9    0.0    3.1   19.4  16:25    150
 04   24.5   31.5  16:05   16.8  04:45    0.0    3.6    0.0    2.7   19.4  12:45    142
 05   23.3   31.9  15:35   16.3  06:30    0.0    2.9    1.5    2.3   14.8  15:35    170
 06   24.3   31.9  17:05   17.6  06:25    0.0    3.5    0.0    1.6   14.8  18:35    156
 07   25.2   32.7  14:40   18.0  06:05    0.0    4.0    0.0    2.5   17.3  16:25    156
 08   25.3   33.6  16:15   17.7  05:10    0.0    4.0    0.0    1.7   19.4  15:10    188
 09   23.2   33.5  15:05   16.7  05:55    0.0    2.9    0.0    1.0   11.2  17:45    160
 10   24.4   31.9  15:15   17.8  03:45    0.0    3.6    0.0    2.3   22.0  15:20    163
 11   22.6   28.1  15:20   19.2  00:50    0.0    2.6    0.0    3.0   20.9  14:50    145
 12   22.4   28.3  17:25   17.3  23:55    0.0    2.4    0.0    2.0   18.4  12:20    163
 13   23.4   31.1  16:55   15.3  04:35    0.0    3.0    0.0    2.2   24.5  14:45    154
 14   20.3   24.4  16:20   17.4  02:25    0.0    1.3   11.1    2.1   14.8  14:10    146
 15   21.2   27.0  14:15   16.4  23:55    0.0    1.8    0.0    1.7   12.2  10:55    148
 16   20.5   28.1  14:45   12.7  06:10    0.0    1.4    0.0    2.3   19.4  13:40    133
 17   20.7   29.2  16:30   12.5  06:20    0.0    1.5    0.0    1.9   13.3  13:10    152
 18   22.1   30.7  17:10   14.7  06:25    0.0    2.3    0.0    2.5   20.9  15:00    145
 19   22.6   31.4  15:40   14.3  06:30    0.0    2.5    0.0    1.8   20.9  13:45    137
 20   22.5   32.1  17:16   14.4  05:45    0.0    2.5    0.0    1.9   17.3  12:51    167
 21   23.3   33.0  16:21   15.4  06:24    0.0    3.0    0.0    1.8   17.3  13:34    155
 22   23.1   31.9  16:28   15.0  05:51    0.0    2.9    0.0    2.1   17.3  15:05    142
 23   23.3   32.0  15:23   15.5  06:40    0.0    2.9    0.0    2.0   17.3  13:20    158
 24   20.6   31.1  13:39   15.4  06:34    0.0    1.4    0.0    1.7   18.4  14:20    197
 25   17.4   19.8  14:05   16.2  21:50    0.3    0.0   32.4    1.5   20.9  01:29    180
 26   12.4   13.6  01:55   11.2  07:50    3.1    0.0   21.0    1.1   13.3  03:06    225
 27   15.9   23.5  16:51    9.8  07:15    1.2    0.0    0.0    1.6   14.8  16:21    152
 28   17.4   27.1  15:31    9.3  06:18    0.3    0.0    0.0    1.4   12.2  17:06    155
 29   18.3   27.4  15:21   10.6  06:05    0.0    0.2    0.0    1.4   19.4  13:47    142
 30   19.0   28.4  16:22   11.4  06:10    0.0    0.5    0.9    1.9   20.9  19:21    157
 31   17.7   20.4  13:25   16.3  07:18    0.2    0.0    9.6    0.6    8.6  13:54    287
---------------------------------------------------------------------------------------
      21.5   33.6     08    9.3     28    5.2   66.9   76.8    1.9   24.5     13    154