Weather Station, Loka pri Mengšu

46° 09.15' N | 14° 33.67' E | 310 m | Show on map

Weather briefly
12.5 °C 99 % 1012 mbar 0.0 km/h 0.0 km/h 0.0 mm
-0.8 °C/h 1 %/h 0 mbar/h N/A ( N/A) N/A ( N/A) 0.0 mm/h

14/08/22 01:50:00 CEST

Climate Summary for

Station:ecowitt-client
Software:weewx v4.8.0
WeeWX uptime:15 d, 10 h, 33 min
Server uptime:15 d, 9 h, 39 min
                   MONTHLY CLIMATOLOGICAL SUMMARY for jul 2018


NAME: Loka pri Mengšu                  
ELEV: 310 m    LAT: 46-09.15 N    LONG: 14-33.67 E


                   TEMPERATURE (°C), RAIN (mm), WIND SPEED (km/h)

                                         HEAT   COOL         AVG
      MEAN                               DEG    DEG          WIND                   DOM
DAY   TEMP   HIGH   TIME    LOW   TIME   DAYS   DAYS   RAIN  SPEED   HIGH   TIME    DIR
---------------------------------------------------------------------------------------
 01   18,0   22,0  15:25   14,4  05:25    0,0    0,0    0,0    3,8   17,3  11:15    150
 02   18,9   24,6  15:50   14,5  05:15    0,0    0,9    0,0    0,8    7,2  12:40    192
 03   21,6   28,7  16:45   16,9  00:00    0,0    3,6    7,8    1,1   15,8  21:10    167
 04   21,6   28,1  17:50   16,4  00:30    0,0    3,6   17,7    1,4    9,7  13:10    206
 05   22,1   30,7  15:15   15,0  04:45    0,0    4,1    0,0    2,4   17,3  17:35    196
 06   20,2   25,6  18:05   16,0  06:00    0,0    2,2    0,0    1,4   15,8  01:00    139
 07   21,4   28,7  13:15   15,9  00:00    0,0    3,4    0,0    2,2   19,4  15:40    145
 08   19,1   27,1  15:45   11,8  06:00    0,0    1,1    0,6    1,6   14,7  16:45    131
 09   20,3   28,7  16:25   15,1  05:40    0,0    2,3    0,0    1,4   13,5  13:30    147
 10   20,4   29,0  14:00   12,0  06:00    0,0    2,4    0,3    2,0   13,5  15:30    176
 11   16,5   18,7  00:10   14,3  00:00    1,5    0,0   45,0    1,0   12,2  22:45    180
 12   18,4   25,1  17:40   14,0  03:00    0,0    0,4    0,9    1,6   12,2  15:35    156
 13   21,0   27,9  17:20   16,8  06:05    0,0    3,0   32,7    1,8   14,7  16:00    157
 14   21,0   29,7  14:35   14,6  04:40    0,0    3,0    0,0    1,6   19,6  15:50    159
 15   19,7   25,5  16:15   15,5  23:55    0,0    1,7    4,2    1,8   19,6  16:45     64
 16   19,5   27,7  16:20   14,1  04:45    0,0    1,5    0,0    1,0   13,5  19:45    183
 17   21,6   30,2  16:30   14,9  05:40    0,0    3,6    0,0    2,0   15,9  17:55    252
 18   21,3   32,1  15:35   12,2  06:10    0,0    3,3    0,0    2,0   17,1  16:45    223
 19   22,3   31,7  18:50   12,5  05:40    0,0    4,3    0,0    1,7   13,5  15:40    147
 20   21,2   31,1  14:35   14,5  05:50    0,0    3,2    2,4    1,5   18,4  17:10    240
 21   19,6   28,3  15:25   14,1  06:05    0,0    1,6    4,8    1,2    9,8  09:35    208
 22   19,8   28,1  14:35   16,3  06:25    0,0    1,8   28,8    1,5   17,1  15:25    172
 23   19,1   24,2  17:35   14,6  23:55    0,0    1,1    0,0    1,4   14,7  15:30    157
 24   20,9   29,6  16:40   12,3  05:40    0,0    2,9    0,0    2,0   15,9  15:10    152
 25   22,3   31,9  16:25   14,3  05:55    0,0    4,3    4,2    1,7   13,5  17:10    143
 26   20,1   28,7  14:35   14,6  05:50    0,0    2,1   13,5    1,4   18,4  00:20    165
 27   21,5   30,1  17:30   14,8  04:10    0,0    3,5    0,3    1,4   13,5  13:30    153
 28   23,1   31,5  15:40   15,1  05:55    0,0    5,1    0,0    1,5   15,9  13:30    150
 29   24,8   32,9  17:40   18,9  06:00    0,0    6,8    1,0    1,5   14,7  13:10    168
 30   24,9   32,6  15:00   17,9  05:55    0,0    6,9    0,0    1,9   14,7  14:45    134
 31   25,4   33,2  17:35   17,7  06:15    0,0    7,4    0,0    2,1   13,5  12:45    152
---------------------------------------------------------------------------------------
      20,9   33,2     31   11,8     08    1,5   91,1  164,2    1,7   19,6     14    157