Weather Station, Loka pri Mengšu

46° 09.15' N | 14° 33.67' E | 310 m | Show on map

Weather briefly
12.1 °C 99 % 1012 mbar 0.0 km/h 0.0 km/h 0.0 mm
-0.6 °C/h 0 %/h -0 mbar/h N/A ( N/A) N/A ( N/A) 0.0 mm/h

14/08/22 02:30:00 CEST

Climate Summary for

Station:ecowitt-client
Software:weewx v4.8.0
WeeWX uptime:15 d, 11 h, 13 min
Server uptime:15 d, 10 h, 19 min
                   MONTHLY CLIMATOLOGICAL SUMMARY for maj 2018


NAME: Loka pri Mengšu                  
ELEV: 310 m    LAT: 46-09.15 N    LONG: 14-33.67 E


                   TEMPERATURE (°C), RAIN (mm), WIND SPEED (km/h)

                                         HEAT   COOL         AVG
      MEAN                               DEG    DEG          WIND                   DOM
DAY   TEMP   HIGH   TIME    LOW   TIME   DAYS   DAYS   RAIN  SPEED   HIGH   TIME    DIR
---------------------------------------------------------------------------------------
 01   14,3   21,0  16:35    6,5  06:35    3,7    0,0    0,0    1,9   18,4  12:10    279
 02   18,3   26,2  16:50   12,0  03:00    0,0    0,3   18,0    2,1   22,0  22:30    155
 03   19,4   26,5  15:55   11,9  04:50    0,0    1,4    0,0    3,8   25,6  21:55     58
 04   16,4   22,2  00:15   14,6  06:15    1,6    0,0   11,1    1,8   17,3  01:45    246
 05   17,7   23,1  13:45   13,4  05:30    0,3    0,0    0,6    1,9   15,8  15:00    136
 06   17,3   25,2  16:40   11,3  06:00    0,7    0,0    0,0    2,6   19,4  17:10    146
 07   17,6   25,2  16:15   10,1  06:05    0,4    0,0    0,0    2,4   14,8  12:45    147
 08   16,6   24,3  13:35    8,9  05:55    1,4    0,0    0,3    3,4   24,5  22:30    156
 09   16,2   22,9  14:15   11,4  06:25    1,8    0,0    0,6    2,9   17,3  00:30    281
 10   17,4   25,0  13:40   11,7  06:05    0,6    0,0    0,0    2,1   23,4  15:45    177
 11   15,6   22,4  17:10   11,8  05:45    2,4    0,0    1,8    0,9   14,8  17:40    179
 12   16,2   26,2  14:35   11,0  04:20    1,8    0,0    0,0    1,6   13,3  12:35    130
 13   16,7   24,7  16:10   10,5  05:25    1,3    0,0    0,3    2,3   19,4  13:35    163
 14   15,0   20,7  13:20   11,6  04:25    3,0    0,0   13,2    1,6   20,9  13:45    139
 15   12,5   17,4  15:50    9,3  00:00    5,5    0,0   10,2    2,5   23,4  15:10    156
 16   12,8   19,9  13:50    6,6  04:15    5,2    0,0    1,2    1,5   14,8  15:50    252
 17   14,7   20,6  13:55   10,2  00:00    3,3    0,0    0,9    2,5   23,4  14:40    158
 18   13,1   23,6  15:05    9,6  03:05    4,9    0,0    0,0    1,1   11,2  15:45     58
 19   15,0   22,4  17:05    9,3  03:15    3,0    0,0    1,5    1,7   17,3  18:20    317
 20   16,0   23,4  15:20    9,1  05:50    2,0    0,0    0,0    2,3   18,4  13:10    130
 21   17,4   23,8  17:40   10,7  06:00    0,6    0,0    0,0    2,2   18,4  11:10    110
 22   16,1   21,6  15:40   11,3  02:45    1,9    0,0    3,6    1,6   13,3  17:00    280
 23   17,6   24,4  17:05   12,6  05:50    0,4    0,0    0,3    1,5   13,3  16:30    144
 24   18,4   26,0  16:50   13,7  05:35    0,0    0,4    5,1    1,9   19,4  14:00    176
 25   19,1   26,6  16:15   12,5  05:20    0,0    1,1    0,3    2,1   18,4  18:45    128
 26   20,4   27,5  17:00   13,3  03:10    0,0    2,4    0,0    1,9   15,8  13:10    169
 27   19,9   28,9  16:35   14,3  05:15    0,0    1,9    2,4    2,9   18,4  19:10    184
 28   16,4   26,8  13:20   12,2  05:45    1,6    0,0    0,0    1,1   18,4  23:45    281
 29   19,4   27,9  13:55   14,9  23:00    0,0    1,4    6,3    2,5   24,5  14:00    270
 30   20,3   29,7  17:05   14,8  02:35    0,0    2,3    0,0    1,9   14,8  18:00    185
 31   21,6   29,9  14:40   14,2  05:55    0,0    3,6    0,0    2,4   17,3  16:20    150
---------------------------------------------------------------------------------------
      17,0   29,9     31    6,5     01   47,3   14,8   77,7    2,1   25,6     03    161