Weather Station, Loka pri Mengšu

46° 09.15' N | 14° 33.67' E | 310 m | Show on map

Weather briefly
12.7 °C 99 % 1012 mbar 0.0 km/h 0.0 km/h 0.0 mm
-0.3 °C/h 1 %/h 0 mbar/h N/A ( N/A) N/A ( N/A) 0.0 mm/h

14/08/22 01:30:00 CEST

Climate Summary for

Station:ecowitt-client
Software:weewx v4.8.0
WeeWX uptime:15 d, 10 h, 13 min
Server uptime:15 d, 9 h, 19 min
                   MONTHLY CLIMATOLOGICAL SUMMARY for jan 2018


NAME: Loka pri Mengšu                  
ELEV: 310 m    LAT: 46-09.15 N    LONG: 14-33.67 E


                   TEMPERATURE (°C), RAIN (mm), WIND SPEED (km/h)

                                         HEAT   COOL         AVG
      MEAN                               DEG    DEG          WIND                   DOM
DAY   TEMP   HIGH   TIME    LOW   TIME   DAYS   DAYS   RAIN  SPEED   HIGH   TIME    DIR
---------------------------------------------------------------------------------------
 01    5,7    8,2  07:15    2,6  23:55   12,3    0,0   19,5    3,2   17,3  03:50    283
 02    2,1    3,0  13:35    0,9  23:55   15,9    0,0    0,0    1,2    6,1  01:55    299
 03    2,3    7,0  16:40   -0,9  23:55   15,7    0,0    0,0    2,3   22,0  16:15    287
 04    0,3    3,8  14:20   -2,3  03:45   17,7    0,0    0,0    0,8    6,1  04:20    140
 05    5,9    9,4  19:55    2,2  00:05   12,1    0,0    1,8    0,7    8,6  19:40    311
 06    9,1   13,6  13:40    6,8  02:15    8,9    0,0    0,6    0,9   11,2  15:20    292
 07    8,5   10,1  12:25    6,2  22:50    9,5    0,0    0,6    0,7    6,1  14:15    225
 08    6,4    7,2  13:05    5,6  03:00   11,6    0,0    0,3    0,7    6,1  11:45    112
 09    6,7    8,3  13:35    5,6  07:05   11,3    0,0   14,1    0,9   15,8  16:30    257
 10    6,2    8,7  14:20    3,3  19:20   11,8    0,0    1,2    0,7    7,2  12:30    139
 11    4,6    6,5  14:15    3,5  08:50   13,4    0,0    0,0    0,4    6,1  01:50    150
 12    4,0    8,9  13:20   -0,7  08:05   14,0    0,0    0,0    1,7   15,8  21:05    133
 13    4,6    7,1  14:05    3,2  00:00   13,4    0,0    0,0    4,0   19,4  11:25    107
 14    1,8    3,2  13:00    0,3  00:00   16,2    0,0    0,0    3,6   17,3  06:20    104
 15    0,4    1,6  14:20   -0,7  05:50   17,6    0,0    0,0    1,4    8,6  01:00    124
 16    2,3    6,1  22:25   -0,3  04:05   15,7    0,0    0,9    1,3   14,8  21:55    239
 17    4,1    7,7  14:20   -0,7  23:45   13,9    0,0    0,0    2,5   24,5  17:50    286
 18    2,7   11,1  14:25   -4,0  08:00   15,3    0,0    0,0    2,5   15,8  14:55    258
 19    4,7    6,9  00:35    1,5  22:35   13,3    0,0   10,2    2,5   12,2  00:35    268
 20    1,5    6,0  15:00   -0,9  08:20   16,5    0,0    0,0    0,9   11,2  13:30     75
 21    4,1   11,3  13:45   -0,8  00:00   13,9    0,0    0,3    3,7   40,3  17:55    283
 22    0,9    7,2  14:35   -2,6  07:35   17,1    0,0    0,0    1,2    9,7  13:00    127
 23    2,1   11,9  14:55   -2,6  08:05   15,9    0,0    0,0    0,8    7,2  14:40     92
 24    1,4   10,6  15:20   -3,5  07:50   16,6    0,0    0,0    0,7    8,6  13:00    125
 25    3,2   11,1  13:45   -3,3  07:25   14,8    0,0    0,0    2,0   18,4  16:55    176
 26    7,7   11,2  14:15    1,9  00:00   10,3    0,0    0,0    2,2   22,0  13:00    246
 27    4,2   13,5  14:30   -1,0  07:35   13,8    0,0    0,0    1,2    8,6  13:40    109
 28    2,4    4,4  15:40    0,0  01:10   15,6    0,0    0,0    0,8    8,6  09:30    350
 29    1,1    7,4  15:20   -1,0  23:50   16,9    0,0    0,0    0,9    7,2  12:35    162
 30    3,5   13,4  14:05   -1,3  04:40   14,5    0,0    0,3    0,9    9,7  11:35    286
 31    3,8    8,0  14:50   -1,0  01:45   14,2    0,0    0,0    1,4   15,8  14:20    193
---------------------------------------------------------------------------------------
       3,8   13,6     06   -4,0     18  439,8    0,0   49,8    1,6   40,3     21    207