Weather Station, Loka pri Mengšu

46° 09.15' N | 14° 33.67' E | 310 m | Show on map

Weather briefly
11.8 °C 99 % 1012 mbar 0.0 km/h 0.0 km/h 0.0 mm
-0.3 °C/h 0 %/h -0 mbar/h N/A ( N/A) N/A ( N/A) 0.0 mm/h

14/08/22 03:10:00 CEST

Climate Summary for

Station:ecowitt-client
Software:weewx v4.8.0
WeeWX uptime:15 d, 11 h, 53 min
Server uptime:15 d, 10 h, 59 min
                   MONTHLY CLIMATOLOGICAL SUMMARY for dec 2017


NAME: Loka pri Mengšu                  
ELEV: 310 m    LAT: 46-09.15 N    LONG: 14-33.67 E


                   TEMPERATURE (°C), RAIN (mm), WIND SPEED (km/h)

                                         HEAT   COOL         AVG
      MEAN                               DEG    DEG          WIND                   DOM
DAY   TEMP   HIGH   TIME    LOW   TIME   DAYS   DAYS   RAIN  SPEED   HIGH   TIME    DIR
---------------------------------------------------------------------------------------
 01    1,0    2,0  13:10    0,4  03:45   17,0    0,0    3,9    0,5    8,6  23:45    353
 02    1,7    4,4  14:45   -1,2  19:55   16,3    0,0    4,8    3,7   27,0  13:20    102
 03   -1,4    3,2  13:30   -4,7  00:00   19,4    0,0    0,0    1,1   11,2  00:15    257
 04   -4,9   -2,0  14:40   -7,5  05:40   22,9    0,0    0,0    0,6    7,2  23:05    125
 05   -2,4    4,8  14:50   -6,7  07:35   20,4    0,0    0,0    1,3    8,6  12:45    139
 06   -0,9    9,8  14:40   -5,4  07:25   18,9    0,0    0,0    0,6    6,1  11:50    170
 07    1,6    8,6  13:50   -5,1  05:35   16,4    0,0    0,0    2,1   19,4  19:30    273
 08    5,7    8,3  12:25    0,9  00:00   12,3    0,0   19,8    2,3   15,8  05:25    282
 09    0,1    3,5  12:50   -4,0  00:00   17,9    0,0    2,1    0,3    5,0  13:30    115
 10   -2,1    2,8  00:00   -5,2  05:10   20,1    0,0    8,4    2,8   29,5  18:20    275
 11    8,5   14,1  23:15    1,9  05:00    9,5    0,0   22,2    5,0   30,6  15:45    245
 12   10,1   14,4  02:35    7,1  00:00    7,9    0,0    9,6    3,5   34,2  04:00    183
 13    2,0    7,0  00:05    0,5  06:45   16,0    0,0    9,6    1,3   20,9  03:30    103
 14    3,7    6,0  14:45    0,5  04:05   14,3    0,0    3,6    1,0   15,8  09:05    263
 15    6,0    8,2  13:55    2,6  00:00   12,0    0,0   15,6    2,0   13,3  18:40     91
 16    1,4    4,5  14:20   -1,5  00:00   16,6    0,0    4,5    0,6    5,0  03:05    273
 17   -1,5   -0,7  13:10   -2,1  09:35   19,5    0,0    0,0    0,1    5,0  00:10    225
 18   -2,2   -1,0  15:05   -3,2  23:25   20,2    0,0    0,3    0,6    6,1  19:20    225
 19   -3,7   -2,9  14:35   -4,5  17:35   21,7    0,0    0,0    1,7    9,7  12:45    225
 20   -1,6    3,9  14:20   -4,0  00:05   19,6    0,0    0,0    0,8    8,6  00:15    162
 21   -3,1   -1,6  15:40   -5,4  03:10   21,1    0,0    0,0    0,7    6,1  05:15    111
 22   -2,5   -1,1  15:30   -4,4  06:15   20,5    0,0    0,0    0,7    6,1  10:45    159
 23   -2,0   -0,9  14:35   -3,4  00:05   20,0    0,0    0,0    0,4    6,1  08:30    170
 24   -0,9    6,7  14:25   -5,0  08:00   18,9    0,0    0,0    0,5    7,2  12:10    155
 25    0,3    9,5  14:25   -5,5  08:05   17,7    0,0    0,3    0,8    7,2  23:55    246
 26    5,5    8,6  14:10    2,3  06:45   12,5    0,0    0,3    1,7   15,8  01:10    260
 27    5,7    7,7  13:40    4,0  05:40   12,3    0,0   27,9    1,2   13,3  21:35    302
 28    3,7    6,5  01:50    0,9  17:20   14,3    0,0   14,1    1,9   17,3  14:45    147
 29    0,7    5,0  14:25   -1,5  20:25   17,3    0,0    0,3    0,8    7,2  13:30    118
 30   -0,7    0,6  15:25   -2,5  23:20   18,7    0,0    0,0    0,7    8,6  10:30    332
 31    3,6    8,8  12:45   -2,7  00:25   14,4    0,0    0,0    3,4   19,4  22:35    289
---------------------------------------------------------------------------------------
       1,0   14,4     12   -7,5     04  526,6    0,0  147,3    1,4   34,2     12    235