Weather Station, Loka pri Mengšu

46° 09.15' N | 14° 33.67' E | 310 m | Show on map

Weather briefly
11.5 °C 99 % 1012 mbar 0.0 km/h 0.0 km/h 0.0 mm
-0.6 °C/h 0 %/h -0 mbar/h N/A ( N/A) N/A ( N/A) 0.0 mm/h

14/08/22 03:30:00 CEST

Climate Summary for

Station:ecowitt-client
Software:weewx v4.8.0
WeeWX uptime:15 d, 12 h, 13 min
Server uptime:15 d, 11 h, 19 min
                   MONTHLY CLIMATOLOGICAL SUMMARY for nov 2017


NAME: Loka pri Mengšu                  
ELEV: 310 m    LAT: 46-09.15 N    LONG: 14-33.67 E


                   TEMPERATURE (°C), RAIN (mm), WIND SPEED (km/h)

                                         HEAT   COOL         AVG
      MEAN                               DEG    DEG          WIND                   DOM
DAY   TEMP   HIGH   TIME    LOW   TIME   DAYS   DAYS   RAIN  SPEED   HIGH   TIME    DIR
---------------------------------------------------------------------------------------
 01    4,7   13,1  13:25   -2,3  06:50   13,3    0,0    0,0    0,6    8,6  12:10    124
 02    7,6   14,9  13:45    0,0  06:50   10,4    0,0    0,0    1,8   19,4  20:40    259
 03   10,0   17,6  13:30    5,2  05:10    8,0    0,0    0,0    1,3   13,3  16:10     92
 04    9,2   12,7  13:55    4,5  05:20    8,8    0,0    0,0    1,6   12,2  12:50    136
 05   13,0   17,1  15:00    9,4  23:50    5,0    0,0    1,5    2,1   20,9  10:20    253
 06    7,6    9,5  04:35    6,1  22:40   10,4    0,0   18,3    2,0   15,8  04:35    280
 07    7,4   10,0  09:50    6,1  20:50   10,6    0,0   16,2    3,1   27,0  08:40     16
 08    7,2    9,0  15:30    5,9  02:40   10,8    0,0    2,7    0,4    6,1  00:35    271
 09    8,0    9,4  15:10    7,0  06:05   10,0    0,0    0,0    0,3    6,1  09:45     22
 10    7,9   12,1  13:45    4,3  23:55   10,1    0,0    0,0    0,5    8,6  15:00    143
 11    4,5    7,9  14:55    1,5  07:40   13,5    0,0    0,0    0,7    7,2  08:55    122
 12    8,5   11,6  15:15    4,5  00:05    9,5    0,0    6,6    2,3   13,3  15:20    280
 13    2,3    8,2  00:25    0,6  07:30   15,7    0,0   30,9    1,1   12,2  05:20    153
 14    3,0    9,2  13:30   -1,1  00:00   15,0    0,0    0,0    2,4   17,3  09:45    123
 15    2,6    6,1  14:50   -1,4  03:35   15,4    0,0    0,0    0,7    8,6  14:30    350
 16    4,9    6,9  13:35    3,4  06:05   13,1    0,0    0,0    0,7    6,1  09:50    163
 17    5,7    7,4  14:30    4,6  00:00   12,3    0,0    0,0    1,3   12,2  17:30    139
 18    4,6    7,7  15:10    0,3  22:55   13,4    0,0    0,0    0,7    8,6  16:55    235
 19    0,8    3,6  16:30   -0,6  21:50   17,2    0,0    0,3    1,2   12,2  18:20    131
 20    0,3    6,6  14:40   -2,2  22:00   17,7    0,0    0,0    1,0    7,2  00:30    135
 21    3,7    9,8  15:45   -2,8  01:30   14,3    0,0    0,0    1,4   15,8  16:30    210
 22    7,8   12,3  14:00    5,7  19:45   10,2    0,0    0,3    1,9   14,8  15:05    276
 23    6,5   13,0  14:20    1,7  00:00   11,5    0,0    0,0    1,1   17,3  14:50    222
 24    5,4   14,7  13:50   -0,9  07:15   12,6    0,0    0,0    0,7    7,2  11:45    124
 25    7,7   10,6  10:45    3,3  03:55   10,3    0,0   21,6    1,5   18,4  23:35    278
 26    2,4    7,5  00:05   -0,1  00:00   15,6    0,0   26,1    0,9    8,6  00:50    192
 27   -0,5    7,2  14:30   -3,5  07:25   18,5    0,0    0,3    0,7    7,2  11:05    144
 28   -1,4    2,5  22:50   -5,1  05:10   19,4    0,0    0,0    0,5    6,1  12:30    136
 29    1,4    2,1  10:20    0,8  12:20   16,6    0,0   16,5    0,6    6,1  15:20    304
 30    0,8    1,4  11:55    0,4  06:55   17,2    0,0    3,9    0,5    7,2  13:20    134
---------------------------------------------------------------------------------------
       5,1   17,6     03   -5,1     28  386,4    0,0  145,2    1,2   27,0     07    216