Weather Station, Loka pri Mengšu

46° 09.15' N | 14° 33.67' E | 310 m | Show on map

Weather briefly
12.7 °C 99 % 1012 mbar 0.0 km/h 0.0 km/h 0.0 mm
-0.6 °C/h 0 %/h 0 mbar/h N/A ( N/A) N/A ( N/A) 0.0 mm/h

14/08/22 01:40:00 CEST

Climate Summary for

Station:ecowitt-client
Software:weewx v4.8.0
WeeWX uptime:15 d, 10 h, 23 min
Server uptime:15 d, 9 h, 29 min
                   MONTHLY CLIMATOLOGICAL SUMMARY for okt 2017


NAME: Loka pri Mengšu                  
ELEV: 310 m    LAT: 46-09.15 N    LONG: 14-33.67 E


                   TEMPERATURE (°C), RAIN (mm), WIND SPEED (km/h)

                                         HEAT   COOL         AVG
      MEAN                               DEG    DEG          WIND                   DOM
DAY   TEMP   HIGH   TIME    LOW   TIME   DAYS   DAYS   RAIN  SPEED   HIGH   TIME    DIR
---------------------------------------------------------------------------------------
 01   10,5   19,1  15:40    3,8  07:15    7,5    0,0    0,0    1,9   17,3  13:35    141
 02    9,1   19,8  16:15    2,1  07:15    8,9    0,0    0,0    0,9   11,2  13:30    138
 03   10,7   16,1  15:25    6,0  03:25    7,3    0,0    1,5    1,1   12,2  12:20    285
 04   12,7   19,7  15:10    8,9  01:45    5,3    0,0    0,0    0,9    9,7  12:20    316
 05   14,2   19,9  14:55    9,3  06:00    3,8    0,0    0,0    2,0   17,3  14:30    242
 06   12,2   16,7  01:20    4,9  00:00    5,8    0,0    1,8    4,5   22,0  11:15    145
 07    8,7   18,3  16:40    3,3  02:25    9,3    0,0    0,3    1,6    9,7  13:15    149
 08    9,9   20,3  15:35    3,4  02:55    8,1    0,0    0,0    0,8    9,7  14:00    125
 09   11,0   18,8  15:50    4,7  06:25    7,0    0,0    0,0    1,5   14,8  14:15    143
 10   12,8   19,0  15:35    9,6  23:05    5,2    0,0    3,9    1,3   12,2  13:30    137
 11   11,4   19,8  15:05    6,8  05:15    6,6    0,0    0,0    0,9    9,7  16:45    178
 12   12,4   22,5  16:05    4,5  07:35    5,6    0,0    0,0    1,5   19,4  15:35    135
 13   12,1   22,5  16:50    7,4  06:35    5,9    0,0    0,3    1,0    9,7  13:50    147
 14    7,8    8,4  00:05    7,0  03:05   10,2    0,0    0,0    0,2    5,0  07:10    312
 15   10,1   11,6  20:10    8,6  23:50    7,9    0,0    0,0    0,1    2,5  20:25    302
 16   11,9   22,8  16:25    7,6  07:50    6,1    0,0    0,0    0,9    8,6  13:45    141
 17   12,6   23,1  15:15    5,4  07:20    5,4    0,0    0,3    0,9    8,6  13:50    140
 18   12,9   23,6  15:15    7,3  08:00    5,1    0,0    0,0    1,1   20,9  15:25    150
 19   11,5   23,6  15:10    2,9  07:40    6,5    0,0    0,0    1,0   18,4  16:10    136
 20   10,4   20,4  13:30    3,4  07:35    7,6    0,0    0,0    2,3   28,1  15:30    154
 21   10,4   20,3  14:55    4,1  07:55    7,6    0,0    0,0    1,1   15,8  16:15    144
 22    9,2   11,6  14:10    6,8  23:10    8,8    0,0   24,0    1,2   11,2  16:10    258
 23    9,5   13,7  18:35    5,6  08:10    8,5    0,0    0,3    3,5   30,6  18:40    281
 24   10,8   21,1  14:30    3,7  07:35    7,2    0,0    0,0    2,8   18,4  15:10    177
 25    7,3   16,3  15:40    1,3  07:40   10,7    0,0    0,0    0,7    8,6  13:10    129
 26    8,5   19,3  16:05    1,4  08:05    9,5    0,0    0,0    0,7    7,2  11:15    146
 27   10,4   18,8  14:35    4,3  08:05    7,6    0,0    0,0    2,8   36,7  19:00    277
 28    6,5   13,5  15:55    2,2  05:30   11,5    0,0    0,0    1,0   13,3  00:25    135
 29    8,4   16,5  14:40    2,2  02:35    9,6    0,0    0,0    2,3   24,5  10:20    180
 30    6,1   15,1  14:30   -0,4  00:00   11,9    0,0    0,0    1,4   11,2  13:15    139
 31    3,5   13,7  14:00   -2,8  05:55   14,5    0,0    0,0    0,8    9,7  12:45    117
---------------------------------------------------------------------------------------
      10,2   23,6     19   -2,8     31  242,3    0,0   32,4    1,5   36,7     27    158