Weather Station, Loka pri Mengšu

46° 09.15' N | 14° 33.67' E | 310 m | Show on map

Weather briefly
12.7 °C 99 % 1012 mbar 0.0 km/h 0.0 km/h 0.0 mm
-0.3 °C/h 1 %/h 0 mbar/h N/A ( N/A) N/A ( N/A) 0.0 mm/h

14/08/22 01:30:00 CEST

Climate Summary for

Station:ecowitt-client
Software:weewx v4.8.0
WeeWX uptime:15 d, 10 h, 13 min
Server uptime:15 d, 9 h, 19 min
                   MONTHLY CLIMATOLOGICAL SUMMARY for jan 2022


NAME: Loka pri Mengšu                  
ELEV: 310 m    LAT: 46-09.15 N    LONG: 14-33.67 E


                   TEMPERATURE (°C), RAIN (mm), WIND SPEED (km/h)

                                         HEAT   COOL         AVG
      MEAN                               DEG    DEG          WIND                   DOM
DAY   TEMP   HIGH   TIME    LOW   TIME   DAYS   DAYS   RAIN  SPEED   HIGH   TIME    DIR
---------------------------------------------------------------------------------------
 01   -0,4    4,7  14:58   -2,6  04:49   18,4    0,0    0,2    0,6   11,2  09:01    123
 02    0,0    5,1  14:42   -2,0  08:02   18,0    0,0    0,3    0,3    7,2  11:57    120
 03    2,6    6,1  15:28   -1,6  06:37   15,4    0,0    0,3    0,2    9,4  10:56     75
 04    6,8    9,1  14:36    3,9  06:35   11,2    0,0    0,0    1,7   18,4  14:01    295
 05    7,8   12,3  11:13    0,1  21:50   10,2    0,0   20,0    1,6   23,8  10:09    166
 06    0,4    4,0  15:03   -2,0  23:49   17,6    0,0    8,7    0,1    7,2  20:55     92
 07   -3,4   -1,1  15:00   -6,0  23:59   21,4    0,0    0,0    0,4    9,4  13:10    109
 08   -5,6   -1,3  14:35   -7,7  02:09   23,6    0,0    0,0    0,4    7,2  12:15    129
 09   -3,4   -0,9  14:40   -5,7  05:35   21,4    0,0    0,0    0,3    5,4  12:07    108
 10   -0,6    5,2  13:54   -3,4  06:41   18,6    0,0    0,2    0,5    9,4  13:18    121
 11   -1,6    4,0  14:40   -6,2  07:42   19,6    0,0    0,0    0,8   14,8  16:32    129
 12   -3,7    2,4  14:32   -8,2  06:54   21,7    0,0    0,0    0,5    7,2  12:02    112
 13   -4,6    2,1  14:58   -9,8  07:47   22,6    0,0    0,3    0,5    7,2  15:07    127
 14   -2,2    6,9  15:00   -7,3  06:43   20,2    0,0    0,0    0,5    5,4  09:51    118
 15   -1,2    7,3  13:38   -6,1  07:33   19,2    0,0    0,0    0,3    5,4  13:25    119
 16   -3,3   -0,6  14:25   -5,5  01:45   21,3    0,0    0,2    0,2    3,6  08:54    117
 17   -2,4    1,2  14:56   -5,7  05:30   20,4    0,0    0,0    0,6    9,4  13:50    114
 18   -0,5    7,4  14:39   -5,6  04:07   18,5    0,0    0,0    0,5    7,2  12:03    105
 19   -3,9   -1,0  14:40   -6,5  03:27   21,9    0,0    0,0    0,2    7,2  12:49    109
 20   -1,7    5,2  15:01   -6,0  00:00   19,7    0,0    0,3    0,3    5,4  11:05    105
 21   -1,0    3,9  14:59   -5,5  23:40   19,0    0,0    0,0    1,3   18,4  11:17    137
 22   -0,7    8,1  14:58   -8,3  06:51   18,7    0,0    0,2    0,9   16,6  19:02    102
 23    0,7    6,5  14:51   -3,7  07:05   17,3    0,0    0,0    0,6    9,4  12:45    113
 24   -0,4    1,2  12:55   -2,9  03:43   18,4    0,0    0,0    0,5   11,2  11:27    113
 25    0,1    6,7  14:44   -4,1  23:57   17,9    0,0    0,0    0,7    9,4  10:41    122
 26   -0,9    5,0  12:18   -5,2  03:11   18,9    0,0    0,0    0,8   13,0  12:24    294
 27   -1,7    3,6  14:28   -5,3  06:48   19,7    0,0    0,0    0,3    5,4  11:35    108
 28    1,7   11,2  14:11   -4,9  05:25   16,3    0,0    0,0    1,4   18,4  21:01     30
 29   -0,7    5,8  15:56   -4,0  07:37   18,7    0,0    0,0    0,7    9,4  10:49    102
 30    0,4   11,9  15:07   -6,2  07:02   17,6    0,0    0,0    0,6    7,2  10:43    104
 31   -1,9    0,1  22:09   -5,3  04:45   19,9    0,0    0,3    0,3    5,4  11:45    105
---------------------------------------------------------------------------------------
      -0,8   12,3     05   -9,8     13  583,0    0,0   31,0    0,6   23,8     05    116