Weather Station, Loka pri Mengšu

46° 09.15' N | 14° 33.67' E | 310 m | Show on map

Weather briefly
11.9 °C 99 % 1012 mbar 0.0 km/h 0.0 km/h 0.0 mm
-0.8 °C/h 0 %/h -0 mbar/h N/A ( N/A) N/A ( N/A) 0.0 mm/h

14/08/22 02:40:00 CEST

Climate Summary for

Station:ecowitt-client
Software:weewx v4.8.0
WeeWX uptime:15 d, 11 h, 23 min
Server uptime:15 d, 10 h, 29 min
                   MONTHLY CLIMATOLOGICAL SUMMARY for avg 2021


NAME: Loka pri Mengšu                  
ELEV: 310 m    LAT: 46-09.15 N    LONG: 14-33.67 E


                   TEMPERATURE (°C), RAIN (mm), WIND SPEED (km/h)

                                         HEAT   COOL         AVG
      MEAN                               DEG    DEG          WIND                   DOM
DAY   TEMP   HIGH   TIME    LOW   TIME   DAYS   DAYS   RAIN  SPEED   HIGH   TIME    DIR
---------------------------------------------------------------------------------------
 01   20,4   27,3  11:12   17,0  23:57    0,0    2,4   24,1    1,2   18,4  12:00     83
 02   18,5   23,9  16:20   15,4  02:52    0,0    0,5    1,0    0,8   13,0  16:20    120
 03   19,7   27,0  13:32   13,1  05:47    0,0    1,7    0,0    0,9   20,2  14:52    100
 04   19,5   25,0  13:51   15,1  02:14    0,0    1,5    1,1    0,3    7,2  11:44     62
 05   18,3   25,0  15:57   14,0  23:33    0,0    0,3   38,6    1,0   13,0  14:06    115
 06   19,4   29,2  16:17   12,6  02:35    0,0    1,4    0,0    1,0   13,0  18:45    125
 07   21,4   30,8  15:27   13,0  05:03    0,0    3,4    0,0    1,0   16,6  14:42     93
 08   22,8   30,4  14:17   16,4  05:00    0,0    4,8    0,2    0,9   25,6  21:25    102
 09   21,0   30,1  17:07   14,8  04:37    0,0    3,0    0,3    0,8   16,6  11:43    115
 10   22,3   32,0  16:40   14,0  05:14    0,0    4,3    0,0    0,5   11,2  10:08    105
 11   22,1   31,1  13:38   15,5  06:15    0,0    4,1    1,2    1,0   16,6  14:24    131
 12   22,8   33,4  17:15   14,5  05:53    0,0    4,8    0,3    0,6    9,4  09:15    119
 13   24,2   35,8  17:07   15,7  06:23    0,0    6,2    0,0    0,5   11,2  17:41    104
 14   25,0   36,0  16:52   17,8  02:59    0,0    7,0    0,0    0,4    7,2  11:01     92
 15   23,8   34,5  14:34   14,9  05:56    0,0    5,8    0,0    0,7    9,4  17:29     58
 16   24,9   34,2  15:08   17,6  06:17    0,0    6,9    3,3    0,7   16,6  17:18     95
 17   18,0   23,2  14:42   13,0  00:00    0,0    0,0   10,4    2,6   18,4  00:30    127
 18   18,0   26,4  16:10   12,1  01:10    0,0    0,0    0,0    0,9   14,8  12:16    104
 19   18,2   27,9  14:57    9,3  06:03    0,0    0,2    0,0    0,7   13,0  14:21    114
 20   19,3   30,1  16:11   10,8  05:22    0,0    1,3    0,0    0,7   11,2  12:47    119
 21   20,2   31,6  16:26   11,0  05:15    0,0    2,2    0,0    0,5   11,2  13:26    110
 22   21,1   31,8  16:05   12,3  05:30    0,0    3,1    0,0    0,4    9,4  13:26     79
 23   16,3   20,6  02:35   13,7  22:43    1,7    0,0   45,0    0,9   16,6  03:01     14
 24   18,4   26,0  15:38   13,3  05:55    0,0    0,4    0,0    1,0   14,8  16:10    101
 25   16,8   23,2  15:45   10,4  23:49    1,2    0,0    0,7    1,9   16,6  12:52    126
 26   15,3   25,6  15:54    6,8  06:01    2,7    0,0    8,2    0,8   11,2  12:27    118
 27   16,1   23,7  15:03   12,2  07:01    1,9    0,0    4,0    1,0   13,0  11:09    111
 28   14,9   21,1  15:31   11,1  23:24    3,1    0,0    0,5    0,7   11,2  14:06    105
 29   13,6   21,8  14:58    8,8  23:51    4,4    0,0    2,1    1,1   22,0  15:45    125
 30   14,4   21,4  14:31    8,8  00:16    3,6    0,0    0,2    0,4   13,0  11:36    118
 31   15,6   25,7  17:06    7,4  05:38    2,4    0,0    0,3    0,9    9,4  20:07     84
---------------------------------------------------------------------------------------
      19,4   36,0     14    6,8     26   21,0   65,5  141,5    0,9   25,6     08    111