Weather Station, Loka pri Mengšu

46° 09.15' N | 14° 33.67' E | 310 m | Show on map

Weather briefly
11.5 °C 99 % 1012 mbar 0.0 km/h 0.0 km/h 0.0 mm
-0.6 °C/h 0 %/h -0 mbar/h N/A ( N/A) N/A ( N/A) 0.0 mm/h

14/08/22 03:30:00 CEST

Climate Summary for

Station:ecowitt-client
Software:weewx v4.8.0
WeeWX uptime:15 d, 12 h, 13 min
Server uptime:15 d, 11 h, 19 min
                   MONTHLY CLIMATOLOGICAL SUMMARY for nov 2019


NAME: Loka pri Mengšu                  
ELEV: 310 m    LAT: 46-09.15 N    LONG: 14-33.67 E


                   TEMPERATURE (°C), RAIN (mm), WIND SPEED (km/h)

                                         HEAT   COOL         AVG
      MEAN                               DEG    DEG          WIND                   DOM
DAY   TEMP   HIGH   TIME    LOW   TIME   DAYS   DAYS   RAIN  SPEED   HIGH   TIME    DIR
---------------------------------------------------------------------------------------
 01    6,6    8,5  11:30    5,2  06:10   11,4    0,0    0,0    0,8   12,2  08:10    141
 02    8,3   10,7  14:50    5,8  02:00    9,7    0,0    1,8    0,1    4,9  01:25    129
 03   13,3   18,6  14:30   10,2  00:10    4,7    0,0   14,8    0,4   18,4  15:15    145
 04   12,2   14,9  14:10    9,8  22:55    5,8    0,0    7,9    0,5    9,8  11:00    287
 05   12,2   17,5  12:00   10,0  00:10    5,8    0,0   16,2    1,2   26,9  10:35    157
 06   10,2   13,9  10:45    8,2  22:35    7,8    0,0   18,4    0,5   14,7  12:40    113
 07    8,7   14,2  14:30    4,0  00:00    9,3    0,0    2,2    0,5   12,2  17:20    164
 08    6,9   10,2  14:55    3,3  01:05   11,1    0,0    6,8    0,4   11,0  19:25    183
 09    8,5   13,0  11:30    5,3  23:35    9,5    0,0    4,3    0,6   12,2  11:30    262
 10    6,5   10,7  14:40    3,4  23:40   11,5    0,0    0,0    0,2    7,3  14:15    131
 11    6,1    8,0  12:25    3,5  00:10   11,9    0,0    0,7    0,4    7,3  11:10    139
 12    7,4    8,2  11:25    6,7  01:10   10,6    0,0   23,8    0,1    8,6  18:45    261
 13    7,3    8,5  07:35    5,6  18:55   10,7    0,0   23,8    1,3   14,7  15:00    279
 14    6,6    8,1  14:20    5,1  04:10   11,4    0,0    0,4    0,1    4,9  13:55    153
 15    8,2   10,1  22:35    6,7  03:15    9,8    0,0   14,4    0,6   13,5  22:10    136
 16   10,0   13,4  13:40    8,3  07:35    8,0    0,0    9,7    0,3    4,9  11:35    150
 17   11,3   15,0  13:35    8,9  01:00    6,7    0,0   15,8    1,9   13,5  05:45    112
 18    8,9   12,3  11:45    6,3  07:55    9,1    0,0    8,6    0,7   13,5  02:40    264
 19    8,6   12,8  12:35    6,6  07:40    9,4    0,0    0,0    0,5    8,6  13:40    302
 20    7,8    8,8  13:50    6,6  02:10   10,2    0,0   11,5    0,3    6,1  13:55    135
 21    8,4   10,5  13:50    6,5  07:50    9,6    0,0    0,7    0,1    4,9  11:50    123
 22    8,0    9,1  13:15    7,1  07:40   10,0    0,0    0,0    0,1    6,1  12:30    147
 23    8,9   10,3  14:45    7,9  04:45    9,1    0,0    0,4    0,1    4,9  13:35    155
 24    8,5   10,4  13:30    7,2  07:45    9,5    0,0    0,0    0,5    6,1  11:40    151
 25    7,5    8,2  00:10    6,8  00:00   10,5    0,0    0,0    1,2    9,8  11:50    153
 26    6,1    6,8  14:00    5,4  07:35   11,9    0,0    0,4    1,5    8,6  07:40    164
 27    7,2    9,6  23:50    5,3  00:20   10,8    0,0   14,0    0,6    7,3  00:10    143
 28    9,9   12,2  14:20    7,1  00:00    8,1    0,0    6,8    0,2    7,3  03:30    302
 29    7,0    9,8  15:00    4,3  05:10   11,0    0,0    0,0    0,3    7,3  19:55     33
 30    3,9    6,4  14:35   -0,1  23:35   14,1    0,0    5,4    0,8   14,7  10:10    108
---------------------------------------------------------------------------------------
       8,4   18,6     03   -0,1     30  289,0    0,0  208,8    0,6   26,9     05    152