Weather Station, Loka pri Mengšu

46° 09.15' N | 14° 33.67' E | 310 m | Show on map

Weather briefly
11.9 °C 99 % 1012 mbar 0.0 km/h 0.0 km/h 0.0 mm
-0.8 °C/h 0 %/h -0 mbar/h N/A ( N/A) N/A ( N/A) 0.0 mm/h

14/08/22 02:40:00 CEST

Climate Summary for

Station:ecowitt-client
Software:weewx v4.8.0
WeeWX uptime:15 d, 11 h, 23 min
Server uptime:15 d, 10 h, 29 min
                   MONTHLY CLIMATOLOGICAL SUMMARY for jan 2019


NAME: Loka pri Mengšu                  
ELEV: 310 m    LAT: 46-09.15 N    LONG: 14-33.67 E


                   TEMPERATURE (°C), RAIN (mm), WIND SPEED (km/h)

                                         HEAT   COOL         AVG
      MEAN                               DEG    DEG          WIND                   DOM
DAY   TEMP   HIGH   TIME    LOW   TIME   DAYS   DAYS   RAIN  SPEED   HIGH   TIME    DIR
---------------------------------------------------------------------------------------
 01    1,9    7,7  13:15   -3,1  23:45   16,1    0,0    0,0    0,7   11,0  13:00     63
 02    0,4    9,3  12:20   -4,6  04:40   17,6    0,0    0,0    3,0   24,5  12:50    296
 03    1,8    6,5  11:30   -3,0  07:55   16,2    0,0    0,0    4,8   24,5  09:55    290
 04   -1,0    3,5  13:25   -5,2  08:10   19,0    0,0    0,0    2,8   14,7  10:50    148
 05   -2,1    1,7  15:00   -4,5  23:55   20,1    0,0    0,0    0,8   11,0  16:50    235
 06   -0,9    7,6  13:20   -5,1  02:10   18,9    0,0    0,0    3,1   22,0  15:10    133
 07   -1,0    1,2  13:40   -3,4  01:00   19,0    0,0    0,0    0,4    6,1  06:10     79
 08   -1,7    0,2  16:50   -4,3  03:40   19,7    0,0    0,0    0,6    6,1  12:15    139
 09   -2,0    1,8  14:15   -5,4  06:00   20,0    0,0    2,5    1,1   15,9  16:30    140
 10   -1,1    3,3  14:30   -4,3  07:35   19,1    0,0    0,0    1,1   12,2  18:10    149
 11   -1,7    4,6  13:50   -5,0  21:35   19,7    0,0    0,4    0,6    9,8  13:20    126
 12   -1,8    3,0  14:40   -5,2  07:55   19,8    0,0    0,0    0,5    8,6  12:25    127
 13    0,4    7,2  13:25   -5,2  08:10   17,6    0,0    0,0    1,0    8,6  10:40    116
 14    4,4   13,0  13:20   -0,7  08:15   13,6    0,0    0,0    2,7   25,7  13:20    284
 15    3,4   10,8  14:20   -4,4  08:00   14,6    0,0    0,0    3,4   28,2  09:40    278
 16    3,0   10,0  14:50   -2,4  07:50   15,0    0,0    0,0    2,0   19,6  21:10    276
 17    7,0    8,7  13:40    5,5  08:20   11,0    0,0    5,8    2,2   19,6  13:10    252
 18    2,0    5,6  00:10   -0,7  00:00   16,0    0,0   23,0    0,4    9,8  05:50    352
 19    0,1    2,0  13:55   -0,9  23:35   17,9    0,0    1,1    0,7   11,0  11:50    105
 20   -1,1    3,5  14:50   -4,0  08:45   19,1    0,0    5,0    0,6    7,3  11:25    119
 21   -0,2    1,8  13:30   -1,8  22:40   18,2    0,0    0,4    0,8    9,8  13:35     30
 22   -1,2    2,0  11:50   -4,2  06:35   19,2    0,0    1,1    2,5   17,1  14:05    115
 23   -2,1   -0,6  11:50   -3,1  06:40   20,1    0,0    0,7    0,8    9,8  18:55    134
 24   -0,9    1,5  11:20   -2,8  00:45   18,9    0,0    2,9    1,0    9,8  12:35    144
 25   -3,6    2,9  14:30   -9,3  00:00   21,6    0,0    1,4    0,9    9,8  16:05    166
 26   -6,6    0,4  15:15  -11,9  04:55   24,6    0,0    0,4    0,6    7,3  12:00    115
 27   -3,2    1,4  23:55   -9,4  06:55   21,2    0,0    2,2    0,7    6,1  11:15    146
 28    1,6    2,8  15:25    0,6  00:00   16,4    0,0   16,2    1,2   15,9  08:45    169
 29    1,4    7,1  13:55   -0,5  07:00   16,6    0,0    0,0    0,3    6,1  12:20    196
 30    0,7    4,1  10:50   -1,9  23:10   17,3    0,0    0,0    1,1   11,0  11:00    135
 31   -0,3    2,1  12:30   -3,7  03:45   18,3    0,0    0,0    0,7    9,8  12:00    289
---------------------------------------------------------------------------------------
      -0,2   13,0     14  -11,9     26  562,1    0,0   63,0    1,4   28,2     15    181