Weather Station, Loka pri Mengšu

46° 09.15' N | 14° 33.67' E | 310 m | Show on map

Weather briefly
12.6 °C 99 % 1012 mbar 0.0 km/h 0.0 km/h 0.0 mm
-0.1 °C/h 0 %/h -0 mbar/h N/A ( N/A) N/A ( N/A) 0.0 mm/h

14/08/22 02:20:00 CEST

Climate Summary for

Station:ecowitt-client
Software:weewx v4.8.0
WeeWX uptime:15 d, 11 h, 3 min
Server uptime:15 d, 10 h, 9 min
                   MONTHLY CLIMATOLOGICAL SUMMARY for sep 2017


NAME: Loka pri Mengšu                  
ELEV: 310 m    LAT: 46-09.15 N    LONG: 14-33.67 E


                   TEMPERATURE (°C), RAIN (mm), WIND SPEED (km/h)

                                         HEAT   COOL         AVG
      MEAN                               DEG    DEG          WIND                   DOM
DAY   TEMP   HIGH   TIME    LOW   TIME   DAYS   DAYS   RAIN  SPEED   HIGH   TIME    DIR
---------------------------------------------------------------------------------------
 01   17,8   21,4  16:30   15,4  06:40    0,2    0,0   15,8    1,3   25,6  23:35    268
 02   15,6   18,1  14:15   11,2  00:00    2,4    0,0   16,5    4,1   25,6  13:45    140
 03   14,6   20,3  17:45   10,4  00:00    3,4    0,0    0,3    2,1   15,8  11:50    157
 04   14,0   23,2  14:55    5,9  06:40    4,0    0,0    0,0    1,8   14,8  13:20    155
 05   16,5   25,2  16:20    9,2  07:10    1,5    0,0    0,0    1,8   12,2  13:55    236
 06   17,3   26,3  16:00   10,3  05:35    0,7    0,0    0,0    1,4   15,8  16:55    142
 07   14,8   16,5  05:05   12,9  00:00    3,2    0,0   12,9    2,8   18,4  05:00    151
 08   14,6   18,0  14:50   12,5  02:05    3,4    0,0    0,0    1,7   14,8  15:20    153
 09   15,3   20,1  13:05   11,6  06:35    2,7    0,0    0,9    1,0   11,2  14:45    153
 10   16,0   18,0  13:00   14,5  01:25    2,0    0,0   12,3    0,7    7,2  03:20    184
 11   16,5   18,7  16:45   15,5  05:55    1,5    0,0   15,6    0,8    8,6  16:50    159
 12   12,9   16,3  00:05    9,9  00:00    5,1    0,0   25,5    2,6   18,4  14:35    265
 13   12,7   21,8  16:05    8,2  07:45    5,3    0,0    0,3    2,2   13,3  12:10    254
 14   14,7   19,1  13:15    9,9  02:30    3,3    0,0    6,9    1,9   20,9  14:20    287
 15   11,1   15,1  00:05    9,9  06:45    6,9    0,0   43,2    2,0   24,5  00:45    131
 16   12,1   14,1  16:40   10,3  02:45    5,9    0,0   22,5    1,0   17,3  03:55    256
 17   13,8   18,9  14:15   10,7  23:05    4,2    0,0    8,4    2,7   23,4  15:45    279
 18   12,6   17,8  13:50    9,2  07:10    5,4    0,0   10,5    1,4   12,2  22:45    252
 19    9,2   11,2  00:05    8,1  21:25    8,8    0,0   21,9    2,9   13,3  01:10    277
 20    9,8   14,1  16:30    6,9  23:55    8,2    0,0    0,3    2,1   12,2  15:45    149
 21   11,4   22,1  16:05    5,5  07:35    6,6    0,0    0,3    1,2   12,2  13:20    147
 22   11,9   21,8  16:00    5,2  04:40    6,1    0,0    0,0    1,1    9,7  11:20    133
 23   13,1   23,0  15:25    7,2  04:15    4,9    0,0    0,0    1,1    9,7  13:25    160
 24   13,4   16,2  14:45   11,4  06:05    4,6    0,0    0,3    0,9   11,2  12:50    152
 25   13,0   15,7  16:05   11,2  21:20    5,0    0,0    2,4    0,7    8,6  13:55    185
 26   12,6   15,0  15:40   11,2  05:05    5,4    0,0    0,9    0,8    9,7  14:00    291
 27   14,2   17,9  16:25   11,1  05:10    3,8    0,0    0,3    0,6    7,2  14:05    145
 28   13,3   21,0  14:15    8,6  07:25    4,7    0,0    0,3    2,1   20,9  14:45    114
 29   11,8   19,1  13:15    6,6  05:15    6,2    0,0    0,0    2,3   22,0  14:10    130
 30   11,6   18,7  14:45    5,1  07:25    6,4    0,0    0,0    1,7   19,4  12:45    133
---------------------------------------------------------------------------------------
      13,6   26,3     06    5,1     30  131,7    0,0  218,3    1,7   25,6     01    171